{"id":2,"date":"2015-12-04T17:44:21","date_gmt":"2015-12-04T17:44:21","guid":{"rendered":"https:\/\/blogs.ua.es\/1979abril\/?page_id=2"},"modified":"2016-06-26T22:19:52","modified_gmt":"2016-06-26T22:19:52","slug":"pagina-ejemplo","status":"publish","type":"page","link":"https:\/\/blogs.ua.es\/1979abril\/pagina-ejemplo\/","title":{"rendered":"Pol\u00edtica interior"},"content":{"rendered":"<h2><strong>Las primeras elecciones municipales de la democracia espa\u00f1ola<\/strong><\/h2>\n<h5><strong>Alicante (Espa\u00f1a) &#8211; 3 de abril de 1979.<\/strong><\/h5>\n<p>El pa\u00eds respiraba nuevos aires de libertad: <em>los exiliados volv\u00edan a casa, las mujeres reivindicaban la igualdad y el Ej\u00e9rcito perd\u00eda protagonismo<\/em>. La sociedad civil se organizaba, hambrienta de derechos.<\/p>\n<p><iframe loading=\"lazy\" width=\"800\" height=\"450\" src=\"https:\/\/www.youtube.com\/embed\/8GYgg6PYWHs?feature=oembed\" frameborder=\"0\" allowfullscreen><\/iframe><\/p>\n<p>Se viven en el a\u00f1o 79 momentos complejos y contradictorios, de esperanzas, por un lado, y de tensiones, por otro. Se percibe en Espa\u00f1a la ilusi\u00f3n por el cambio. Las ansiadas libertades por las que tanto se lucho ya son objeto de disfrute, la tan esperada democracia se est\u00e1 haciendo presente, la alegr\u00eda de poder votar de nuevo se ha transfor\u00admado en una realidad gozosa. Sindicatos y partidos ya han sido legalizados. Se cuenta con una constituci\u00f3n que cristaliza una nueva forma de ordenar la convivencia. Est\u00e1n a punto de formarse los primeros ayuntamientos democr\u00e1ticos, desaparecidos durante la dictadura franquista. Todo eso constituye signos de esperanza. Pero, al mismo tiempo, en el reverso de la moneda, tambi\u00e9n se hacen patentes en ese a\u00f1o tensiones y dificultades. La crisis econ\u00f3mica nacida en el 73 pero olvidada y manipulada adrede durante los \u00faltimos a\u00f1os del franquismo y de la transici\u00f3n democr\u00e1\u00adtica comienza a alargar su sombra de recesi\u00f3n, paro e inflaci\u00f3n, oscureciendo el nuevo amanecer de la incipiente democracia y dificultando la consolidaci\u00f3n de la misma, de tal forma que ya en este 79 comienza a hacer su apa\u00adrici\u00f3n en amplios sectores de la poblaci\u00f3n espa\u00f1ola el fantasma del \u00abdesencanto pol\u00edtico\u00bb, que se manifiesta en un aumento de la abstenci\u00f3n en las dos elecciones que hubo, generales y municipales.<\/p>\n<p><a href=\"https:\/\/blogs.ua.es\/1979abril\/files\/2015\/12\/1979-elecciones-petrer-1-355x1024.jpg\"><img loading=\"lazy\" decoding=\"async\" class=\"alignnone size-medium wp-image-56\" src=\"https:\/\/blogs.ua.es\/1979abril\/files\/2015\/12\/1979-elecciones-petrer-1-355x1024-289x300.jpg\" alt=\"1979-elecciones-petrer-1-355x1024\" width=\"289\" height=\"300\" srcset=\"https:\/\/blogs.ua.es\/1979abril\/files\/2015\/12\/1979-elecciones-petrer-1-355x1024-289x300.jpg 289w, https:\/\/blogs.ua.es\/1979abril\/files\/2015\/12\/1979-elecciones-petrer-1-355x1024-145x150.jpg 145w, https:\/\/blogs.ua.es\/1979abril\/files\/2015\/12\/1979-elecciones-petrer-1-355x1024.jpg 351w\" sizes=\"auto, (max-width: 289px) 100vw, 289px\" \/><\/a>\u00a0 \u00a0 \u00a0 \u00a0 \u00a0 \u00a0 \u00a0 \u00a0 \u00a0 \u00a0 \u00a0 \u00a0 \u00a0 \u00a0 \u00a0 \u00a0<a href=\"https:\/\/blogs.ua.es\/1979abril\/files\/2015\/12\/pce-1.png\"><img loading=\"lazy\" decoding=\"async\" class=\"alignnone wp-image-57\" src=\"https:\/\/blogs.ua.es\/1979abril\/files\/2015\/12\/pce-1.png\" alt=\"pce\" width=\"191\" height=\"293\" srcset=\"https:\/\/blogs.ua.es\/1979abril\/files\/2015\/12\/pce-1.png 181w, https:\/\/blogs.ua.es\/1979abril\/files\/2015\/12\/pce-1-98x150.png 98w\" sizes=\"auto, (max-width: 191px) 100vw, 191px\" \/><\/a><\/p>\n<p>Por aquel entonces, las calles comenzaron a dibujar un paisaje desconocido, con miles de carteles de las m\u00e1s variadas formaciones pol\u00edticas. La propaganda electoral asombraba a los espa\u00f1oles, que asist\u00edan at\u00f3nitos ante tan desconocido despliegue de siglas y medios de propaganda.\u00a0Todo esto que estaba sucediendo a nivel estatal ten\u00eda su reflejo en el \u00e1mbito local en forma igualmente parecida de esperanzas, ilusiones, aires de cambio, expectativas, pero tambi\u00e9n de tensiones, frustraciones y dificultades. Hab\u00eda llegado la democracia, pero se trataba de una realidad a\u00fan inmadura que hab\u00eda que mimar, cuidar y hacerla madurar, cosa que no fue nada f\u00e1cil, ni siquiera en el \u00e1mbito local de un pueblo como \u00e9ste. Las elecciones munici\u00adpales y la constituci\u00f3n del primer ayuntamiento democr\u00e1tico desde la II Rep\u00fablica se esperaba que contribuyeran a tan noble tarea.<\/p>\n<p>En Alicante, las primeras elecciones municipales se realizaron el 12 de abril de 1931, si bien el sufragio universal no llegar\u00eda hasta el 19 de noviembre de 1933. Con la interrupci\u00f3n de la democracia no volver\u00eda a haber elecciones municipales <em>hasta 1979,<\/em> y desde entonces y con una periodicidad de cuatro a\u00f1os, se han venido realizando en Alicante varios procesos electorales municipales para elegir a la corporaci\u00f3n local.\u00a0Jose Luis Lassaletta Cano fue el candidato a la alcald\u00eda de Alicante por el PSOE en las primeras elecciones municipales tras la dictadura franquista. Con el 43.5 % de los votos, el PSOE era el partido m\u00e1s votado en la ciudad y Lassaletta iniciaba as\u00ed su mandato, convirti\u00e9ndose en heredero de un Lorenzo Carbonell, que cuarenta a\u00f1os antes, hab\u00eda sido el \u00faltimo alcalde elegido por las urnas.<\/p>\n<p><iframe loading=\"lazy\" width=\"800\" height=\"450\" src=\"https:\/\/www.youtube.com\/embed\/vWU0N7D2CDE?feature=oembed\" frameborder=\"0\" allowfullscreen><\/iframe><\/p>\n<p><iframe loading=\"lazy\" width=\"800\" height=\"450\" src=\"https:\/\/www.youtube.com\/embed\/SzCd1XqTpy0?feature=oembed\" frameborder=\"0\" allowfullscreen><\/iframe><\/p>\n<p><a href=\"https:\/\/blogs.ua.es\/1979abril\/files\/2015\/12\/alicante.png\"><img loading=\"lazy\" decoding=\"async\" class=\"alignnone wp-image-59\" src=\"https:\/\/blogs.ua.es\/1979abril\/files\/2015\/12\/alicante-300x160.png\" alt=\"alicante\" width=\"337\" height=\"180\" srcset=\"https:\/\/blogs.ua.es\/1979abril\/files\/2015\/12\/alicante-300x160.png 300w, https:\/\/blogs.ua.es\/1979abril\/files\/2015\/12\/alicante-250x133.png 250w, https:\/\/blogs.ua.es\/1979abril\/files\/2015\/12\/alicante-150x80.png 150w, https:\/\/blogs.ua.es\/1979abril\/files\/2015\/12\/alicante.png 588w\" sizes=\"auto, (max-width: 337px) 100vw, 337px\" \/><\/a>\u00a0 \u00a0 \u00a0 \u00a0 \u00a0<a href=\"https:\/\/blogs.ua.es\/1979abril\/files\/2015\/12\/lassaletta.jpg\"><img loading=\"lazy\" decoding=\"async\" class=\"alignnone wp-image-60\" src=\"https:\/\/blogs.ua.es\/1979abril\/files\/2015\/12\/lassaletta-300x215.jpg\" alt=\"lassaletta\" width=\"243\" height=\"174\" srcset=\"https:\/\/blogs.ua.es\/1979abril\/files\/2015\/12\/lassaletta-300x215.jpg 300w, https:\/\/blogs.ua.es\/1979abril\/files\/2015\/12\/lassaletta-210x150.jpg 210w, https:\/\/blogs.ua.es\/1979abril\/files\/2015\/12\/lassaletta-150x107.jpg 150w, https:\/\/blogs.ua.es\/1979abril\/files\/2015\/12\/lassaletta.jpg 320w\" sizes=\"auto, (max-width: 243px) 100vw, 243px\" \/><\/a><\/p>\n<h6>Fuentes y fotograf\u00edas: El Pa\u00eds, Alicantevivo.org,<\/h6>\n<p>&nbsp;<\/p>\n","protected":false},"excerpt":{"rendered":"<p>Las primeras elecciones municipales de la democracia espa\u00f1ola Alicante (Espa\u00f1a) &#8211; 3 de abril de 1979. El pa\u00eds respiraba nuevos aires de libertad: los exiliados volv\u00edan a casa, las mujeres reivindicaban la igualdad y el Ej\u00e9rcito perd\u00eda protagonismo. La sociedad civil se organizaba, hambrienta de derechos. Se viven en el&#8230; <a class=\"continue-reading-link\" href=\"https:\/\/blogs.ua.es\/1979abril\/pagina-ejemplo\/\"> Continue reading <span class=\"meta-nav\">&rarr; <\/span><\/a><\/p>\n","protected":false},"author":3997,"featured_media":0,"parent":0,"menu_order":0,"comment_status":"closed","ping_status":"open","template":"","meta":{"footnotes":""},"class_list":["post-2","page","type-page","status-publish","hentry"],"_links":{"self":[{"href":"https:\/\/blogs.ua.es\/1979abril\/wp-json\/wp\/v2\/pages\/2","targetHints":{"allow":["GET"]}}],"collection":[{"href":"https:\/\/blogs.ua.es\/1979abril\/wp-json\/wp\/v2\/pages"}],"about":[{"href":"https:\/\/blogs.ua.es\/1979abril\/wp-json\/wp\/v2\/types\/page"}],"author":[{"embeddable":true,"href":"https:\/\/blogs.ua.es\/1979abril\/wp-json\/wp\/v2\/users\/3997"}],"replies":[{"embeddable":true,"href":"https:\/\/blogs.ua.es\/1979abril\/wp-json\/wp\/v2\/comments?post=2"}],"version-history":[{"count":30,"href":"https:\/\/blogs.ua.es\/1979abril\/wp-json\/wp\/v2\/pages\/2\/revisions"}],"predecessor-version":[{"id":110,"href":"https:\/\/blogs.ua.es\/1979abril\/wp-json\/wp\/v2\/pages\/2\/revisions\/110"}],"wp:attachment":[{"href":"https:\/\/blogs.ua.es\/1979abril\/wp-json\/wp\/v2\/media?parent=2"}],"curies":[{"name":"wp","href":"https:\/\/api.w.org\/{rel}","templated":true}]}}