{"id":102,"date":"2015-12-28T16:50:01","date_gmt":"2015-12-28T16:50:01","guid":{"rendered":"https:\/\/blogs.ua.es\/1980julio\/?page_id=102"},"modified":"2015-12-28T16:50:01","modified_gmt":"2015-12-28T16:50:01","slug":"valoracion-critica","status":"publish","type":"page","link":"https:\/\/blogs.ua.es\/1980julio\/valoracion-critica\/","title":{"rendered":"Valoraci\u00f3n Cr\u00edtica"},"content":{"rendered":"<p>Este a\u00f1o el trabajo propuesto para el curso <strong>2015-2016<\/strong> para la clase de <span style=\"text-decoration: underline\">Fuentes y Documentos<\/span> fue la creaci\u00f3n de un blog y un canal de Youtube donde hab\u00eda que subir noticias sobre la fecha asignada, en nuestro caso, <strong>Julio de 1980<\/strong>. Del cual podemos sacar aspectos positivos pero tambi\u00e9n negativos.<\/p>\n<p>&nbsp;<\/p>\n<p>Comenzando por los negativos tengo que resaltar sobretodo la dificultad que presenta encontrar las noticias de una fecha concreta. Y sobre todo cuando es una fecha posterior al 2000. Los motivos que alegamos son sobretodo porque en los pueblos medianos o peque\u00f1os, en las bibliotecas no cuentan con dicho material y por tanto tienes que desplazarte a la ciudad. Y aunque en nuestro caso no supon\u00eda un problema muy grande s\u00ed que creemos que se deber\u00eda de tenerse en cuenta sobre todo si se va a realizar este trabajo otros a\u00f1os ya que tambi\u00e9n resulta un problema la b\u00fasqueda de informaci\u00f3n en hemerotecas digitales. En este caso <em>El Pa\u00eds<\/em> era la fuente donde m\u00e1s informaci\u00f3n se pod\u00eda encontrar y tambi\u00e9n la m\u00e1s f\u00e1cil de buscar por como se encontraba elaborada la p\u00e1gina web. Por otra parte, encontramos el peri\u00f3dico <em>ABC<\/em>, pero en este caso la b\u00fasqueda de informaci\u00f3n se hizo m\u00e1s dif\u00edcil aunque tambi\u00e9n tuviera una hemeroteca online.<\/p>\n<p>Otra cosa que criticamos pero no al trabajo, sino a los peri\u00f3dicos es la falta de profesionalidad. Ya que como solo <em>El Pa\u00eds<\/em> y el <em>ABC<\/em> contaban con hemeroteca virtual, nos pusimos en contacto con varias redacciones de peri\u00f3dicos que se encuentran en Alicante preguntando si podr\u00edamos acceder a sus hemerotecas y aun estamos esperando sus respuestas.<\/p>\n<p>Las partes positivas del trabajo a nuestro parecer son las siguientes:<\/p>\n<p>Ayuda a conocer un poco lo que paso en un pasado que aunque nos parece lejano no lo es tanto, ya que hay muchas noticias que puedes leer en 1980 que siguen ocurriendo actualmente o que hay ciertos hechos que ocurren actualmente que son consecuencias derivadas de decisiones tomadas en dicha fecha.<\/p>\n<p>Otra cosa buena es que por lo menos a nosotras nos ha permitido sacar nuestro lado redactor y ver que aunque estudiemos historia o cualquier carrera, si haces una buena investigaci\u00f3n, cualquiera puede elaborar un art\u00edculo. As\u00ed que no solamente los peri\u00f3dicos son los \u00fanicos que pueden mantener informados a la gente. Porque si buscas la misma noticia en dos peri\u00f3dicos distintos veras como no tienen la misma intencionalidad a la hora de transmitir las noticias. Por tanto, con este trabajo, tambi\u00e9n te ayuda a ver que no solamente tienes que quedar con la noticias que te de un solo peri\u00f3dico, sino que lo bueno es que siempre leas varios.<\/p>\n<p>Al igual que para nada nos ha gustado la actitud de los peri\u00f3dicos, s\u00ed que tenemos que decir que la gente a la que hemos preguntado (tanto familiares como profesores) se han mostrados muy participativos, permitiendo ver as\u00ed como no es lo mismo lo que cuentan los peri\u00f3dicos a c\u00f3mo viv\u00edan la poblaci\u00f3n dichos hechos.<\/p>\n<p>As\u00ed que ambas llegamos a dos conclusiones; Una es que, aunque dicho trabajo quita bastante tiempo para elaborarlo (ya que tienes que buscar las noticias, que resulten meramente interesantes, etc&#8230;) creemos que merece la pena ya que por lo menos es divertido el ponerse al teclado y actual como periodista. Y la otra es que te ayuda a moverte en un mundo bastante diferente que es el de la b\u00fasqueda de informaci\u00f3n, el comunicarte con la gente y aprender a utilizar herramientas para la elaboraci\u00f3n de v\u00eddeos y de blogs.<\/p>\n","protected":false},"excerpt":{"rendered":"<p>Este a\u00f1o el trabajo propuesto para el curso 2015-2016 para la clase de Fuentes y Documentos fue la creaci\u00f3n de un blog y un canal de Youtube donde hab\u00eda que subir noticias sobre la fecha asignada, en nuestro caso, Julio de 1980. Del cual podemos sacar aspectos positivos pero tambi\u00e9n negativos. &nbsp; Comenzando por los [&hellip;]<\/p>\n","protected":false},"author":3896,"featured_media":0,"parent":0,"menu_order":0,"comment_status":"closed","ping_status":"closed","template":"","meta":{"footnotes":""},"class_list":["post-102","page","type-page","status-publish","hentry"],"_links":{"self":[{"href":"https:\/\/blogs.ua.es\/1980julio\/wp-json\/wp\/v2\/pages\/102","targetHints":{"allow":["GET"]}}],"collection":[{"href":"https:\/\/blogs.ua.es\/1980julio\/wp-json\/wp\/v2\/pages"}],"about":[{"href":"https:\/\/blogs.ua.es\/1980julio\/wp-json\/wp\/v2\/types\/page"}],"author":[{"embeddable":true,"href":"https:\/\/blogs.ua.es\/1980julio\/wp-json\/wp\/v2\/users\/3896"}],"replies":[{"embeddable":true,"href":"https:\/\/blogs.ua.es\/1980julio\/wp-json\/wp\/v2\/comments?post=102"}],"version-history":[{"count":1,"href":"https:\/\/blogs.ua.es\/1980julio\/wp-json\/wp\/v2\/pages\/102\/revisions"}],"predecessor-version":[{"id":103,"href":"https:\/\/blogs.ua.es\/1980julio\/wp-json\/wp\/v2\/pages\/102\/revisions\/103"}],"wp:attachment":[{"href":"https:\/\/blogs.ua.es\/1980julio\/wp-json\/wp\/v2\/media?parent=102"}],"curies":[{"name":"wp","href":"https:\/\/api.w.org\/{rel}","templated":true}]}}