{"id":104,"date":"2015-12-28T17:02:58","date_gmt":"2015-12-28T17:02:58","guid":{"rendered":"https:\/\/blogs.ua.es\/1980julio\/?page_id=104"},"modified":"2015-12-28T17:02:58","modified_gmt":"2015-12-28T17:02:58","slug":"procedimientos","status":"publish","type":"page","link":"https:\/\/blogs.ua.es\/1980julio\/procedimientos\/","title":{"rendered":"Procedimientos"},"content":{"rendered":"<p>Lo primero que hicimos fue en clase junto con el profesor, crear el blog y la cuenta de Youtube, as\u00ed como que nos dieran una clase r\u00e1pida sobre como poder elaborar v\u00eddeos, haciendo pr\u00e1cticas en clase con los profesores.<\/p>\n<p>Tras tener claro que mes y a\u00f1os nos tocaba, las dos miembros del equipo nos pusimos a buscar informaci\u00f3n sobre dicho mes y a\u00f1o. En primer lugar buscamos informaci\u00f3n en las principales hemerotecas virtuales, en este caso <em>el Pa\u00eds<\/em> que ofrec\u00eda una amplia gama de noticias y sucesos de cada d\u00eda del mes, y por otro lado en la hemeroteca virtual del peri\u00f3dico <em>ABC<\/em> para poder contrastar las noticias en ambos sitios.<\/p>\n<p>Despu\u00e9s tambi\u00e9n buscamos cada una en sus respectivas ciudades. Por un lado, en Mutxamel no se pudo encontrar peri\u00f3dicos de dicho a\u00f1o, as\u00ed que le toco desplazarse a Alicante y tambi\u00e9n buscar por casa, encontrando al final peri\u00f3dicos de dicho mes y a\u00f1o. El otro miembro del equipo, resulto que tambi\u00e9n ten\u00eda peri\u00f3dicos en casa.<\/p>\n<p>Una vez conseguido los documentos necesarios, pasamos a leer los peri\u00f3dicos y elegir aquellas noticias que nos resultaron m\u00e1s interesantes o que a nuestro parecer merec\u00edan la pena resaltar.<\/p>\n<p>Tras leerlas en los distintos peri\u00f3dicos, pasamos a la elaboraci\u00f3n de los art\u00edculos.<\/p>\n<p>La elaboraci\u00f3n de las entradas del blog en algunos momentos se hizo complicada ya que determinados art\u00edculos eran de extensi\u00f3n breve por lo que cost\u00f3 sacar informaci\u00f3n.<\/p>\n<p>La clasificaci\u00f3n de los art\u00edculos sigue la misma clasificaci\u00f3n que encontramos nosotras en los peri\u00f3dicos donde le\u00edmos las noticias. As\u00ed como que las etiquetas puestas en los art\u00edculos son aquellas palabras que ambas consider\u00e1bamos que resaltaban m\u00e1s lo que pretend\u00eda decir el art\u00edculo.<\/p>\n<p>Las dos decidimos que quer\u00edamos mostrar una cercan\u00eda hac\u00eda todos aquellos que decidieran leer el blog, y por eso le asignamos un nombre que viene derivado de nuestros dos nombres, el cual resulto ser &#8220;<em><strong>Alis<\/strong><\/em>&#8220;. Y sobre todo, que les interesara participar, por eso en la mayor\u00eda de las entradas, pedimos la opini\u00f3n del lector.<\/p>\n<p>En la cuesti\u00f3n de las im\u00e1genes son sacadas de Internet ya que era muy dif\u00edcil encontrar las fotograf\u00edas originales de la \u00e9poca y m\u00e1s a\u00fan del mes que se nos asigno.<\/p>\n<p>Para los v\u00eddeos utilizamos dos herramientas. Para algunos usamos el Movie Player, y en uno de ellos, para realizar una mini presentaci\u00f3n, usamos un programa online que encontramos por la red. En la mayor\u00eda intentamos que siempre haya un t\u00edtulo, un final y que siempre vaya acompa\u00f1ado de m\u00fasica de fondo, por lo menos en los trozos en los que no hay ninguna persona hablando.<\/p>\n<p>&nbsp;<\/p>\n<p><a href=\"https:\/\/www.youtube.com\/channel\/UC_ltjjsLwg3zpZs2xm5oALw\" target=\"_blank\">Canal de Youtube<\/a><\/p>\n<p><a href=\"https:\/\/blogs.ua.es\/1980julio\/\" target=\"_blank\">Nuestro Blog<\/a><\/p>\n","protected":false},"excerpt":{"rendered":"<p>Lo primero que hicimos fue en clase junto con el profesor, crear el blog y la cuenta de Youtube, as\u00ed como que nos dieran una clase r\u00e1pida sobre como poder elaborar v\u00eddeos, haciendo pr\u00e1cticas en clase con los profesores. Tras tener claro que mes y a\u00f1os nos tocaba, las dos miembros del equipo nos pusimos [&hellip;]<\/p>\n","protected":false},"author":3896,"featured_media":0,"parent":0,"menu_order":0,"comment_status":"closed","ping_status":"closed","template":"","meta":{"footnotes":""},"class_list":["post-104","page","type-page","status-publish","hentry"],"_links":{"self":[{"href":"https:\/\/blogs.ua.es\/1980julio\/wp-json\/wp\/v2\/pages\/104","targetHints":{"allow":["GET"]}}],"collection":[{"href":"https:\/\/blogs.ua.es\/1980julio\/wp-json\/wp\/v2\/pages"}],"about":[{"href":"https:\/\/blogs.ua.es\/1980julio\/wp-json\/wp\/v2\/types\/page"}],"author":[{"embeddable":true,"href":"https:\/\/blogs.ua.es\/1980julio\/wp-json\/wp\/v2\/users\/3896"}],"replies":[{"embeddable":true,"href":"https:\/\/blogs.ua.es\/1980julio\/wp-json\/wp\/v2\/comments?post=104"}],"version-history":[{"count":1,"href":"https:\/\/blogs.ua.es\/1980julio\/wp-json\/wp\/v2\/pages\/104\/revisions"}],"predecessor-version":[{"id":105,"href":"https:\/\/blogs.ua.es\/1980julio\/wp-json\/wp\/v2\/pages\/104\/revisions\/105"}],"wp:attachment":[{"href":"https:\/\/blogs.ua.es\/1980julio\/wp-json\/wp\/v2\/media?parent=104"}],"curies":[{"name":"wp","href":"https:\/\/api.w.org\/{rel}","templated":true}]}}