{"id":14,"date":"2015-11-27T09:37:33","date_gmt":"2015-11-27T09:37:33","guid":{"rendered":"https:\/\/blogs.ua.es\/1980julio\/?page_id=14"},"modified":"2016-01-19T11:48:13","modified_gmt":"2016-01-19T11:48:13","slug":"presentacion","status":"publish","type":"page","link":"https:\/\/blogs.ua.es\/1980julio\/presentacion\/","title":{"rendered":"Presentaci\u00f3n"},"content":{"rendered":"<p>\u00a1Hola!<\/p>\n<p>Somos <em>Lirios Aleixandre Fullana y Anabel Tamayo Carre\u00f1o<\/em>,\u00a0alumnas de la Universidad de Alicante de primero del grado de Historia.<\/p>\n<p>Dicho blog esta creado para la realizaci\u00f3n de una de las pr\u00e1cticas sobre la Transici\u00f3n en Espa\u00f1a(1980), para \u00a0la asignatura de Fuentes y Documentos para la Historia.<\/p>\n<p>&nbsp;<\/p>\n<p>&nbsp;<\/p>\n<p>https:\/\/www.youtube.com\/watch?v=zOEQBYwrTlI<\/p>\n<p>&nbsp;<\/p>\n","protected":false},"excerpt":{"rendered":"<p>\u00a1Hola! Somos Lirios Aleixandre Fullana y Anabel Tamayo Carre\u00f1o,\u00a0alumnas de la Universidad de Alicante de primero del grado de Historia. Dicho blog esta creado para la realizaci\u00f3n de una de las pr\u00e1cticas sobre la Transici\u00f3n en Espa\u00f1a(1980), para \u00a0la asignatura de Fuentes y Documentos para la Historia. &nbsp; &nbsp; https:\/\/www.youtube.com\/watch?v=zOEQBYwrTlI &nbsp;<\/p>\n","protected":false},"author":3916,"featured_media":0,"parent":0,"menu_order":0,"comment_status":"closed","ping_status":"closed","template":"","meta":{"footnotes":""},"class_list":["post-14","page","type-page","status-publish","hentry"],"_links":{"self":[{"href":"https:\/\/blogs.ua.es\/1980julio\/wp-json\/wp\/v2\/pages\/14","targetHints":{"allow":["GET"]}}],"collection":[{"href":"https:\/\/blogs.ua.es\/1980julio\/wp-json\/wp\/v2\/pages"}],"about":[{"href":"https:\/\/blogs.ua.es\/1980julio\/wp-json\/wp\/v2\/types\/page"}],"author":[{"embeddable":true,"href":"https:\/\/blogs.ua.es\/1980julio\/wp-json\/wp\/v2\/users\/3916"}],"replies":[{"embeddable":true,"href":"https:\/\/blogs.ua.es\/1980julio\/wp-json\/wp\/v2\/comments?post=14"}],"version-history":[{"count":2,"href":"https:\/\/blogs.ua.es\/1980julio\/wp-json\/wp\/v2\/pages\/14\/revisions"}],"predecessor-version":[{"id":110,"href":"https:\/\/blogs.ua.es\/1980julio\/wp-json\/wp\/v2\/pages\/14\/revisions\/110"}],"wp:attachment":[{"href":"https:\/\/blogs.ua.es\/1980julio\/wp-json\/wp\/v2\/media?parent=14"}],"curies":[{"name":"wp","href":"https:\/\/api.w.org\/{rel}","templated":true}]}}