{"id":35,"date":"2016-01-16T17:48:28","date_gmt":"2016-01-16T17:48:28","guid":{"rendered":"https:\/\/blogs.ua.es\/1980septiembre\/?page_id=35"},"modified":"2016-01-16T18:21:11","modified_gmt":"2016-01-16T18:21:11","slug":"nuestras-fuentes-utilizadas","status":"publish","type":"page","link":"https:\/\/blogs.ua.es\/1980septiembre\/nuestras-fuentes-utilizadas\/","title":{"rendered":"Nuestras fuentes utilizadas"},"content":{"rendered":"<p>Para hacer\u00a0este blog, las fuentes que hemos utilizado en todos nuestros casos ha sido el peri\u00f3dico El Pa\u00eds (ya que nos gusta su contenido) y ABC, las im\u00e1genes las hemos recogido de google im\u00e1genes, y si tenemos alg\u00fan video es gracias a Youtube, y con canciones de acuerdo con la \u00e9poca.<\/p>\n<p><a href=\"http:\/\/elpais.com\/diario\/1980\/09\/02\/portada\/336693603_850215.html\" target=\"_blank\">Petroleo<\/a><\/p>\n<p><a href=\"http:\/\/elpais.com\/diario\/1980\/09\/11\/portada\/337471204_850215.html\" target=\"_blank\">Siria y Libia<\/a><\/p>\n<p><a href=\"http:\/\/elpais.com\/diario\/1980\/09\/21\/espana\/338335202_850215.html\" target=\"_blank\">Alicante<\/a><\/p>\n<p><a href=\"http:\/\/elpais.com\/diario\/1980\/09\/20\/espana\/338248820_850215.html\" target=\"_blank\">Alicante<\/a><\/p>\n<p><a href=\"http:\/\/elpais.com\/diario\/1980\/09\/19\/espana\/338162420_850215.html\" target=\"_blank\">Alicante<\/a><\/p>\n<p><a href=\"http:\/\/elpais.com\/diario\/1980\/09\/28\/cultura\/338940006_850215.html\" target=\"_blank\">Cine<\/a><\/p>\n<p><a href=\"http:\/\/elpais.com\/diario\/1980\/09\/02\/deportes\/336693601_850215.html\" target=\"_blank\">Deportes<\/a><\/p>\n<p><a href=\"http:\/\/elpais.com\/diario\/1980\/09\/03\/portada\/336780002_850215.html\" target=\"_blank\">GRAPO<\/a><\/p>\n<p><a href=\"http:\/\/elpais.com\/diario\/1980\/09\/03\/deportes\/336780006_850215.html\" target=\"_blank\">Deportes<\/a><\/p>\n<p><a href=\"http:\/\/elpais.com\/diario\/1980\/09\/05\/deportes\/336952804_850215.html\" target=\"_blank\">Deportes<\/a><\/p>\n<p><a href=\"http:\/\/elpais.com\/diario\/1980\/09\/05\/portada\/336952801_850215.html\" target=\"_blank\">GRAPO<\/a><\/p>\n<p><a href=\"http:\/\/elpais.com\/diario\/1980\/09\/16\/portada\/337903201_850215.html\" target=\"_blank\">UCD<\/a><\/p>\n<p><a href=\"http:\/\/elpais.com\/diario\/1980\/09\/19\/espana\/338162408_850215.html\" target=\"_blank\">UCD<\/a><\/p>\n<p><a href=\"http:\/\/elpais.com\/diario\/1980\/09\/19\/espana\/338162411_850215.html\" target=\"_blank\">UCD<\/a><\/p>\n<p><a href=\"http:\/\/elpais.com\/diario\/1980\/09\/20\/portada\/338248803_850215.html\" target=\"_blank\">UCD<\/a><\/p>\n<p><a href=\"http:\/\/elpais.com\/diario\/1980\/09\/21\/portada\/338335201_850215.html\" target=\"_blank\">UCD<\/a><\/p>\n<p>&nbsp;<\/p>\n<p>&nbsp;<\/p>\n","protected":false},"excerpt":{"rendered":"<p>Para hacer\u00a0este blog, las fuentes que hemos utilizado en todos nuestros casos ha sido el peri\u00f3dico El Pa\u00eds (ya que nos gusta su contenido) y ABC, las im\u00e1genes las hemos recogido de google im\u00e1genes, y si tenemos alg\u00fan video es gracias a Youtube, y con canciones de acuerdo con la \u00e9poca. Petroleo Siria y Libia [&hellip;]<\/p>\n","protected":false},"author":3913,"featured_media":0,"parent":0,"menu_order":0,"comment_status":"closed","ping_status":"closed","template":"","meta":{"footnotes":""},"class_list":["post-35","page","type-page","status-publish","hentry"],"_links":{"self":[{"href":"https:\/\/blogs.ua.es\/1980septiembre\/wp-json\/wp\/v2\/pages\/35","targetHints":{"allow":["GET"]}}],"collection":[{"href":"https:\/\/blogs.ua.es\/1980septiembre\/wp-json\/wp\/v2\/pages"}],"about":[{"href":"https:\/\/blogs.ua.es\/1980septiembre\/wp-json\/wp\/v2\/types\/page"}],"author":[{"embeddable":true,"href":"https:\/\/blogs.ua.es\/1980septiembre\/wp-json\/wp\/v2\/users\/3913"}],"replies":[{"embeddable":true,"href":"https:\/\/blogs.ua.es\/1980septiembre\/wp-json\/wp\/v2\/comments?post=35"}],"version-history":[{"count":3,"href":"https:\/\/blogs.ua.es\/1980septiembre\/wp-json\/wp\/v2\/pages\/35\/revisions"}],"predecessor-version":[{"id":42,"href":"https:\/\/blogs.ua.es\/1980septiembre\/wp-json\/wp\/v2\/pages\/35\/revisions\/42"}],"wp:attachment":[{"href":"https:\/\/blogs.ua.es\/1980septiembre\/wp-json\/wp\/v2\/media?parent=35"}],"curies":[{"name":"wp","href":"https:\/\/api.w.org\/{rel}","templated":true}]}}