{"id":258,"date":"2012-01-18T22:51:48","date_gmt":"2012-01-18T22:51:48","guid":{"rendered":"https:\/\/blogs.ua.es\/23fgolpeestado\/?page_id=258"},"modified":"2012-01-21T15:02:28","modified_gmt":"2012-01-21T15:02:28","slug":"bibliografia","status":"publish","type":"page","link":"https:\/\/blogs.ua.es\/23fgolpeestado\/bibliografia\/","title":{"rendered":"Bibliograf\u00eda"},"content":{"rendered":"<p><a href=\"https:\/\/blogs.ua.es\/23fgolpeestado\/?p=100\" target=\"_blank\">JES\u00daS PALACIOS TAPIAS,\u00a0<em>23-F: el golpe del CESID<\/em><\/a>\u00a0(*Disponible en descarga)<\/p>\n<p><a href=\"https:\/\/blogs.ua.es\/23fgolpeestado\/?p=139\" target=\"_blank\">ANDREU FARR\u00c0S, PERE CULLELL,\u00a0<em>El 23-F a Catalunya. El cop d\u2019Estat va estar a punt de triomfar al Principat<\/em><\/a><\/p>\n<p><a href=\"https:\/\/blogs.ua.es\/23fgolpeestado\/?p=130\" target=\"_blank\">AMADEO MART\u00cdNEZ INGL\u00c9S,\u00a0<em>La conspiraci\u00f3n de mayo. El\u201dAlzamiento Nacional\u201d Que Prepar\u00f3 la Derecha Castrense Espa\u00f1ola para el 2 de Mayo de 1981 y Que Frustr\u00f3 el 23-F\u00a0<\/em><\/a><\/p>\n<p><a href=\"https:\/\/blogs.ua.es\/23fgolpeestado\/?p=126\" target=\"_blank\"><em><\/em>RICARDO PARDO ZANCADA,\u00a0<em>23-F: las dos caras de un golpe. Relato de un protagonista<\/em><\/a><\/p>\n<p><a href=\"https:\/\/blogs.ua.es\/23fgolpeestado\/?p=123\" target=\"_blank\"><em><\/em>FRANCISCO MEDINA,\u00a0<em>23-F, la verdad<\/em><\/a><\/p>\n<p><a href=\"https:\/\/blogs.ua.es\/23fgolpeestado\/?p=118\" target=\"_blank\"><em><\/em>RICARDO DE LA CIERVA,\u00a0<em>El 23-F sin m\u00e1scaras: primera interpretaci\u00f3n hist\u00f3rica,<\/em>F\u00e9nix<\/a><\/p>\n<p><a href=\"https:\/\/blogs.ua.es\/23fgolpeestado\/?p=114\" target=\"_blank\">GIL S\u00c1NCHEZ-VALIENTE,\u00a0<em>Mi 23-F. Historia de un malet\u00edn<\/em><\/a><\/p>\n<p><a href=\"https:\/\/blogs.ua.es\/23fgolpeestado\/?p=111\" target=\"_blank\"><em><\/em>AMADEO MARTINEZ INGL\u00c9S,\u00a0<em>23-F. El golpe que nunca existi\u00f3<\/em><\/a><\/p>\n<p><a href=\"https:\/\/blogs.ua.es\/23fgolpeestado\/?p=108\" target=\"_blank\"><em><\/em>JOS\u00c9 MANUEL CUENCA TORIBIO,\u00a0<em>Conversaciones con Alfonso Armada: el 23.F<\/em><\/a><\/p>\n<p><a href=\"https:\/\/blogs.ua.es\/23fgolpeestado\/?p=105\" target=\"_blank\"><em><\/em>DIEGO CARCEDO,\u00a0<em>23-F: los cabos sueltos<\/em><\/a><\/p>\n<p><a href=\"https:\/\/blogs.ua.es\/23fgolpeestado\/?p=134\" target=\"_blank\"><em><\/em>JAVIER CERCAS,\u00a0<em>Anatom\u00eda de un instante,\u00a0<\/em>Mondadori<\/a>\u00a0(*Disponible en descarga)<\/p>\n<p><a href=\"https:\/\/blogs.ua.es\/23fgolpeestado\/?p=97\" target=\"_blank\"><em><\/em>JUAN ALBERTO PEROTE,\u00a0<em>23-F:\u00a0ni Milans, ni Tejero. El informe que se ocult\u00f3<\/em><\/a><\/p>\n<p><a href=\"https:\/\/blogs.ua.es\/23fgolpeestado\/?p=88\" target=\"_blank\"><em><\/em>JAVIER FERN\u00c1NDEZ L\u00d3PEZ,\u00a0<em>Diecisiete horas y media. El golpe del 23-F<\/em><\/a><\/p>\n<p><a href=\"https:\/\/blogs.ua.es\/23fgolpeestado\/?p=82\" target=\"_blank\"><em><\/em>PILAR CERNUDA<em>.\u00a0<\/em>FERNANDO J\u00c1UREGUI, MANUEL \u00c1NGEL MEN\u00c9NDEZ,\u00a0<em>23-F: la conjura de los necios<\/em><\/a><\/p>\n<p><a href=\"https:\/\/blogs.ua.es\/23fgolpeestado\/?p=80\" target=\"_blank\"><em><\/em>SANTIAGO SEGURA. JULIO MERINO,\u00a0<em>Las v\u00edsperas del 23-F<\/em><\/a><\/p>\n<p><a href=\"https:\/\/blogs.ua.es\/23fgolpeestado\/?p=77\" target=\"_blank\"><em><\/em>SANTIAGO SEGURA. JULIO MERINO,\u00a0<em>Jaque al Rey: Los \u201cenigmas\u201d y las \u201cincongruencias\u201d del 23-F\u2026dos a\u00f1os despu\u00e9s<\/em><\/a><\/p>\n<p><a href=\"https:\/\/blogs.ua.es\/23fgolpeestado\/?p=73\" target=\"_blank\"><em><\/em>PILAR URBANO,\u00a0<em>Con la venia\u2026, yo indagu\u00e9 el 23-F<\/em><\/a><\/p>\n<p><a href=\"https:\/\/blogs.ua.es\/23fgolpeestado\/?p=70\" target=\"_blank\"><em><\/em>FRANCISCO MORA,\u00a0<em>Ni h\u00e9roes ni bribones: Los personajes del \u00a023-F<\/em><\/a><\/p>\n<p><a href=\"https:\/\/blogs.ua.es\/23fgolpeestado\/?p=63\" target=\"_blank\">JULIO BUSQUETS, MIGUEL A. AGUILAR, IGNACIO PUCHE.\u00a0<em>El golpe: anatom\u00eda y claves del asalto al congreso<\/em><\/a>\u00a0(*Disponible en descarga)<\/p>\n<p><a href=\"https:\/\/blogs.ua.es\/23fgolpeestado\/?p=59\" target=\"_blank\"><em><\/em>JOS\u00c9 ONETO<em>, 23-F: 30 a\u00f1os despu\u00e9s<\/em><\/a><\/p>\n<p><a href=\"https:\/\/blogs.ua.es\/23fgolpeestado\/?p=54\" target=\"_blank\"><em><\/em>JOS\u00c9 ONETO.\u00a0<em>La noche de Tejero<\/em><\/a><\/p>\n<p><a href=\"https:\/\/blogs.ua.es\/23fgolpeestado\/?p=50\" target=\"_blank\"><em><\/em>JOS\u00c9 ONETO.\u00a0<em>\u00a0El 23-F: La historia no contada. Caso Tejero 25 a\u00f1os despu\u00e9s<\/em><\/a><\/p>\n<p><a href=\"https:\/\/blogs.ua.es\/23fgolpeestado\/?p=44\" target=\"_blank\"><em><\/em>ALFONSO PINILLA GARC\u00cdA,\u00a0<em>El laberinto del 23-F: Lo posible, lo probable y lo imprevisto en la trama del golpe<\/em><\/a><\/p>\n<p><a href=\"https:\/\/blogs.ua.es\/23fgolpeestado\/?p=36\" target=\"_blank\"><em><\/em>GABRIEL CARDONA,\u00a0<em>Las torres del honor: un capit\u00e1n del ej\u00e9rcito en la Transici\u00f3n y el golpe de Estado del 23-F<\/em><\/a><\/p>\n<p><a href=\"https:\/\/blogs.ua.es\/23fgolpeestado\/?p=25\" target=\"_blank\"><em><\/em>JES\u00daS PALACIOS,\u00a0<em>23-F, el Rey y su secreto<\/em><\/a>\u00a0(*Disponible en descarga)<\/p>\n","protected":false},"excerpt":{"rendered":"<p>JES\u00daS PALACIOS TAPIAS,\u00a023-F: el golpe del CESID\u00a0(*Disponible en descarga) ANDREU FARR\u00c0S, PERE CULLELL,\u00a0El 23-F a Catalunya. El cop d\u2019Estat va estar a punt de triomfar al Principat AMADEO MART\u00cdNEZ INGL\u00c9S,\u00a0La conspiraci\u00f3n de mayo. El\u201dAlzamiento Nacional\u201d Que Prepar\u00f3 la Derecha Castrense Espa\u00f1ola para el 2 de Mayo de 1981 y Que Frustr\u00f3 el 23-F\u00a0 RICARDO PARDO [&hellip;]<\/p>\n","protected":false},"author":2467,"featured_media":0,"parent":0,"menu_order":0,"comment_status":"open","ping_status":"open","template":"","meta":{"footnotes":""},"class_list":["post-258","page","type-page","status-publish","hentry"],"_links":{"self":[{"href":"https:\/\/blogs.ua.es\/23fgolpeestado\/wp-json\/wp\/v2\/pages\/258","targetHints":{"allow":["GET"]}}],"collection":[{"href":"https:\/\/blogs.ua.es\/23fgolpeestado\/wp-json\/wp\/v2\/pages"}],"about":[{"href":"https:\/\/blogs.ua.es\/23fgolpeestado\/wp-json\/wp\/v2\/types\/page"}],"author":[{"embeddable":true,"href":"https:\/\/blogs.ua.es\/23fgolpeestado\/wp-json\/wp\/v2\/users\/2467"}],"replies":[{"embeddable":true,"href":"https:\/\/blogs.ua.es\/23fgolpeestado\/wp-json\/wp\/v2\/comments?post=258"}],"version-history":[{"count":8,"href":"https:\/\/blogs.ua.es\/23fgolpeestado\/wp-json\/wp\/v2\/pages\/258\/revisions"}],"predecessor-version":[{"id":323,"href":"https:\/\/blogs.ua.es\/23fgolpeestado\/wp-json\/wp\/v2\/pages\/258\/revisions\/323"}],"wp:attachment":[{"href":"https:\/\/blogs.ua.es\/23fgolpeestado\/wp-json\/wp\/v2\/media?parent=258"}],"curies":[{"name":"wp","href":"https:\/\/api.w.org\/{rel}","templated":true}]}}