{"id":2,"date":"2024-02-17T20:39:42","date_gmt":"2024-02-17T20:39:42","guid":{"rendered":"https:\/\/blogs.ua.es\/accesibilidadenwebs\/?page_id=2"},"modified":"2024-02-17T21:11:31","modified_gmt":"2024-02-17T21:11:31","slug":"pagina-ejemplo","status":"publish","type":"page","link":"https:\/\/blogs.ua.es\/accesibilidadenwebs\/pagina-ejemplo\/","title":{"rendered":"Sobre la accesibilidad web"},"content":{"rendered":"<p>Este Blog se ha creado para informar sobre los trabajos en accesibilidad en diferentes webs de la Universidad de Alicante, como son las webs programa de la Escuela Polit\u00e9cnica Superior, as\u00ed como el proyecto Alumni UA.<\/p>\n<p>El objetivo es lograr la m\u00e1xima accesibilidad en todos los sitios en renovaci\u00f3n. Actualmente, todos los Grados de la Escuela Polit\u00e9cnica Superior, excepto Arquitectura (web en la que se est\u00e1 trabajando) son 100% accesibles.<\/p>\n<p>La web del proyecto Almuni UA tambi\u00e9n ha sido renovada y posee 0 errores, es decir, es 100% accesible.<\/p>\n","protected":false},"excerpt":{"rendered":"<p>Este Blog se ha creado para informar sobre los trabajos en accesibilidad en diferentes webs de la Universidad de Alicante, como son las webs programa de la Escuela Polit\u00e9cnica Superior, as\u00ed como el proyecto Alumni UA. El objetivo es lograr la m\u00e1xima accesibilidad en todos los sitios en renovaci\u00f3n. Actualmente, todos los Grados de la [&hellip;]<\/p>\n","protected":false},"author":4208,"featured_media":0,"parent":0,"menu_order":0,"comment_status":"closed","ping_status":"open","template":"","meta":{"footnotes":""},"class_list":["post-2","page","type-page","status-publish","hentry"],"_links":{"self":[{"href":"https:\/\/blogs.ua.es\/accesibilidadenwebs\/wp-json\/wp\/v2\/pages\/2","targetHints":{"allow":["GET"]}}],"collection":[{"href":"https:\/\/blogs.ua.es\/accesibilidadenwebs\/wp-json\/wp\/v2\/pages"}],"about":[{"href":"https:\/\/blogs.ua.es\/accesibilidadenwebs\/wp-json\/wp\/v2\/types\/page"}],"author":[{"embeddable":true,"href":"https:\/\/blogs.ua.es\/accesibilidadenwebs\/wp-json\/wp\/v2\/users\/4208"}],"replies":[{"embeddable":true,"href":"https:\/\/blogs.ua.es\/accesibilidadenwebs\/wp-json\/wp\/v2\/comments?post=2"}],"version-history":[{"count":2,"href":"https:\/\/blogs.ua.es\/accesibilidadenwebs\/wp-json\/wp\/v2\/pages\/2\/revisions"}],"predecessor-version":[{"id":10,"href":"https:\/\/blogs.ua.es\/accesibilidadenwebs\/wp-json\/wp\/v2\/pages\/2\/revisions\/10"}],"wp:attachment":[{"href":"https:\/\/blogs.ua.es\/accesibilidadenwebs\/wp-json\/wp\/v2\/media?parent=2"}],"curies":[{"name":"wp","href":"https:\/\/api.w.org\/{rel}","templated":true}]}}