{"id":10,"date":"2015-03-20T08:45:23","date_gmt":"2015-03-20T07:45:23","guid":{"rendered":"http:\/\/uayuda.ua.es\/aesppu\/?page_id=10"},"modified":"2024-06-10T13:52:04","modified_gmt":"2024-06-10T11:52:04","slug":"encuentros-del-sppu","status":"publish","type":"page","link":"https:\/\/blogs.ua.es\/aesppu\/encuentros-del-sppu\/","title":{"rendered":"Encuentros de AESPPU"},"content":{"rendered":"<h2><\/h2>\n<h2>Encuentros de AESPPU<\/h2>\n<p>Durante m\u00e1s de 20 a\u00f1os, la Asociaci\u00f3n de Servicios Psicol\u00f3gicos y Psicopedag\u00f3gicos Universitarios han venido reuni\u00e9ndose anualmente en diferentes universidades de \u00e1mbito nacional para compartir buenas pr\u00e1cticas y mejorar en quehacer diario.<\/p>\n<p>Desde aqu\u00ed queremos animar, a las universidades participantes en los encuentros y a las pocas que quedan por participar, para albergar el pr\u00f3ximo encuentro de estos servicios que tienen m\u00e1s raz\u00f3n de ser si cabe al estar incluidos entre los servicios b\u00e1sico en la LOSU.<\/p>\n<p>Para ello, escribid a aesppu @ gmail.com<\/p>\n<p>\u00a1 Sed Bienvenidos !<\/p>\n<p>&nbsp;<\/p>\n","protected":false},"excerpt":{"rendered":"<p>Encuentros de AESPPU Durante m\u00e1s de 20 a\u00f1os, la Asociaci\u00f3n de Servicios Psicol\u00f3gicos y Psicopedag\u00f3gicos Universitarios han venido reuni\u00e9ndose anualmente en diferentes universidades de \u00e1mbito nacional para compartir buenas pr\u00e1cticas y mejorar en quehacer diario. Desde aqu\u00ed queremos animar, a las universidades participantes en los encuentros y a las pocas que quedan por participar, para &hellip; <\/p>\n<p class=\"link-more\"><a href=\"https:\/\/blogs.ua.es\/aesppu\/encuentros-del-sppu\/\" class=\"more-link\">Continue reading<span class=\"screen-reader-text\"> &#8220;Encuentros de AESPPU&#8221;<\/span><\/a><\/p>\n","protected":false},"author":4276,"featured_media":0,"parent":0,"menu_order":0,"comment_status":"closed","ping_status":"closed","template":"","meta":{"footnotes":""},"class_list":["post-10","page","type-page","status-publish","hentry"],"_links":{"self":[{"href":"https:\/\/blogs.ua.es\/aesppu\/wp-json\/wp\/v2\/pages\/10","targetHints":{"allow":["GET"]}}],"collection":[{"href":"https:\/\/blogs.ua.es\/aesppu\/wp-json\/wp\/v2\/pages"}],"about":[{"href":"https:\/\/blogs.ua.es\/aesppu\/wp-json\/wp\/v2\/types\/page"}],"author":[{"embeddable":true,"href":"https:\/\/blogs.ua.es\/aesppu\/wp-json\/wp\/v2\/users\/4276"}],"replies":[{"embeddable":true,"href":"https:\/\/blogs.ua.es\/aesppu\/wp-json\/wp\/v2\/comments?post=10"}],"version-history":[{"count":10,"href":"https:\/\/blogs.ua.es\/aesppu\/wp-json\/wp\/v2\/pages\/10\/revisions"}],"predecessor-version":[{"id":1603,"href":"https:\/\/blogs.ua.es\/aesppu\/wp-json\/wp\/v2\/pages\/10\/revisions\/1603"}],"wp:attachment":[{"href":"https:\/\/blogs.ua.es\/aesppu\/wp-json\/wp\/v2\/media?parent=10"}],"curies":[{"name":"wp","href":"https:\/\/api.w.org\/{rel}","templated":true}]}}