{"id":39,"date":"2011-12-20T16:26:56","date_gmt":"2011-12-20T16:26:56","guid":{"rendered":"https:\/\/blogs.ua.es\/africaenelsigloxvi\/?page_id=39"},"modified":"2012-01-24T19:49:08","modified_gmt":"2012-01-24T19:49:08","slug":"portugal-en-africa","status":"publish","type":"page","link":"https:\/\/blogs.ua.es\/africaenelsigloxvi\/portugal-en-africa\/","title":{"rendered":"Portugal en \u00c1frica"},"content":{"rendered":"<p align=\"JUSTIFY\">\n<p align=\"JUSTIFY\">\n<p align=\"JUSTIFY\">\n<p align=\"JUSTIFY\">\n<p align=\"JUSTIFY\">\n<p align=\"JUSTIFY\">\n<p align=\"JUSTIFY\">\n<p align=\"JUSTIFY\"><span style=\"font-family: Georgia,serif\"><a href=\"https:\/\/blogs.ua.es\/africaenelsigloxvi\/files\/2011\/12\/africa.jpg\"><img loading=\"lazy\" decoding=\"async\" class=\"alignnone size-full wp-image-116\" src=\"https:\/\/blogs.ua.es\/africaenelsigloxvi\/files\/2011\/12\/africa.jpg\" alt=\"\" width=\"640\" height=\"400\" srcset=\"https:\/\/blogs.ua.es\/africaenelsigloxvi\/files\/2011\/12\/africa.jpg 640w, https:\/\/blogs.ua.es\/africaenelsigloxvi\/files\/2011\/12\/africa-300x187.jpg 300w\" sizes=\"auto, (max-width: 640px) 100vw, 640px\" \/><\/a><\/span><\/p>\n<p align=\"JUSTIFY\"><span style=\"font-family: Georgia,serif\">A trav\u00e9s de las expediciones mar\u00edtimas los portugueses consiguieron importantes expediciones en el Oc\u00e9ano \u00cdndico y con ello, siendo en el siglo XVI junto a Espa\u00f1a, la mayor potencia mar\u00edtima de los pueblos del Atl\u00e1ntico. <\/span><\/p>\n<p align=\"JUSTIFY\"><span style=\"font-family: Georgia,serif\">Los portugueses inician sus viajes en busca de productos como el algod\u00f3n, seda, especias y az\u00facar, a lo que se a\u00f1aden otros que hasta esos momentos, no eran corrientes para ellos, como maderas de tinte y de ebanister\u00eda, a\u00f1il, caf\u00e9 y tabaco. <\/span><\/p>\n<p align=\"JUSTIFY\"><span style=\"font-family: Georgia,serif\">El incremento y desarrollo del comercio de los portugueses se vio tambi\u00e9n acrecentado gracias a la obtenci\u00f3n de oro que extrajeron de la costa occidental de \u00c1frica. El oro extra\u00eddo mediante el sufrido trabajo de los esclavos, igual que la obtenci\u00f3n del az\u00facar y el caf\u00e9 que fue cultivado por campesinos endeudados con sus gobernantes. <\/span><\/p>\n<p align=\"JUSTIFY\"><span style=\"font-family: Georgia,serif\">Portugal en el siglo XVI era un territorio que dispon\u00eda de grandes latifundios y una importante ganader\u00eda. Su capital, Lisboa era uno de los puertos mayores del mundo y dominaba la vida pol\u00edtica y econ\u00f3mica de la naci\u00f3n, gracias a sus lazos comerciales con el norte de Europa, Italia y otras zonas del mediterr\u00e1neo que permitieron la llegada de gran cantidad de emigrantes a la ciudad. Entre estos extranjeros que llegaban a Portugal, se encontraban los genoveses, mar\u00edtimos que ten\u00edan amplios conocimientos sobre la mar\u00edtima. Fueron gracias a ellos, los que desarrollaron unas primeras e importantes expansiones mar\u00edtimas. <\/span><\/p>\n<p align=\"JUSTIFY\"><span style=\"font-family: Georgia,serif\">A todo esto, se sumar\u00eda el inter\u00e9s por parte de unos administradores dirigidos por el poder real en dirigir la expansi\u00f3n y unos comerciantes, interesados en conseguir unos beneficios econ\u00f3micos. <\/span><\/p>\n<p align=\"JUSTIFY\"><span style=\"font-family: Georgia,serif\">Su primer asentamiento imperialista en las costas Africanas les permiti\u00f3 conseguir su poder y obtener un importante comercio y riquezas hasta ahora desconocidas y que flaqueaban con la expansi\u00f3n de la peste negra. El inter\u00e9s por la ocupaci\u00f3n africana parte del deseo de conseguir oro y grano, disponibles en las ciudades del norte de \u00c1frica y que a su vez, eran centros claves, ya que eran puntos donde llegaban el comercio que un\u00eda el \u00c1frica occidental productora de oro con el mundo mediterr\u00e1neo. <\/span><\/p>\n<p align=\"JUSTIFY\"><a href=\"https:\/\/blogs.ua.es\/africaenelsigloxvi\/files\/2011\/12\/Dominantes.jpg\"><img loading=\"lazy\" decoding=\"async\" class=\"alignnone size-medium wp-image-117\" src=\"https:\/\/blogs.ua.es\/africaenelsigloxvi\/files\/2011\/12\/Dominantes-278x300.jpg\" alt=\"\" width=\"278\" height=\"300\" srcset=\"https:\/\/blogs.ua.es\/africaenelsigloxvi\/files\/2011\/12\/Dominantes-278x300.jpg 278w, https:\/\/blogs.ua.es\/africaenelsigloxvi\/files\/2011\/12\/Dominantes-949x1024.jpg 949w, https:\/\/blogs.ua.es\/africaenelsigloxvi\/files\/2011\/12\/Dominantes.jpg 1483w\" sizes=\"auto, (max-width: 278px) 100vw, 278px\" \/><\/a><\/p>\n<p align=\"JUSTIFY\">\n<p align=\"JUSTIFY\"><span style=\"font-family: Georgia,serif\">Una vez que los portugueses entraron en contacto con las costas africanas establecieron las denominadas factor\u00edas, normalmente situadas en islas donde constru\u00edan un fuerte y en ellas, los portugueses dejaban una guarnici\u00f3n. Era un modo de tener un lugar seguro, donde los barcos portugueses dejaban todo su cargamento y los volv\u00edan a cargar, de forma que establec\u00edan un comercio e intercambio con los ind\u00edgenas. La factor\u00eda, no significaban que la zona llegara a ser ocupada produciendo asentamientos por los portugueses, sino que era una forma de crear un comercio de forma establece sin llegar a la conquistar la zona. <\/span><\/p>\n<p align=\"JUSTIFY\"><span style=\"font-family: Georgia,serif\">Los portugueses, en las factor\u00edas establec\u00edan un trueque de baratijas a cambio de esclavos y productos naturales y que denominaron rescate. <\/span><\/p>\n<p align=\"JUSTIFY\"><span style=\"font-family: Georgia,serif\">En cambio, cuando se produc\u00eda la colonizaci\u00f3n, los gastos reca\u00edan normalmente en nobles, los que costeaban los gastos de transporte de los colonizadores y de las iniciales actividades comerciales. Estos nobles, a cambio recib\u00edan una serie de t\u00edtulos que les permit\u00edan conseguir poderes y privilegios. El t\u00edtulo era concedido por se\u00f1ores propietarios (donatarios) de sus tierras y los nobles se compromet\u00edan a gobernar el territorio y les permit\u00edan conseguir ciertos beneficios econ\u00f3micos. <\/span><\/p>\n<p align=\"JUSTIFY\"><span style=\"font-family: Georgia,serif\">Este m\u00e9todo, se denominaba capitan\u00eda donataria, que siendo de tradici\u00f3n patriarcal le supon\u00eda un m\u00ednimo gasto a la corona.<\/span><\/p>\n<p align=\"JUSTIFY\">\n<p align=\"JUSTIFY\"><a href=\"https:\/\/blogs.ua.es\/africaenelsigloxvi\/files\/2011\/12\/afriica.jpg\"><img loading=\"lazy\" decoding=\"async\" class=\"alignnone size-full wp-image-118\" src=\"https:\/\/blogs.ua.es\/africaenelsigloxvi\/files\/2011\/12\/afriica.jpg\" alt=\"\" width=\"640\" height=\"400\" srcset=\"https:\/\/blogs.ua.es\/africaenelsigloxvi\/files\/2011\/12\/afriica.jpg 640w, https:\/\/blogs.ua.es\/africaenelsigloxvi\/files\/2011\/12\/afriica-300x187.jpg 300w\" sizes=\"auto, (max-width: 640px) 100vw, 640px\" \/><\/a><\/p>\n","protected":false},"excerpt":{"rendered":"<p>A trav\u00e9s de las expediciones mar\u00edtimas los portugueses consiguieron importantes expediciones en el Oc\u00e9ano \u00cdndico y con ello, siendo en el siglo XVI junto a Espa\u00f1a, la mayor potencia mar\u00edtima de los pueblos del Atl\u00e1ntico. Los portugueses inician sus viajes &hellip; <a href=\"https:\/\/blogs.ua.es\/africaenelsigloxvi\/portugal-en-africa\/\">Continue reading <span class=\"meta-nav\">&rarr;<\/span><\/a><\/p>\n","protected":false},"author":936,"featured_media":0,"parent":0,"menu_order":3,"comment_status":"open","ping_status":"open","template":"","meta":{"footnotes":""},"class_list":["post-39","page","type-page","status-publish","hentry"],"_links":{"self":[{"href":"https:\/\/blogs.ua.es\/africaenelsigloxvi\/wp-json\/wp\/v2\/pages\/39","targetHints":{"allow":["GET"]}}],"collection":[{"href":"https:\/\/blogs.ua.es\/africaenelsigloxvi\/wp-json\/wp\/v2\/pages"}],"about":[{"href":"https:\/\/blogs.ua.es\/africaenelsigloxvi\/wp-json\/wp\/v2\/types\/page"}],"author":[{"embeddable":true,"href":"https:\/\/blogs.ua.es\/africaenelsigloxvi\/wp-json\/wp\/v2\/users\/936"}],"replies":[{"embeddable":true,"href":"https:\/\/blogs.ua.es\/africaenelsigloxvi\/wp-json\/wp\/v2\/comments?post=39"}],"version-history":[{"count":4,"href":"https:\/\/blogs.ua.es\/africaenelsigloxvi\/wp-json\/wp\/v2\/pages\/39\/revisions"}],"predecessor-version":[{"id":56,"href":"https:\/\/blogs.ua.es\/africaenelsigloxvi\/wp-json\/wp\/v2\/pages\/39\/revisions\/56"}],"wp:attachment":[{"href":"https:\/\/blogs.ua.es\/africaenelsigloxvi\/wp-json\/wp\/v2\/media?parent=39"}],"curies":[{"name":"wp","href":"https:\/\/api.w.org\/{rel}","templated":true}]}}