{"id":11,"date":"2009-04-08T12:29:58","date_gmt":"2009-04-08T10:29:58","guid":{"rendered":"https:\/\/blogs.ua.es\/agenda21\/?page_id=11"},"modified":"2013-11-14T10:39:44","modified_gmt":"2013-11-14T08:39:44","slug":"ejes-especificos","status":"publish","type":"page","link":"https:\/\/blogs.ua.es\/agenda21\/ejes-especificos\/","title":{"rendered":"L\u00ednies Estrat\u00e8giques \/ L\u00edneas Estrat\u00e9gicas"},"content":{"rendered":"<p align=\"right\"><a href=\"#cas\">cas<\/a> val<\/p>\n<p><a title=\"val\" name=\"val\"><\/a><br \/>\nBenvingut al blog Agenda 21 de la UA. Ac\u00ed podr\u00e0s participar en una de les principals etapes en el desenvolupament d&#8217;una Agenda 21 (<a href=\"http:\/\/www.ua.es\/va\/presentacion\/vicerrectorado\/vr.viema\/ecocampus\/agenda21\/index.html\">m\u00e9s informaci\u00f3<\/a>) com a ferramenta cap al Desenvolupament Sostenible, com \u00e9s la PARTICIPACI\u00d3 I CONSCIENCIACI\u00d3 ciutadana.<br \/>\nEn aquest blog pots trobar els documents derivats del diagn\u00f2stic socioambiental desenvolupat en les etapes pr\u00e8vies de l&#8217;Agenda 21 de la UA (<a href=\"http:\/\/www.ua.es\/va\/presentacion\/vicerrectorado\/vr.viema\/ecocampus\/agenda21\/index.html\">m\u00e9s informaci\u00f3<\/a>) corresponents a:<\/p>\n<ul>\n<li>DAFO: documents en qu\u00e8 se sintetitza la percepci\u00f3 actual de la Universitat d&#8217;Alacant<\/li>\n<li>Proposta del Pla d&#8217;Acci\u00f3: documents que arrepleguen propostes inicials d&#8217;actuaci\u00f3 per a cada un dels eixos de l&#8217;Agenda 21-UA, amb la finalitat d&#8217;assolir els objectius plantejats en qualitat ambiental, econ\u00f2mica i social.<\/li>\n<\/ul>\n<p>En aquesta fase de participaci\u00f3 i debat virtual, els diferents grups d&#8217;inter\u00e9s de la comunitat universit\u00e0ria poden participar expressant el seu parer, comentaris, opinions, suggeriments, etc., relacionats amb els diferents eixos espec\u00edfics i l\u00ednies d&#8217;actuaci\u00f3 de l&#8217;Agenda 21-UA, que es llisten a continuaci\u00f3, per a aix\u00ed buscar i aconseguir Desenvolupar estrat\u00e8gies i solucions que incloguen al m\u00e9s ampli grup possible de persones, desenvolupant un sentiment de Responsabilitat Individual i Col\u00b7lectiva.<br \/>\nMoltes gr\u00e0cies per la teua col\u00b7laboraci\u00f3, esfor\u00e7 i temps per ajudar a construir una Universitat respectuosa amb el Desenvolupament Sostenible.<\/p>\n<table width=\"100%\" border=\"1\" cellspacing=\"0\" cellpadding=\"2\">\n<tbody>\n<tr>\n<td align=\"center\" bgcolor=\"#828220\"><span style=\"color: #ffffff\"><strong>Eix Espec\u00edfic<\/strong><\/span><\/td>\n<td align=\"center\" bgcolor=\"#828220\"><span style=\"color: #ffffff\"><strong>Proposta Pla Acci\u00f3<\/strong><\/span><\/td>\n<td align=\"center\" bgcolor=\"#828220\"><span style=\"color: #ffffff\"><strong>Acc\u00e9s al F\u00f2rum<\/strong><\/span><\/td>\n<\/tr>\n<tr>\n<td align=\"center\">Gesti\u00f3 Ambiental de la UA: estructura, activitats i serveis<\/td>\n<td align=\"center\"><a href=\"http:\/\/web.ua.es\/va\/ecocampus\/documentos\/agenda21\/ppa-g-ua.pdf\" target=\"_blank\">PPA_G_UA.pdf<\/a><\/td>\n<td align=\"center\"><a href=\"https:\/\/blogs.ua.es\/agenda21\/ejes-especificos\/gestion-de-la-ua\/\"><img loading=\"lazy\" decoding=\"async\" class=\"alignnone size-full wp-image-7\" alt=\"vinyeta_grande\" src=\"https:\/\/blogs.ua.es\/agenda21\/files\/2009\/04\/vinyeta_grande_tr.png\" width=\"44\" height=\"47\" \/><\/a><\/td>\n<\/tr>\n<tr>\n<td align=\"center\">Educaci\u00f3 i Sensibilitzaci\u00f3 Ambiental en la UA<\/td>\n<td align=\"center\"><a href=\"http:\/\/web.ua.es\/va\/ecocampus\/documentos\/agenda21\/ppa-esa-ua.pdf\" target=\"_blank\">PPA_ESA_UA.pdf<\/a><\/td>\n<td align=\"center\"><a href=\"https:\/\/blogs.ua.es\/agenda21\/ejes-especificos\/educacion-y-sensibilizacion-ambiental\/\"><img loading=\"lazy\" decoding=\"async\" class=\"alignnone size-full wp-image-7\" alt=\"vinyeta_grande\" src=\"https:\/\/blogs.ua.es\/agenda21\/files\/2009\/04\/vinyeta_grande_tr.png\" width=\"44\" height=\"47\" \/><\/a><\/td>\n<\/tr>\n<tr>\n<td align=\"center\">Medi Natural i Perceptiu en la UA<\/td>\n<td align=\"center\"><a href=\"http:\/\/web.ua.es\/va\/ecocampus\/documentos\/agenda21\/ppa-mnyp-ua.pdf\" target=\"_blank\">PPA_MNyP_UA.pdf<\/a><\/td>\n<td align=\"center\"><a href=\"https:\/\/blogs.ua.es\/agenda21\/ejes-especificos\/medio-natural\/\"><img loading=\"lazy\" decoding=\"async\" class=\"alignnone size-full wp-image-7\" alt=\"vinyeta_grande\" src=\"https:\/\/blogs.ua.es\/agenda21\/files\/2009\/04\/vinyeta_grande_tr.png\" width=\"44\" height=\"47\" \/><\/a><\/td>\n<\/tr>\n<tr>\n<td align=\"center\">Pla de Mobilitat Sostenible de la UA\u00a0<img loading=\"lazy\" decoding=\"async\" alt=\"idesp\" src=\"https:\/\/blogs.ua.es\/agenda21\/files\/2010\/03\/nuevova.gif\" width=\"28\" height=\"18\" \/><\/td>\n<td align=\"center\"><a title=\"Plan de Mobilitat Sostenible de la UA\" href=\"https:\/\/blogs.ua.es\/agenda21\/pla-de-mobilit\u2026nible-de-la-ua\/\">PPA_PMS_UA<\/a><\/td>\n<td align=\"center\"><a href=\"https:\/\/blogs.ua.es\/agenda21\/ejes-especificos\/movilidad-y-accesibilidad\/\"><img loading=\"lazy\" decoding=\"async\" class=\"alignnone size-full wp-image-7\" alt=\"vinyeta_grande\" src=\"https:\/\/blogs.ua.es\/agenda21\/files\/2009\/04\/vinyeta_grande_tr.png\" width=\"44\" height=\"47\" \/><\/a><\/td>\n<\/tr>\n<tr>\n<td align=\"center\">Accessibilitat en la UA<\/td>\n<td align=\"center\"><a href=\"http:\/\/web.ua.es\/va\/ecocampus\/documentos\/agenda21\/ppa-a-ua.pdf\" target=\"_blank\">PPA_A_UA.pdf<\/a><\/td>\n<td align=\"center\"><a href=\"https:\/\/blogs.ua.es\/agenda21\/ejes-especificos\/accesibilidad\/\"><img loading=\"lazy\" decoding=\"async\" class=\"alignnone size-full wp-image-7\" alt=\"vinyeta_grande\" src=\"https:\/\/blogs.ua.es\/agenda21\/files\/2009\/04\/vinyeta_grande_tr.png\" width=\"44\" height=\"47\" \/><\/a><\/td>\n<\/tr>\n<tr>\n<td align=\"center\">Gesti\u00f3 de Residus en la UA<\/td>\n<td align=\"center\"><a href=\"http:\/\/web.ua.es\/va\/ecocampus\/documentos\/agenda21\/ppa-gr-ua.pdf\" target=\"_blank\">PPA_GR_UA.pdf<\/a><\/td>\n<td align=\"center\"><a href=\"https:\/\/blogs.ua.es\/agenda21\/ejes-especificos\/gestion-de-residuos\/\"><img loading=\"lazy\" decoding=\"async\" class=\"alignnone size-full wp-image-7\" alt=\"vinyeta_grande\" src=\"https:\/\/blogs.ua.es\/agenda21\/files\/2009\/04\/vinyeta_grande_tr.png\" width=\"44\" height=\"47\" \/><\/a><\/td>\n<\/tr>\n<tr>\n<td align=\"center\">Gesti\u00f3 de l&#8217;Aigua en la UA<\/td>\n<td align=\"center\"><a href=\"http:\/\/web.ua.es\/va\/ecocampus\/documentos\/agenda21\/ppa-ga-ua.pdf\" target=\"_blank\">PPA_GA_UA.pdf<\/a><\/td>\n<td align=\"center\"><a href=\"https:\/\/blogs.ua.es\/agenda21\/ejes-especificos\/gestion-del-agua\/\"><img loading=\"lazy\" decoding=\"async\" class=\"alignnone size-full wp-image-7\" alt=\"vinyeta_grande\" src=\"https:\/\/blogs.ua.es\/agenda21\/files\/2009\/04\/vinyeta_grande_tr.png\" width=\"44\" height=\"47\" \/><\/a><\/td>\n<\/tr>\n<tr>\n<td align=\"center\">Efici\u00e8ncia Energ\u00e8tica en la UA<\/td>\n<td align=\"center\"><a href=\"http:\/\/web.ua.es\/va\/ecocampus\/documentos\/agenda21\/ppa-ee-ua.pdf\" target=\"_blank\">PPA_EE_UA.pdf<\/a><\/td>\n<td align=\"center\"><a href=\"https:\/\/blogs.ua.es\/agenda21\/ejes-especificos\/eficiencia-energetica\/\"><img loading=\"lazy\" decoding=\"async\" class=\"alignnone size-full wp-image-7\" alt=\"vinyeta_grande\" src=\"https:\/\/blogs.ua.es\/agenda21\/files\/2009\/04\/vinyeta_grande_tr.png\" width=\"44\" height=\"47\" \/><\/a><\/td>\n<\/tr>\n<tr>\n<td align=\"center\">Contaminaci\u00f3 Atmosf\u00e8rica en la UA<\/td>\n<td align=\"center\"><a href=\"http:\/\/web.ua.es\/va\/ecocampus\/documentos\/agenda21\/ppa-ca-ua.pdf\" target=\"_blank\">PPA_CA_UA.pdf<\/a><\/td>\n<td align=\"center\"><a href=\"https:\/\/blogs.ua.es\/agenda21\/ejes-especificos\/contaminacion-atmosferica\/\"><img loading=\"lazy\" decoding=\"async\" class=\"alignnone size-full wp-image-7\" alt=\"vinyeta_grande\" src=\"https:\/\/blogs.ua.es\/agenda21\/files\/2009\/04\/vinyeta_grande_tr.png\" width=\"44\" height=\"47\" \/><\/a><\/td>\n<\/tr>\n<tr>\n<td align=\"center\">Soroll Ambiental en la UA<\/td>\n<td align=\"center\"><a href=\"http:\/\/web.ua.es\/va\/ecocampus\/documentos\/agenda21\/ppa-ra-ua.pdf\" target=\"_blank\">PPA_RA_UA.pdf<\/a><\/td>\n<td align=\"center\"><a href=\"https:\/\/blogs.ua.es\/agenda21\/ejes-especificos\/ruido-ambiental\/\"><img loading=\"lazy\" decoding=\"async\" class=\"alignnone size-full wp-image-7\" alt=\"vinyeta_grande\" src=\"https:\/\/blogs.ua.es\/agenda21\/files\/2009\/04\/vinyeta_grande_tr.png\" width=\"44\" height=\"47\" \/><\/a><\/td>\n<\/tr>\n<\/tbody>\n<\/table>\n<p align=\"right\">cas <a href=\"#val\">val<\/a><\/p>\n<p><a title=\"cas\" name=\"cas\"><\/a><br \/>\n<span style=\"color: #777777\"><br \/>\nBienvenido al blog Agenda 21 de la UA. Aqu\u00ed podr\u00e1s participar en una de las principales etapas en el desarrollo de una Agenda 21 (<a href=\"http:\/\/www.ua.es\/es\/presentacion\/vicerrectorado\/vr.viema\/ecocampus\/agenda21\/index.html\">m\u00e1s informaci\u00f3n<\/a>) como herramienta hacia el Desarrollo Sostenible, como es la PARTICIPACI\u00d3N Y CONCIENCIACI\u00d3N ciudadana.<br \/>\nEn este blog puedes encontrar los documentos derivados del diagn\u00f3stico socio-ambiental desarrollado en las etapas previas de la Agenda 21 de la UA (<a href=\"http:\/\/www.ua.es\/es\/presentacion\/vicerrectorado\/vr.viema\/ecocampus\/agenda21\/index.html\">m\u00e1s informaci\u00f3n<\/a>) correspondientes a:<\/span><\/p>\n<ul>\n<li><span style=\"color: #777777\"><strong>DAFO:<\/strong> documentos en los que se sintetiza la percepci\u00f3n actual de la Universidad de Alicante<\/span><\/li>\n<li><span style=\"color: #777777\"><strong>Propuesta del Plan de Acci\u00f3n:<\/strong> documentos que recogen propuestas iniciales de actuaci\u00f3n para cada uno de los ejes de la Agenda 21-UA, con la finalidad de alcanzar los objetivos planteados en calidad ambiental, econ\u00f3mica y social.<\/span><\/li>\n<\/ul>\n<p><span style=\"color: #777777\">En esta fase de participaci\u00f3n y debate virtual, los diferentes grupos de inter\u00e9s de la comunidad universitaria pueden participar expresando su parecer, comentarios, opiniones, sugerencias, etc., relacionados con los diferentes ejes espec\u00edficos y l\u00edneas de actuaci\u00f3n de la Agenda 21-UA, que se listan a continuaci\u00f3n, para as\u00ed buscar y conseguir Desarrollar estrategias y soluciones que incluyan al m\u00e1s amplio grupo posible de personas, desarrollando un sentimiento de Responsabilidad Individual y Colectiva.<br \/>\nMuchas gracias por tu colaboraci\u00f3n, esfuerzo y tiempo por ayudar a construir una Universidad respetuosa con el Desarrollo Sostenible.<br \/>\n<\/span><\/p>\n<table width=\"100%\" border=\"1\" cellspacing=\"0\" cellpadding=\"2\">\n<tbody>\n<tr>\n<td align=\"center\" bgcolor=\"#828220\"><span style=\"color: #ffffff\"><strong>L\u00ednea Estrat\u00e9gica<\/strong><\/span><\/td>\n<td align=\"center\" bgcolor=\"#828220\"><span style=\"color: #ffffff\"><strong>Propuesta Plan Acci\u00f3n<\/strong><\/span><\/td>\n<td align=\"center\" bgcolor=\"#828220\"><span style=\"color: #ffffff\"><strong>Acceso al Foro<\/strong><\/span><\/td>\n<\/tr>\n<tr>\n<td align=\"center\">Gesti\u00f3n Ambiental de la UA: estructura, actividades y servicios<\/td>\n<td align=\"center\"><a href=\"http:\/\/web.ua.es\/es\/ecocampus\/documentos\/agenda21\/ppa-g-ua.pdf\" target=\"_blank\">PPA_G_UA.pdf<\/a><\/td>\n<td align=\"center\"><a href=\"https:\/\/blogs.ua.es\/agenda21\/ejes-especificos\/gestion-de-la-ua\/\"><img loading=\"lazy\" decoding=\"async\" class=\"alignnone size-full wp-image-7\" alt=\"vinyeta_grande\" src=\"https:\/\/blogs.ua.es\/agenda21\/files\/2009\/04\/vinyeta_grande_tr.png\" width=\"44\" height=\"47\" \/><\/a><\/td>\n<\/tr>\n<tr>\n<td align=\"center\">Educaci\u00f3n y Sensibilizaci\u00f3n Ambiental en la UA<\/td>\n<td align=\"center\"><a href=\"http:\/\/web.ua.es\/es\/ecocampus\/documentos\/agenda21\/ppa-esa-ua.pdf\" target=\"_blank\">PPA_ESA_UA.pdf<\/a><\/td>\n<td align=\"center\"><a href=\"https:\/\/blogs.ua.es\/agenda21\/ejes-especificos\/educacion-y-sensibilizacion-ambiental\/\"><img loading=\"lazy\" decoding=\"async\" class=\"alignnone size-full wp-image-7\" alt=\"vinyeta_grande\" src=\"https:\/\/blogs.ua.es\/agenda21\/files\/2009\/04\/vinyeta_grande_tr.png\" width=\"44\" height=\"47\" \/><\/a><\/td>\n<\/tr>\n<tr>\n<td align=\"center\">Medio Natural y Perceptual en la UA<\/td>\n<td align=\"center\"><a href=\"http:\/\/web.ua.es\/es\/ecocampus\/documentos\/agenda21\/ppa-mnyp-ua.pdf\" target=\"_blank\">PPA_MNyP_UA.pdf<\/a><\/td>\n<td align=\"center\"><a href=\"https:\/\/blogs.ua.es\/agenda21\/ejes-especificos\/medio-natural\/\"><img loading=\"lazy\" decoding=\"async\" class=\"alignnone size-full wp-image-7\" alt=\"vinyeta_grande\" src=\"https:\/\/blogs.ua.es\/agenda21\/files\/2009\/04\/vinyeta_grande_tr.png\" width=\"44\" height=\"47\" \/><\/a><\/td>\n<\/tr>\n<tr>\n<td align=\"center\">Plan de Movilidad Sostenible de la UA\u00a0<img loading=\"lazy\" decoding=\"async\" alt=\"idesp\" src=\"https:\/\/blogs.ua.es\/agenda21\/files\/2010\/03\/nuevo.gif\" width=\"39\" height=\"26\" \/><\/td>\n<td align=\"center\"><a title=\"Plan de Movilidad Sostenible\" href=\"https:\/\/blogs.ua.es\/agenda21\/pla-de-mobilit\u2026nible-de-la-ua\/\">PPA_PMS_UA<\/a><\/td>\n<td align=\"center\"><a href=\"https:\/\/blogs.ua.es\/agenda21\/ejes-especificos\/movilidad-y-accesibilidad\/\"><img loading=\"lazy\" decoding=\"async\" class=\"alignnone size-full wp-image-7\" alt=\"vinyeta_grande\" src=\"https:\/\/blogs.ua.es\/agenda21\/files\/2009\/04\/vinyeta_grande_tr.png\" width=\"44\" height=\"47\" \/><\/a><\/td>\n<\/tr>\n<tr>\n<td align=\"center\">Accesibilidad en la UA<\/td>\n<td align=\"center\"><a href=\"http:\/\/web.ua.es\/es\/ecocampus\/documentos\/agenda21\/ppa-a-ua.pdf\" target=\"_blank\">PPA_A_UA.pdf<\/a><\/td>\n<td align=\"center\"><a href=\"https:\/\/blogs.ua.es\/agenda21\/ejes-especificos\/accesibilidad\/\"><img loading=\"lazy\" decoding=\"async\" class=\"alignnone size-full wp-image-7\" alt=\"vinyeta_grande\" src=\"https:\/\/blogs.ua.es\/agenda21\/files\/2009\/04\/vinyeta_grande_tr.png\" width=\"44\" height=\"47\" \/><\/a><\/td>\n<\/tr>\n<tr>\n<td align=\"center\">Gesti\u00f3n de Residuos en la UA<\/td>\n<td align=\"center\"><a href=\"http:\/\/web.ua.es\/es\/ecocampus\/documentos\/agenda21\/ppa-gr-ua.pdf\">PPA_GR_UA.pdf<\/a><\/td>\n<td align=\"center\"><a href=\"https:\/\/blogs.ua.es\/agenda21\/ejes-especificos\/gestion-de-residuos\/\"><img loading=\"lazy\" decoding=\"async\" class=\"alignnone size-full wp-image-7\" alt=\"vinyeta_grande\" src=\"https:\/\/blogs.ua.es\/agenda21\/files\/2009\/04\/vinyeta_grande_tr.png\" width=\"44\" height=\"47\" \/><\/a><\/td>\n<\/tr>\n<tr>\n<td align=\"center\">Gesti\u00f3n del Agua en la UA<\/td>\n<td align=\"center\"><a href=\"http:\/\/web.ua.es\/es\/ecocampus\/documentos\/agenda21\/ppa-ga-ua.pdf\">PPA_GA_UA.pdf<\/a><\/td>\n<td align=\"center\"><a href=\"https:\/\/blogs.ua.es\/agenda21\/ejes-especificos\/gestion-del-agua\/\"><img loading=\"lazy\" decoding=\"async\" class=\"alignnone size-full wp-image-7\" alt=\"vinyeta_grande\" src=\"https:\/\/blogs.ua.es\/agenda21\/files\/2009\/04\/vinyeta_grande_tr.png\" width=\"44\" height=\"47\" \/><\/a><\/td>\n<\/tr>\n<tr>\n<td align=\"center\">Eficiencia Energ\u00e9tica en la UA<\/td>\n<td align=\"center\"><a href=\"http:\/\/web.ua.es\/es\/ecocampus\/documentos\/agenda21\/ppa-ee-ua.pdf\" target=\"_blank\">PPA_EE_UA.pdf<\/a><\/td>\n<td align=\"center\"><a href=\"https:\/\/blogs.ua.es\/agenda21\/ejes-especificos\/eficiencia-energetica\/\"><img loading=\"lazy\" decoding=\"async\" class=\"alignnone size-full wp-image-7\" alt=\"vinyeta_grande\" src=\"https:\/\/blogs.ua.es\/agenda21\/files\/2009\/04\/vinyeta_grande_tr.png\" width=\"44\" height=\"47\" \/><\/a><\/td>\n<\/tr>\n<tr>\n<td align=\"center\">Contaminaci\u00f3n Atmosf\u00e9rica en la UA<\/td>\n<td align=\"center\"><a href=\"http:\/\/web.ua.es\/es\/ecocampus\/documentos\/agenda21\/ppa-ca-ua.pdf\" target=\"_blank\">PPA_CA_UA.pdf<\/a><\/td>\n<td align=\"center\"><a href=\"https:\/\/blogs.ua.es\/agenda21\/ejes-especificos\/contaminacion-atmosferica\/\"><img loading=\"lazy\" decoding=\"async\" class=\"alignnone size-full wp-image-7\" alt=\"vinyeta_grande\" src=\"https:\/\/blogs.ua.es\/agenda21\/files\/2009\/04\/vinyeta_grande_tr.png\" width=\"44\" height=\"47\" \/><\/a><\/td>\n<\/tr>\n<tr>\n<td align=\"center\">Ruido Ambiental en la UA<\/td>\n<td align=\"center\"><a href=\"http:\/\/web.ua.es\/es\/ecocampus\/documentos\/agenda21\/ppa-ra-ua.pdf\" target=\"_blank\">PPA_RA_UA.pdf<\/a><\/td>\n<td align=\"center\"><a href=\"https:\/\/blogs.ua.es\/agenda21\/ejes-especificos\/ruido-ambiental\/\"><img loading=\"lazy\" decoding=\"async\" class=\"alignnone size-full wp-image-7\" alt=\"vinyeta_grande\" src=\"https:\/\/blogs.ua.es\/agenda21\/files\/2009\/04\/vinyeta_grande_tr.png\" width=\"44\" height=\"47\" \/><\/a><\/td>\n<\/tr>\n<\/tbody>\n<\/table>\n","protected":false},"excerpt":{"rendered":"<p>cas val Benvingut al blog Agenda 21 de la UA. Ac\u00ed podr\u00e0s participar en una de les principals etapes en el desenvolupament d&#8217;una Agenda 21 (m\u00e9s informaci\u00f3) com a ferramenta cap al Desenvolupament Sostenible, com \u00e9s la PARTICIPACI\u00d3 I CONSCIENCIACI\u00d3 ciutadana. En aquest blog pots trobar els documents derivats del diagn\u00f2stic socioambiental desenvolupat en les [&hellip;]<\/p>\n","protected":false},"author":1241,"featured_media":0,"parent":0,"menu_order":0,"comment_status":"closed","ping_status":"closed","template":"","meta":{"footnotes":""},"class_list":["post-11","page","type-page","status-publish","hentry"],"_links":{"self":[{"href":"https:\/\/blogs.ua.es\/agenda21\/wp-json\/wp\/v2\/pages\/11","targetHints":{"allow":["GET"]}}],"collection":[{"href":"https:\/\/blogs.ua.es\/agenda21\/wp-json\/wp\/v2\/pages"}],"about":[{"href":"https:\/\/blogs.ua.es\/agenda21\/wp-json\/wp\/v2\/types\/page"}],"author":[{"embeddable":true,"href":"https:\/\/blogs.ua.es\/agenda21\/wp-json\/wp\/v2\/users\/1241"}],"replies":[{"embeddable":true,"href":"https:\/\/blogs.ua.es\/agenda21\/wp-json\/wp\/v2\/comments?post=11"}],"version-history":[{"count":22,"href":"https:\/\/blogs.ua.es\/agenda21\/wp-json\/wp\/v2\/pages\/11\/revisions"}],"predecessor-version":[{"id":387,"href":"https:\/\/blogs.ua.es\/agenda21\/wp-json\/wp\/v2\/pages\/11\/revisions\/387"}],"wp:attachment":[{"href":"https:\/\/blogs.ua.es\/agenda21\/wp-json\/wp\/v2\/media?parent=11"}],"curies":[{"name":"wp","href":"https:\/\/api.w.org\/{rel}","templated":true}]}}