{"id":91,"date":"2009-05-04T11:07:14","date_gmt":"2009-05-04T09:07:14","guid":{"rendered":"https:\/\/blogs.ua.es\/agenda21\/?page_id=91"},"modified":"2009-06-03T16:43:15","modified_gmt":"2009-06-03T14:43:15","slug":"agenda-21-cas","status":"publish","type":"page","link":"https:\/\/blogs.ua.es\/agenda21\/agenda-21-cas\/","title":{"rendered":"\u00bfAgenda 21? (cas)"},"content":{"rendered":"<p align=\"right\"><img loading=\"lazy\" decoding=\"async\" class=\"alignnone size-full wp-image-101\" src=\"https:\/\/blogs.ua.es\/agenda21\/files\/2009\/05\/idesp.gif\" alt=\"idesp\" width=\"25\" height=\"24\" \/><a href=\"https:\/\/blogs.ua.es\/agenda21\/agenda-21-va\/\"><img loading=\"lazy\" decoding=\"async\" class=\"alignnone size-full wp-image-102\" src=\"https:\/\/blogs.ua.es\/agenda21\/files\/2009\/05\/idval.gif\" alt=\"idval\" width=\"25\" height=\"24\" \/><\/a><\/p>\n<p><span style=\"color: #777777;font-size: medium\"><strong><br \/>\n\u00bfQu\u00e9 es la Agenda 21?<br \/>\n<\/strong><\/span><br \/>\n<span style=\"color: #777777\">Agenda 21 es un programa de las Naciones Unidas (ONU) para promover el desarrollo sostenible entendido como mejora de la calidad de vida de la comunidad, en equilibrio con el capital natural y con las capacidades econ\u00f3micas locales (desarrollo econ\u00f3mico, equidad social y sostenibilidad ambiental).<\/span><\/p>\n<p><span style=\"color: #777777\">Se trata de un plan detallado de acciones que permite analizar la situaci\u00f3n actual y elaborar propuestas de mejora a los problemas sociales, econ\u00f3micos y ambientales actuales a nivel local, con la finalidad de resolverlos y realizar previsiones para el futuro (siglo XXI). Se trata de resolver los problemas locales para acabar mejorando la totalidad del planeta.<\/span><\/p>\n<p><span style=\"color: #777777\">La Agenda 21 supone el compromiso de una comunidad de estimular de forma estructurada y planificada el desarrollo de medidas encaminadas a hacer compatible el respeto al medio ambiente con el desarrollo social y econ\u00f3mico.<\/span><\/p>\n<p align=\"center\"><span style=\"color: #777777\"><img loading=\"lazy\" decoding=\"async\" class=\"alignnone size-full wp-image-49\" src=\"https:\/\/blogs.ua.es\/agenda21\/files\/2009\/04\/esquema.jpg\" alt=\"esquema\" width=\"400\" height=\"178\" \/><\/span><\/p>\n<p><span style=\"color: #777777\"><strong>Objetivos<\/strong><\/span><\/p>\n<ul>\n<li><span style=\"color: #777777\"> Promover un Est\u00e1ndar de Calidad Ambiental m\u00e1s exigente que, a su vez, favorezca un aumento de la calidad de vida universitaria.<\/span><\/li>\n<li><span style=\"color: #777777\"> Desarrollar un proceso consultivo basado en la participaci\u00f3n, promovido por el Vicerrectorado de Infraestructuras y Ampliaci\u00f3n del Campus para toda la comunidad universitaria, que mejore la cooperaci\u00f3n entre los diferentes \u00f3rganos universitarios. <\/span><\/li>\n<li><span style=\"color: #777777\"> Sensibilizar, formar e informar a todo el colectivo universitario de la repercusi\u00f3n ambiental de las actividades desarrolladas en la UA.<\/span><\/li>\n<li><span style=\"color: #777777\"> Ofrecer a la sociedad un marco de reflexi\u00f3n sobre las consecuencias de la actividad de la UA, as\u00ed como facilitar un marco metodol\u00f3gico que sirva de referencia a otras instituciones y administraciones en el tratamiento, resoluci\u00f3n y mejora de su problem\u00e1tica ambiental. <\/span><\/li>\n<\/ul>\n<p><span style=\"color: #777777\">En s\u00edntesis, con la Agenda 21 Local en la Universidad de Alicante se pretende conseguir un CAMPUS SOSTENIBLE, es decir: Ecol\u00f3gico, Solidario, Participativo.<\/span><\/p>\n<p><span style=\"color: #777777\"><img loading=\"lazy\" decoding=\"async\" class=\"alignnone size-full wp-image-249\" src=\"https:\/\/blogs.ua.es\/agenda21\/files\/2009\/04\/esquema_agenda21.png\" alt=\"esquema_agenda21\" width=\"960\" height=\"720\" \/><\/span><\/p>\n<p align=\"right\"><span style=\"color: #777777\">(<a href=\"http:\/\/www.ua.es\/es\/presentacion\/vicerrectorado\/vr.viema\/ecocampus\/agenda21\/index.html\">m\u00e1s informaci\u00f3n<\/a>)<\/span><\/p>\n","protected":false},"excerpt":{"rendered":"<p>\u00bfQu\u00e9 es la Agenda 21? Agenda 21 es un programa de las Naciones Unidas (ONU) para promover el desarrollo sostenible entendido como mejora de la calidad de vida de la comunidad, en equilibrio con el capital natural y con las capacidades econ\u00f3micas locales (desarrollo econ\u00f3mico, equidad social y sostenibilidad ambiental). Se trata de un plan [&hellip;]<\/p>\n","protected":false},"author":1241,"featured_media":0,"parent":0,"menu_order":3,"comment_status":"closed","ping_status":"closed","template":"","meta":{"footnotes":""},"class_list":["post-91","page","type-page","status-publish","hentry"],"_links":{"self":[{"href":"https:\/\/blogs.ua.es\/agenda21\/wp-json\/wp\/v2\/pages\/91","targetHints":{"allow":["GET"]}}],"collection":[{"href":"https:\/\/blogs.ua.es\/agenda21\/wp-json\/wp\/v2\/pages"}],"about":[{"href":"https:\/\/blogs.ua.es\/agenda21\/wp-json\/wp\/v2\/types\/page"}],"author":[{"embeddable":true,"href":"https:\/\/blogs.ua.es\/agenda21\/wp-json\/wp\/v2\/users\/1241"}],"replies":[{"embeddable":true,"href":"https:\/\/blogs.ua.es\/agenda21\/wp-json\/wp\/v2\/comments?post=91"}],"version-history":[{"count":8,"href":"https:\/\/blogs.ua.es\/agenda21\/wp-json\/wp\/v2\/pages\/91\/revisions"}],"predecessor-version":[{"id":244,"href":"https:\/\/blogs.ua.es\/agenda21\/wp-json\/wp\/v2\/pages\/91\/revisions\/244"}],"wp:attachment":[{"href":"https:\/\/blogs.ua.es\/agenda21\/wp-json\/wp\/v2\/media?parent=91"}],"curies":[{"name":"wp","href":"https:\/\/api.w.org\/{rel}","templated":true}]}}