{"id":24,"date":"2016-01-19T18:23:49","date_gmt":"2016-01-19T18:23:49","guid":{"rendered":"https:\/\/blogs.ua.es\/ahistoria\/?page_id=24"},"modified":"2016-01-21T20:05:09","modified_gmt":"2016-01-21T20:05:09","slug":"alicante-enero-de-1982","status":"publish","type":"page","link":"https:\/\/blogs.ua.es\/ahistoria\/alicante-enero-de-1982\/","title":{"rendered":"Alicante, Enero de 1982"},"content":{"rendered":"<p>\u00a1Bienvenidos a historia man\u00eda! Hoy os traemos una noticia relacionada con Alicante. Y es que en Enero de 1982 el Colombia cerro el consulado que ten\u00eda en Alicante por un asunto de trata de ni\u00f1os. Sabemos que a simple vista no es muy jugosa, pero quer\u00edamos dar a conocer una noticia que fuera de importancia en nuestra provincia aquel mes,y, aqu\u00ed la ten\u00e9is, \u00a1disfrutarla!<\/p>\n<p> COLOMBIA CIERRA CONSULADO EN ALICANTE POR UN ASUNTO DE TRATA DE NI\u00d1OS<br \/>\nLa clausura oficial del consulado de Colombia en Alicante por las autoridades colombianas, como consecuencia de la trata de ni\u00f1os de aquel pa\u00eds en Espa\u00f1a ha llegado cuando ya no se efectuaba en \u00e9l ning\u00fan tipo de tr\u00e1mites consulares. Poco antes de navidades, el c\u00f3nsul de Colombia, en Alicante, Alfonso Cabal, abandon\u00f3 esta ciudad para dirigirse al pa\u00eds latinoamericano, donde se encuentra en la actualidad, pero, desde hace algunos meses, el consulado al frente del cual se encontraba ya no desarrollaba ninguna actividad. De hecho, y desde hace aproximadamente un mes, todos los tr\u00e1mites consulares de Colombia en Alicante y Murcia, que \u00e9ste era el \u00e1mbito del consulado de Alicante, se ha centralizado en Valencia, pasando a depender del c\u00f3nsul de esta ciudad.<br \/>\nEl consulado colombiano en Alicante centr\u00f3 la atenci\u00f3n de las autoridades de su pa\u00eds a ra\u00edz de las denuncias presentadas contra su c\u00f3nsul, a quien se implic\u00f3 en un comercio de ni\u00f1os colombianos en Espa\u00f1a. Alfonso Cabal hab\u00eda insertado diversos anuncios en la Prensa de Valencia, ciudad en la que estall\u00f3 el esc\u00e1ndalo, en los que ofrec\u00eda ni\u00f1os colombianos para su adopci\u00f3n por una determinada cantidad de dinero. Mientras la Embajada negaba tales adopciones, Alfonso Cabal manifestaba en Alicante que toda la operaci\u00f3n contaba con el visto bueno de la Direcci\u00f3n de Acci\u00f3n Social de su pa\u00eds y que lo \u00fanico que se pretend\u00eda con las adopciones era que los numerosos ni\u00f1os colombianos abandonados, y cuyo destino era el orfanato, pudieran contar con una familia.<br \/>\nA su vez, la Embajada insist\u00eda en que no hab\u00eda nada cierto y que esta imagen que se ofrec\u00eda da\u00f1aba los intereses de su pa\u00eds. Alfonso Cabal, desde Alicante, se manten\u00eda en su postura y colocaba el origen de la disputa en una confrontaci\u00f3n pol\u00edtica interna de su pa\u00eds, de apoyo a distintos l\u00edderes y tambi\u00e9n distintas formas de enfocar una acci\u00f3n social. Poco despu\u00e9s, el c\u00f3nsul de Alicante viajaba a Colombia y a su regreso a esta ciudad siguieron de nuevo abiertas las oficinas consulares sin que volviera a hablarse del tenia.<br \/>\nHasta que, poco antes de Navidades, y cuando ya, la Embajada hab\u00eda comunicado que para cualquier asunto relacionado con su pa\u00eds en Alicante y Murcia deber\u00edan entrar en contacto con el consulado de Valencia, Alfonso Cabal rescindi\u00f3 el contrato de alquiler de las oficinas.<\/p>\n","protected":false},"excerpt":{"rendered":"<p>\u00a1Bienvenidos a historia man\u00eda! Hoy os traemos una noticia relacionada con Alicante. Y es que en Enero de 1982 el Colombia cerro el consulado que ten\u00eda en Alicante por un asunto de trata de ni\u00f1os. Sabemos que a simple vista no es muy jugosa, pero quer\u00edamos dar a conocer una noticia que fuera de importancia [&hellip;]<\/p>\n","protected":false},"author":4031,"featured_media":0,"parent":0,"menu_order":0,"comment_status":"closed","ping_status":"closed","template":"","meta":{"footnotes":""},"class_list":["post-24","page","type-page","status-publish","hentry"],"_links":{"self":[{"href":"https:\/\/blogs.ua.es\/ahistoria\/wp-json\/wp\/v2\/pages\/24","targetHints":{"allow":["GET"]}}],"collection":[{"href":"https:\/\/blogs.ua.es\/ahistoria\/wp-json\/wp\/v2\/pages"}],"about":[{"href":"https:\/\/blogs.ua.es\/ahistoria\/wp-json\/wp\/v2\/types\/page"}],"author":[{"embeddable":true,"href":"https:\/\/blogs.ua.es\/ahistoria\/wp-json\/wp\/v2\/users\/4031"}],"replies":[{"embeddable":true,"href":"https:\/\/blogs.ua.es\/ahistoria\/wp-json\/wp\/v2\/comments?post=24"}],"version-history":[{"count":4,"href":"https:\/\/blogs.ua.es\/ahistoria\/wp-json\/wp\/v2\/pages\/24\/revisions"}],"predecessor-version":[{"id":41,"href":"https:\/\/blogs.ua.es\/ahistoria\/wp-json\/wp\/v2\/pages\/24\/revisions\/41"}],"wp:attachment":[{"href":"https:\/\/blogs.ua.es\/ahistoria\/wp-json\/wp\/v2\/media?parent=24"}],"curies":[{"name":"wp","href":"https:\/\/api.w.org\/{rel}","templated":true}]}}