{"id":37,"date":"2016-01-21T19:53:38","date_gmt":"2016-01-21T19:53:38","guid":{"rendered":"https:\/\/blogs.ua.es\/ahistoria\/?page_id=37"},"modified":"2016-01-21T22:31:22","modified_gmt":"2016-01-21T22:31:22","slug":"metodologia-y-fuentes-utilizadas","status":"publish","type":"page","link":"https:\/\/blogs.ua.es\/ahistoria\/metodologia-y-fuentes-utilizadas\/","title":{"rendered":"METODOLOG\u00cdA Y FUENTES UTILIZADAS"},"content":{"rendered":"<p>El trabajo realizado ha sido procesado aplicando uno de los m\u00e9todos mencionados en clase. Donde comenzamos preparando una idea general de los diversos tipos de noticias que \u00edbamos a emprender a buscar. En este primer paso realizamos un planning de los temas m\u00e1s relevantes a tratar que fueron: Noticias de pol\u00edtica exterior e interior, noticias de actualidad y sucesos, de deportes, cultura y ocio y una noticia a tratar sobre Alicante, y donde todas ten\u00edan que haber tenido lugar en enero de 1982. El segundo paso fue, una vez confirmados los puntos a tratar, buscar noticias que respondieran a nuestras exigencias, donde para ello utilizamos principalmente como fuente peri\u00f3dicos impresos, as\u00ed como portada de estos para localizar las noticias m\u00e1s relevantes y donde adem\u00e1s respondieran a los puntos de inter\u00e9s anteriormente marcados. Posteriormente, pasamos a realizar el tercer paso, donde una vez localizadas las noticias m\u00e1s relevantes, dimos paso estructurarla seg\u00fan su tema, organizando adem\u00e1s las preguntas oportunas para la entrevista que ten\u00edamos que realizar as\u00ed como recopilando la informaci\u00f3n m\u00e1s distintiva con el objetivo de poder hacer uso de ella y poder realizar nuestra entrada en el blog de la manera mejor preparada posible. Por \u00faltimo, estructuramos los pasos a seguir en los v\u00eddeos realizados, preparando los datos de m\u00e1s importancia de cada noticia seleccionada, de tal manera que pudi\u00e9ramos despertar la intriga de los lectores lo m\u00e1ximo posible.<\/p>\n<p>COMENTARIO SOBRE FUENTES UTILIZADAS<br \/>\nLas fuentes que hemos utilizado han sido fundamentalmente peri\u00f3dicos escritos, de los cuales hemos hecho uso para realizar tanto las entradas de las diferentes noticias como la entrevista. A trav\u00e9s del uso de estos peri\u00f3dicos y la informaci\u00f3n que nos han proporcionado hemos podido realizar diferentes enfoques sobre las noticias de aquella \u00e9poca, as\u00ed como poder observar las diferentes ideolog\u00edas y as\u00ed poder mostrar en cierto modo como<br \/>\nhemos ido evolucionando a lo largo de estos a\u00f1os<\/p>\n<p>Y aqu\u00ed unas tomas falsas de nuestro trabajo.<br \/>\n<iframe loading=\"lazy\" title=\"Tomas falsas\" width=\"500\" height=\"281\" src=\"https:\/\/www.youtube.com\/embed\/u49aXI-L7eM?feature=oembed\" frameborder=\"0\" allow=\"accelerometer; autoplay; clipboard-write; encrypted-media; gyroscope; picture-in-picture; web-share\" referrerpolicy=\"strict-origin-when-cross-origin\" allowfullscreen><\/iframe><\/p>\n","protected":false},"excerpt":{"rendered":"<p>El trabajo realizado ha sido procesado aplicando uno de los m\u00e9todos mencionados en clase. Donde comenzamos preparando una idea general de los diversos tipos de noticias que \u00edbamos a emprender a buscar. En este primer paso realizamos un planning de los temas m\u00e1s relevantes a tratar que fueron: Noticias de pol\u00edtica exterior e interior, noticias [&hellip;]<\/p>\n","protected":false},"author":4031,"featured_media":0,"parent":0,"menu_order":0,"comment_status":"closed","ping_status":"closed","template":"","meta":{"footnotes":""},"class_list":["post-37","page","type-page","status-publish","hentry"],"_links":{"self":[{"href":"https:\/\/blogs.ua.es\/ahistoria\/wp-json\/wp\/v2\/pages\/37","targetHints":{"allow":["GET"]}}],"collection":[{"href":"https:\/\/blogs.ua.es\/ahistoria\/wp-json\/wp\/v2\/pages"}],"about":[{"href":"https:\/\/blogs.ua.es\/ahistoria\/wp-json\/wp\/v2\/types\/page"}],"author":[{"embeddable":true,"href":"https:\/\/blogs.ua.es\/ahistoria\/wp-json\/wp\/v2\/users\/4031"}],"replies":[{"embeddable":true,"href":"https:\/\/blogs.ua.es\/ahistoria\/wp-json\/wp\/v2\/comments?post=37"}],"version-history":[{"count":3,"href":"https:\/\/blogs.ua.es\/ahistoria\/wp-json\/wp\/v2\/pages\/37\/revisions"}],"predecessor-version":[{"id":85,"href":"https:\/\/blogs.ua.es\/ahistoria\/wp-json\/wp\/v2\/pages\/37\/revisions\/85"}],"wp:attachment":[{"href":"https:\/\/blogs.ua.es\/ahistoria\/wp-json\/wp\/v2\/media?parent=37"}],"curies":[{"name":"wp","href":"https:\/\/api.w.org\/{rel}","templated":true}]}}