{"id":200,"date":"2012-01-18T18:52:45","date_gmt":"2012-01-18T17:52:45","guid":{"rendered":"https:\/\/blogs.ua.es\/aiguamollsalacant\/?page_id=200"},"modified":"2012-01-18T18:52:45","modified_gmt":"2012-01-18T17:52:45","slug":"valoracio-general-de-les-referencies-2","status":"publish","type":"page","link":"https:\/\/blogs.ua.es\/aiguamollsalacant\/valoracio-general-de-les-referencies-2\/","title":{"rendered":"Valoraci\u00f3 General de les Refer\u00e8ncies"},"content":{"rendered":"<p style=\"text-align: justify\">Per a la realitzaci\u00f3 del nostre blog hem anat buscant informaci\u00f3 a diferents fonts de la xarxa i a documents f\u00edsics, elegint els documents que m\u00e9s rellevants ens pareixien, que tractaren al voltant dels aiguamolls de la prov\u00edncia d&#8217;Alacant i de temes relacionats i estrictament lligats amb aquests que ens pareixien interesants i necessaris a l&#8217;hora de parlar del aiguamolls. Perqu\u00e8 no sols vol\u00edem seleccionar articles que es delimitaren a descriure\u2019ls o caracteritzar-los, sin\u00f3 que tamb\u00e9, em considerat importants les relacions dels aiguamolls amb l&#8217;\u00e9sser hum\u00e0, la flora i la fauna.<br \/>\nPer a aquesta tasca hem buscat a diferents repositoris, webs, llibres, peri\u00f2dics digitals, revistes online, i biblioteques amb les eines apreses a la assignatura de Fonts i Documents per a la Hist\u00f2ria.<\/p>\n<p style=\"text-align: justify\">Demanem a qualsevol que consulte el blog que ens ajuden a millorar-lo comentant-nos problemes que \u00fas surten i errors que trobeu.<\/p>\n<p style=\"text-align: justify\">Gracies per visitar el nostre blog.<\/p>\n<p style=\"text-align: justify\">Pablo Berenguer Carbonell i Gon\u00e7alo Cerd\u00e0 Beneito.<\/p>\n<p style=\"text-align: justify\">\n","protected":false},"excerpt":{"rendered":"<p>Per a la realitzaci\u00f3 del nostre blog hem anat buscant informaci\u00f3 a diferents fonts de la xarxa i a documents f\u00edsics, elegint els documents que m\u00e9s rellevants ens pareixien, que tractaren al voltant dels aiguamolls de la prov\u00edncia d&#8217;Alacant i de temes relacionats i estrictament lligats amb aquests que ens pareixien interesants i necessaris a [&hellip;]<\/p>\n","protected":false},"author":2554,"featured_media":0,"parent":0,"menu_order":0,"comment_status":"open","ping_status":"open","template":"","meta":{"footnotes":""},"class_list":["post-200","page","type-page","status-publish","hentry"],"_links":{"self":[{"href":"https:\/\/blogs.ua.es\/aiguamollsalacant\/wp-json\/wp\/v2\/pages\/200","targetHints":{"allow":["GET"]}}],"collection":[{"href":"https:\/\/blogs.ua.es\/aiguamollsalacant\/wp-json\/wp\/v2\/pages"}],"about":[{"href":"https:\/\/blogs.ua.es\/aiguamollsalacant\/wp-json\/wp\/v2\/types\/page"}],"author":[{"embeddable":true,"href":"https:\/\/blogs.ua.es\/aiguamollsalacant\/wp-json\/wp\/v2\/users\/2554"}],"replies":[{"embeddable":true,"href":"https:\/\/blogs.ua.es\/aiguamollsalacant\/wp-json\/wp\/v2\/comments?post=200"}],"version-history":[{"count":2,"href":"https:\/\/blogs.ua.es\/aiguamollsalacant\/wp-json\/wp\/v2\/pages\/200\/revisions"}],"predecessor-version":[{"id":242,"href":"https:\/\/blogs.ua.es\/aiguamollsalacant\/wp-json\/wp\/v2\/pages\/200\/revisions\/242"}],"wp:attachment":[{"href":"https:\/\/blogs.ua.es\/aiguamollsalacant\/wp-json\/wp\/v2\/media?parent=200"}],"curies":[{"name":"wp","href":"https:\/\/api.w.org\/{rel}","templated":true}]}}