{"id":124,"date":"2019-10-15T08:41:26","date_gmt":"2019-10-15T07:41:26","guid":{"rendered":"https:\/\/blogs.ua.es\/alconpatespana\/?page_id=124"},"modified":"2020-02-28T09:23:44","modified_gmt":"2020-02-28T08:23:44","slug":"preconpat-espana-2016","status":"publish","type":"page","link":"https:\/\/blogs.ua.es\/alconpatespana\/preconpat-espana-2016\/","title":{"rendered":"PreConpat Espa\u00f1a 2016"},"content":{"rendered":"<p><strong>Cartel PRE-CONPAT 2016<strong><br \/>\n<a href=\"https:\/\/blogs.ua.es\/alconpatespana\/files\/2019\/10\/Cartel-PRE-CONPAT-final.pdf\" target=\"blank\" rel=\"noopener noreferrer\">Cartel PRE-CONPAT final (fichero PDF)<\/a><\/p>\n<p><strong>D\u00edptico CONPAT 2016<\/strong><br \/>\n<a href=\"https:\/\/blogs.ua.es\/alconpatespana\/files\/2019\/10\/D\u00edptico-Conpat16-final.pdf\" target=\"blank\" rel=\"noopener noreferrer\">D\u00edptico Conpat16 final (fichero PDF)<\/a><\/p>\n<p><strong>Apertura PreConpat Espa\u00f1a 2016<\/strong><br \/>\n<\/p>\n<p><strong>Conferencia de Antonio Aguado PreConpat 2016<\/strong><br \/>\n<\/p>\n<p><strong>Conferencia de Carmen Andrade PreConpat 2016<\/strong><br \/>\n<\/p>\n<p><strong>Conferencia de Jos\u00e9 Calavera PreConpat 2016<\/strong><br \/>\n<\/p>\n<p><strong>Conferencia de Pedro Castro PreConpat 2016<\/strong><br \/>\n<\/p>\n<p><strong>Conferencia de Manuel Fern\u00e1ndez C\u00e1novas PreConpat 2016<\/strong><br \/>\n<\/p>\n<p><strong>Conferencia de Jordi Pay PreConpat 2016<\/strong><br \/>\n<\/p>\n","protected":false},"excerpt":{"rendered":"<p>Cartel PRE-CONPAT 2016 Cartel PRE-CONPAT final (fichero PDF) D\u00edptico CONPAT 2016 D\u00edptico Conpat16 final (fichero PDF) Apertura PreConpat Espa\u00f1a 2016 Conferencia de Antonio Aguado PreConpat 2016 Conferencia de Carmen Andrade PreConpat 2016 Conferencia de Jos\u00e9 Calavera PreConpat 2016 Conferencia de &hellip;<\/p>\n<p class=\"read-more\"> <a class=\"more-link\" href=\"https:\/\/blogs.ua.es\/alconpatespana\/preconpat-espana-2016\/\"> <span class=\"screen-reader-text\">PreConpat Espa\u00f1a 2016<\/span> Leer M\u00e1s  &raquo;<\/a><\/p>\n","protected":false},"author":4338,"featured_media":0,"parent":0,"menu_order":0,"comment_status":"closed","ping_status":"closed","template":"","meta":{"footnotes":""},"class_list":["post-124","page","type-page","status-publish","hentry"],"_links":{"self":[{"href":"https:\/\/blogs.ua.es\/alconpatespana\/wp-json\/wp\/v2\/pages\/124","targetHints":{"allow":["GET"]}}],"collection":[{"href":"https:\/\/blogs.ua.es\/alconpatespana\/wp-json\/wp\/v2\/pages"}],"about":[{"href":"https:\/\/blogs.ua.es\/alconpatespana\/wp-json\/wp\/v2\/types\/page"}],"author":[{"embeddable":true,"href":"https:\/\/blogs.ua.es\/alconpatespana\/wp-json\/wp\/v2\/users\/4338"}],"replies":[{"embeddable":true,"href":"https:\/\/blogs.ua.es\/alconpatespana\/wp-json\/wp\/v2\/comments?post=124"}],"version-history":[{"count":8,"href":"https:\/\/blogs.ua.es\/alconpatespana\/wp-json\/wp\/v2\/pages\/124\/revisions"}],"predecessor-version":[{"id":155,"href":"https:\/\/blogs.ua.es\/alconpatespana\/wp-json\/wp\/v2\/pages\/124\/revisions\/155"}],"wp:attachment":[{"href":"https:\/\/blogs.ua.es\/alconpatespana\/wp-json\/wp\/v2\/media?parent=124"}],"curies":[{"name":"wp","href":"https:\/\/api.w.org\/{rel}","templated":true}]}}