{"id":152,"date":"2009-12-21T15:00:49","date_gmt":"2009-12-21T13:00:49","guid":{"rendered":"https:\/\/blogs.ua.es\/alejandrofarnese\/?page_id=152"},"modified":"2011-11-15T22:52:46","modified_gmt":"2011-11-15T20:52:46","slug":"webs-y-libros-bibliografia","status":"publish","type":"page","link":"https:\/\/blogs.ua.es\/alejandrofarnese\/webs-y-libros-bibliografia\/","title":{"rendered":"Webs y libros: Bibliograf\u00eda"},"content":{"rendered":"<p>La bibliograf\u00eda empleada para la realizaci\u00f3n de este Blog, y que pueden resultar de gran inter\u00e9s para aquella persona que quiera saber m\u00e1s sobre la figura de Alejandro Farnesio Duque de Parma son:<\/p>\n<p>Libros:<\/p>\n<p>&#8211; <em>Los medios navales de Alejandro Farnesio<\/em>; Fernando Ria\u00f1o Lozano; Ministerio de Defensa, Centro de Publicaciones; 1999.<\/p>\n<p><em>-El cronista Antonio de Herrera y la historia de Alejandro Farnesio<\/em> por C. P\u00e9rez Bustamante; Madrid,1933.<\/p>\n<p>&#8211;<em>Alejandro Farnese en las relaciones de sucesos espa\u00f1olas<\/em>; Ana Mart\u00ednez Pereira; Univdersiad Complutense de Madrid.<span style=\"font-family: verdana;font-size: xx-small\"><br \/>\n<\/span><\/p>\n<table width=\"100%\" border=\"0\" bgcolor=\"#ecebeb\">\n<tbody>\n<tr>\n<td width=\"492\">\u00a0<\/td>\n<\/tr>\n<\/tbody>\n<\/table>\n<p>P\u00e1ginas Web:<\/p>\n<p>&nbsp;<\/p>\n<p style=\"margin-bottom: 0cm\"><a href=\"http:\/\/www.unav.es\/ha\/007-TEAT\/primeros-farnesio.htm\">http:\/\/www.unav.es\/ha\/007-TEAT\/primeros-farnesio.htm<\/a><\/p>\n<p style=\"margin-bottom: 0cm\"><a href=\"http:\/\/poesiadelmomento.com\/hispanica\/48gobierno.html#Farnesio,%20Alejandro\">http:\/\/poesiadelmomento.com\/hispanica\/48gobierno.html#Farnesio,%20Alejandro<\/a><\/p>\n<p style=\"margin-bottom: 0cm\"><a href=\"http:\/\/es.wikipedia.org\/wiki\/Pier_Luigi_Farnesio\">http:\/\/es.wikipedia.org\/wiki\/Pier_Luigi_Farnesio<\/a><\/p>\n<p style=\"margin-bottom: 0cm\"><a href=\"http:\/\/www.uv.es\/ivorra\/Historia\/SXVI\/1581.htm\">http:\/\/www.uv.es\/ivorra\/Historia\/SXVI\/1581.htm<\/a><\/p>\n<p style=\"margin-bottom: 0cm\"><a href=\"http:\/\/e-spacio.uned.es\/fez\/eserv.php?pid=bibliuned:436&amp;dsID=camara22.pdf\">http:\/\/e-spacio.uned.es\/fez\/eserv.php?pid=bibliuned:436&amp;dsID=camara22.pdf<\/a><\/p>\n<p style=\"margin-bottom: 0cm\"><a href=\"http:\/\/www.consultatodo.com\/historia\/moderna\/historia1584-1589.htm\">http:\/\/www.consultatodo.com\/historia\/moderna\/historia1584-1589.htm<\/a><\/p>\n<p style=\"margin-bottom: 0cm\"><a href=\"http:\/\/www.fotolog.com\/anibal_barca\/43911322\">http:\/\/www.fotolog.com\/anibal_barca\/43911322<\/a><\/p>\n<p style=\"margin-bottom: 0cm\"><a href=\"http:\/\/es.wikipedia.org\/wiki\/Batalla_de_Gembloux\">http:\/\/es.wikipedia.org\/wiki\/Batalla_de_Gembloux<\/a><\/p>\n<p style=\"margin-bottom: 0cm\"><a href=\"http:\/\/es.wikipedia.org\/wiki\/Batalla_de_Lepanto\">http:\/\/es.wikipedia.org\/wiki\/Batalla_de_Lepanto<\/a><\/p>\n<p style=\"margin-bottom: 0cm\"><a href=\"http:\/\/mgar.net\/var\/lepanto.htm\">http:\/\/mgar.net\/var\/lepanto.htm<\/a><\/p>\n<p style=\"margin-bottom: 0cm\"><a href=\"http:\/\/es.wikipedia.org\/wiki\/Batalla_de_Gembloux\">http:\/\/es.wikipedia.org\/wiki\/Batalla_de_Gembloux<\/a><\/p>\n<p style=\"margin-bottom: 0cm\"><a href=\"http:\/\/www.elmundo.es\/magazine\/num124\/textos\/felipe3.html\">http:\/\/www.elmundo.es\/magazine\/num124\/textos\/felipe3.html<\/a><\/p>\n","protected":false},"excerpt":{"rendered":"<p>La bibliograf\u00eda empleada para la realizaci\u00f3n de este Blog, y que pueden resultar de gran inter\u00e9s para aquella persona que quiera saber m\u00e1s sobre la figura de Alejandro Farnesio Duque de Parma son: Libros: &#8211; Los medios navales de Alejandro Farnesio; Fernando Ria\u00f1o Lozano; Ministerio de Defensa, Centro de Publicaciones; 1999. -El cronista Antonio de [&hellip;]<\/p>\n","protected":false},"author":1408,"featured_media":0,"parent":0,"menu_order":0,"comment_status":"open","ping_status":"open","template":"","meta":{"footnotes":""},"class_list":["post-152","page","type-page","status-publish","hentry"],"_links":{"self":[{"href":"https:\/\/blogs.ua.es\/alejandrofarnese\/wp-json\/wp\/v2\/pages\/152","targetHints":{"allow":["GET"]}}],"collection":[{"href":"https:\/\/blogs.ua.es\/alejandrofarnese\/wp-json\/wp\/v2\/pages"}],"about":[{"href":"https:\/\/blogs.ua.es\/alejandrofarnese\/wp-json\/wp\/v2\/types\/page"}],"author":[{"embeddable":true,"href":"https:\/\/blogs.ua.es\/alejandrofarnese\/wp-json\/wp\/v2\/users\/1408"}],"replies":[{"embeddable":true,"href":"https:\/\/blogs.ua.es\/alejandrofarnese\/wp-json\/wp\/v2\/comments?post=152"}],"version-history":[{"count":5,"href":"https:\/\/blogs.ua.es\/alejandrofarnese\/wp-json\/wp\/v2\/pages\/152\/revisions"}],"predecessor-version":[{"id":154,"href":"https:\/\/blogs.ua.es\/alejandrofarnese\/wp-json\/wp\/v2\/pages\/152\/revisions\/154"}],"wp:attachment":[{"href":"https:\/\/blogs.ua.es\/alejandrofarnese\/wp-json\/wp\/v2\/media?parent=152"}],"curies":[{"name":"wp","href":"https:\/\/api.w.org\/{rel}","templated":true}]}}