{"id":74,"date":"2009-12-16T19:14:10","date_gmt":"2009-12-16T17:14:10","guid":{"rendered":"https:\/\/blogs.ua.es\/alejandrofarnese\/?page_id=74"},"modified":"2009-12-16T19:14:10","modified_gmt":"2009-12-16T17:14:10","slug":"los-peculiares-antecedentes-de-alejandro-farnesio","status":"publish","type":"page","link":"https:\/\/blogs.ua.es\/alejandrofarnese\/los-peculiares-antecedentes-de-alejandro-farnesio\/","title":{"rendered":"Los peculiares antecedentes de Alejandro Farnesio"},"content":{"rendered":"<p><!-- \t\t@page { margin: 2cm } \t\tP { margin-bottom: 0.21cm } --><\/p>\n<p style=\"margin-bottom: 0cm\">Podemos decir que los antecedentes de Alejandro Farnesio resultan muy peculiares, seguramente pocos personajes hist\u00f3ricos pueden surgir que tengan como antecedentes en la familia a un rey y un Papa.<\/p>\n<p style=\"margin-bottom: 0cm\">\n<p style=\"margin-bottom: 0cm\">Pues bien si pocos pueden ser los ejemplos, Alejandro Farnesio es uno de ellos. Por parte materna, su abuelo Carlos I, pues la madre de Farnesio era hija ilegitima de este, fue rey de Espa\u00f1a, mientras que por parte de  padre su bisabuelo era el Papa Paulo III.<\/p>\n<p style=\"margin-bottom: 0cm\">\n<p style=\"margin-bottom: 0cm\">Pero para desentra\u00f1ar un poco m\u00e1s todo este nudo familiar, y entender como pudo ser el Papa Paulo III bisabuelo de Alejandro Farnesio, daremos una breve memoria desde Paulo III, llamado en realidad Alejandro Farnesio, hasta el Alejandro Farnesio militar.<\/p>\n<p style=\"margin-bottom: 0cm\">\n<p style=\"margin-bottom: 0cm\">PauloIII, se llamaba en realidad como ya hemos dicho Alejandro Farnesio, qui\u00e9n pertenec\u00eda a la gran familia de los Farnesos, quienes dispon\u00edan de mucho territorio. Su carrera eclesi\u00e1stica no empez\u00f3 siendo sacerdote, sino ayudado por Alejandro VI quien manten\u00eda relaciones con su hermana Julia Farnesio, fue acrecentando su carrera en la iglesia.<\/p>\n<p style=\"margin-bottom: 0cm\">\n<p style=\"margin-bottom: 0cm\">Tubo una vida lujosa, y mientras fue obispo de Parma tubo cuatro hijos bastardos  con una noble romana:Paolo, Constanza, Ranuccio y Pier Luigi, que ser\u00e1n legitimizados m\u00e1s tarde por Julio II.<\/p>\n<p style=\"margin-bottom: 0cm\">\n<p style=\"margin-bottom: 0cm\">Finalmente se convirti\u00f3 en Papa y muri\u00f3 a causa de una violenta fiebre con la edad de 81 a\u00f1os.<\/p>\n<p style=\"margin-bottom: 0cm\">\n<p style=\"margin-bottom: 0cm\">Para entender la relaci\u00f3n con Alejandro Farnesio, nos centraremos en el \u00faltimo de los hijos Pedro Luis, que naci\u00f3 en Roma, fu\u00e9 mercenario y particip\u00f3 en el saqueo de Roma de 1527.<\/p>\n<p style=\"margin-bottom: 0cm\">\n<p style=\"margin-bottom: 0cm\">Pedro Lu\u00eds se cas\u00f3 con Girolama Orsini y tuvieron cuatro hijos: Octavio, Alejandro, Ranuccio y Victoria.<\/p>\n","protected":false},"excerpt":{"rendered":"<p>Podemos decir que los antecedentes de Alejandro Farnesio resultan muy peculiares, seguramente pocos personajes hist\u00f3ricos pueden surgir que tengan como antecedentes en la familia a un rey y un Papa. Pues bien si pocos pueden ser los ejemplos, Alejandro Farnesio es uno de ellos. Por parte materna, su abuelo Carlos I, pues la madre de [&hellip;]<\/p>\n","protected":false},"author":1408,"featured_media":0,"parent":0,"menu_order":0,"comment_status":"open","ping_status":"open","template":"","meta":{"footnotes":""},"class_list":["post-74","page","type-page","status-publish","hentry"],"_links":{"self":[{"href":"https:\/\/blogs.ua.es\/alejandrofarnese\/wp-json\/wp\/v2\/pages\/74","targetHints":{"allow":["GET"]}}],"collection":[{"href":"https:\/\/blogs.ua.es\/alejandrofarnese\/wp-json\/wp\/v2\/pages"}],"about":[{"href":"https:\/\/blogs.ua.es\/alejandrofarnese\/wp-json\/wp\/v2\/types\/page"}],"author":[{"embeddable":true,"href":"https:\/\/blogs.ua.es\/alejandrofarnese\/wp-json\/wp\/v2\/users\/1408"}],"replies":[{"embeddable":true,"href":"https:\/\/blogs.ua.es\/alejandrofarnese\/wp-json\/wp\/v2\/comments?post=74"}],"version-history":[{"count":2,"href":"https:\/\/blogs.ua.es\/alejandrofarnese\/wp-json\/wp\/v2\/pages\/74\/revisions"}],"predecessor-version":[{"id":76,"href":"https:\/\/blogs.ua.es\/alejandrofarnese\/wp-json\/wp\/v2\/pages\/74\/revisions\/76"}],"wp:attachment":[{"href":"https:\/\/blogs.ua.es\/alejandrofarnese\/wp-json\/wp\/v2\/media?parent=74"}],"curies":[{"name":"wp","href":"https:\/\/api.w.org\/{rel}","templated":true}]}}