{"id":98,"date":"2009-12-18T13:54:32","date_gmt":"2009-12-18T11:54:32","guid":{"rendered":"https:\/\/blogs.ua.es\/alejandrofarnese\/?page_id=98"},"modified":"2009-12-18T13:54:32","modified_gmt":"2009-12-18T11:54:32","slug":"su-primera-actuacion-en-la-batalla-de-lepanto","status":"publish","type":"page","link":"https:\/\/blogs.ua.es\/alejandrofarnese\/su-primera-actuacion-en-la-batalla-de-lepanto\/","title":{"rendered":"Su primera actuaci\u00f3n en la Batalla de Lepanto"},"content":{"rendered":"<p><!-- \t\t@page { margin: 2cm } \t\tP { margin-bottom: 0.21cm } --><\/p>\n<p style=\"margin-bottom: 0cm\">SU PRIMERA ACTUACI\u00d3N MILITAR EN LEPANTO:<\/p>\n<p style=\"margin-bottom: 0cm\">\n<p style=\"margin-bottom: 0cm\">En 1570 despu\u00e9s de un tiempo de tranquilidad , los turcos inician un expansi\u00f3n atacando los puertos del mediterr\u00e1neo oriental.<\/p>\n<p style=\"margin-bottom: 0cm\">\n<p style=\"margin-bottom: 0cm\">En tal situaci\u00f3n Venecia pedir\u00e1 la ayuda de las potencias cristianas para paliar esta actuaci\u00f3n turca, pero solo obtendr\u00e1 la respuesta de Papa Pio V, que convence al rey de Espa\u00f1a y esta env\u00eda una armada para parar a los turcos.<\/p>\n<p style=\"margin-bottom: 0cm\">\n<p style=\"margin-bottom: 0cm\">Ahora bien las capitulaciones hasta construir la Liga Santa se demoraron por la gran confluencia de diferentes intereses y objetivos.<\/p>\n<p style=\"margin-bottom: 0cm\">\n<p style=\"margin-bottom: 0cm\">La respuesta a la toma de Chipre por parte de los turcos, fue un fracaso para las tropas cristianas, y todos los jefes se culpaban unos a otros.<\/p>\n<p style=\"margin-bottom: 0cm\">\n<p style=\"margin-bottom: 0cm\">Finalmente y tras el continuo avance Turco, el 29 de septiembre, abordaron la capitana de la armada espa\u00f1ola cuyo dirigente era Don Juan de Austria, una fragata de Andrade  anunciando que los turcos les esperaban en el golfo de Lepanto. Una maniobra perfecta permiti\u00f3 cerrar el golfo y conseguir una situaci\u00f3n clave en la colocaci\u00f3n de la armada espa\u00f1ola.<\/p>\n<p style=\"margin-bottom: 0cm;text-align: center\">\n<figure id=\"attachment_99\" aria-describedby=\"caption-attachment-99\" style=\"width: 500px\" class=\"wp-caption aligncenter\"><a href=\"http:\/\/images.google.es\/images?hl=es&amp;source=hp&amp;q=batalla+de+lepanto&amp;btnG=Buscar+im%C3%A1genes&amp;gbv=2&amp;aq=0&amp;oq=batalla+de+Lepa\"><img loading=\"lazy\" decoding=\"async\" class=\"size-full wp-image-99\" title=\"combatelepanto1\" src=\"https:\/\/blogs.ua.es\/alejandrofarnese\/files\/2009\/12\/combatelepanto1.jpg\" alt=\"Batalla de Lepanto\" width=\"500\" height=\"365\" srcset=\"https:\/\/blogs.ua.es\/alejandrofarnese\/files\/2009\/12\/combatelepanto1.jpg 500w, https:\/\/blogs.ua.es\/alejandrofarnese\/files\/2009\/12\/combatelepanto1-300x219.jpg 300w\" sizes=\"auto, (max-width: 500px) 100vw, 500px\" \/><\/a><figcaption id=\"caption-attachment-99\" class=\"wp-caption-text\">Batalla de Lepanto<\/figcaption><\/figure>\n<p style=\"margin-bottom: 0cm\">As\u00ed el 7 de octubre de 1571 se produce la batalla de Lepanto; el primer ataque turco fue neutralizado por Barbagio quien fue herido de muerte. Y finalmente  un galeote cristiano cort\u00f3 la cabeza del almirante Al\u00ed con su hacha de abordaje, y pese a una no rendici\u00f3n de los turcos, la lucha sigui\u00f3 hasta conseguir la victoria cristiana.<\/p>\n<p style=\"margin-bottom: 0cm\">\n<p style=\"margin-bottom: 0cm\">Venecia tubo que reconocer que la victoria se hab\u00eda dado en gran medida gracias a Espa\u00f1a y a Don Juan de Austria, y pese a que fue una aparente total victoria de la Liga Santa, las desconfianzas entre aliados, y las futuras rebeliones, posteriores hasta esta batalla, no demuestran que sea una victoria definitiva, sino que m\u00e1s bien anunciaba un periodo oscuro y sombr\u00edo lleno de problemas y rebeliones.<\/p>\n<p style=\"margin-bottom: 0cm\">\n<p style=\"margin-bottom: 0cm\">En este marco de conflicto hizo su primera actuaci\u00f3n militar Alejandro Farnesio, quien participio en la batalla de Lepanto, reclamado por Don Juan de Austria, su compa\u00f1ero de formaci\u00f3n y amigo.<\/p>\n<p style=\"margin-bottom: 0cm\">\n<p style=\"margin-bottom: 0cm\">Y aunque si que se sabe de su participaci\u00f3n en esta batalla, no ser\u00e1 aqu\u00ed cuando demuestre sus grandes dotes, pues es en esta batalla Don Juan de Austria quien adquiere el protagonismo, aunque es de imaginar que Don Juan de Austria tubo que percibir el gran talento de Farnesio para lo militar, pues posteriormente le hace llamar en otras batallas.<\/p>\n","protected":false},"excerpt":{"rendered":"<p>SU PRIMERA ACTUACI\u00d3N MILITAR EN LEPANTO: En 1570 despu\u00e9s de un tiempo de tranquilidad , los turcos inician un expansi\u00f3n atacando los puertos del mediterr\u00e1neo oriental. En tal situaci\u00f3n Venecia pedir\u00e1 la ayuda de las potencias cristianas para paliar esta actuaci\u00f3n turca, pero solo obtendr\u00e1 la respuesta de Papa Pio V, que convence al rey [&hellip;]<\/p>\n","protected":false},"author":1408,"featured_media":0,"parent":0,"menu_order":0,"comment_status":"open","ping_status":"open","template":"","meta":{"footnotes":""},"class_list":["post-98","page","type-page","status-publish","hentry"],"_links":{"self":[{"href":"https:\/\/blogs.ua.es\/alejandrofarnese\/wp-json\/wp\/v2\/pages\/98","targetHints":{"allow":["GET"]}}],"collection":[{"href":"https:\/\/blogs.ua.es\/alejandrofarnese\/wp-json\/wp\/v2\/pages"}],"about":[{"href":"https:\/\/blogs.ua.es\/alejandrofarnese\/wp-json\/wp\/v2\/types\/page"}],"author":[{"embeddable":true,"href":"https:\/\/blogs.ua.es\/alejandrofarnese\/wp-json\/wp\/v2\/users\/1408"}],"replies":[{"embeddable":true,"href":"https:\/\/blogs.ua.es\/alejandrofarnese\/wp-json\/wp\/v2\/comments?post=98"}],"version-history":[{"count":2,"href":"https:\/\/blogs.ua.es\/alejandrofarnese\/wp-json\/wp\/v2\/pages\/98\/revisions"}],"predecessor-version":[{"id":101,"href":"https:\/\/blogs.ua.es\/alejandrofarnese\/wp-json\/wp\/v2\/pages\/98\/revisions\/101"}],"wp:attachment":[{"href":"https:\/\/blogs.ua.es\/alejandrofarnese\/wp-json\/wp\/v2\/media?parent=98"}],"curies":[{"name":"wp","href":"https:\/\/api.w.org\/{rel}","templated":true}]}}