{"id":8,"date":"2013-11-15T15:19:39","date_gmt":"2013-11-15T15:19:39","guid":{"rendered":"https:\/\/blogs.ua.es\/alfazdelpi1\/?page_id=8"},"modified":"2014-01-13T23:00:52","modified_gmt":"2014-01-13T23:00:52","slug":"valoracion","status":"publish","type":"page","link":"https:\/\/blogs.ua.es\/alfazdelpi1\/valoracion\/","title":{"rendered":"Valoraci\u00f3n"},"content":{"rendered":"<p>Nuestra visita a Alfaz del Pi nos llen\u00f3 de grandes sorpresas como por ejemplo la gran cantidad de residentes extranjeros que la habitan, incluso hay m\u00e1s extranjeros que espa\u00f1oles en este municipio.<\/p>\n<p>Hemos disfrutado mucho de esta experiencia y descubierto varias cosas que nos han enriquecido a nivel cultural. Esperamos volver a disfrutar de experiencias como esta en los pr\u00f3ximos a\u00f1os.<\/p>\n<p>Un saludo y gracias por hacer una parada en este peque\u00f1o lugar.<\/p>\n","protected":false},"excerpt":{"rendered":"<p>Nuestra visita a Alfaz del Pi nos llen\u00f3 de grandes sorpresas como por ejemplo la gran cantidad de residentes extranjeros que la habitan, incluso hay m\u00e1s extranjeros que espa\u00f1oles en este municipio. Hemos disfrutado mucho de esta experiencia y descubierto varias cosas que nos han enriquecido a nivel cultural. Esperamos volver a disfrutar de experiencias [&hellip;]<\/p>\n","protected":false},"author":3345,"featured_media":0,"parent":0,"menu_order":2,"comment_status":"open","ping_status":"open","template":"","meta":{"footnotes":""},"class_list":["post-8","page","type-page","status-publish","hentry"],"_links":{"self":[{"href":"https:\/\/blogs.ua.es\/alfazdelpi1\/wp-json\/wp\/v2\/pages\/8","targetHints":{"allow":["GET"]}}],"collection":[{"href":"https:\/\/blogs.ua.es\/alfazdelpi1\/wp-json\/wp\/v2\/pages"}],"about":[{"href":"https:\/\/blogs.ua.es\/alfazdelpi1\/wp-json\/wp\/v2\/types\/page"}],"author":[{"embeddable":true,"href":"https:\/\/blogs.ua.es\/alfazdelpi1\/wp-json\/wp\/v2\/users\/3345"}],"replies":[{"embeddable":true,"href":"https:\/\/blogs.ua.es\/alfazdelpi1\/wp-json\/wp\/v2\/comments?post=8"}],"version-history":[{"count":3,"href":"https:\/\/blogs.ua.es\/alfazdelpi1\/wp-json\/wp\/v2\/pages\/8\/revisions"}],"predecessor-version":[{"id":186,"href":"https:\/\/blogs.ua.es\/alfazdelpi1\/wp-json\/wp\/v2\/pages\/8\/revisions\/186"}],"wp:attachment":[{"href":"https:\/\/blogs.ua.es\/alfazdelpi1\/wp-json\/wp\/v2\/media?parent=8"}],"curies":[{"name":"wp","href":"https:\/\/api.w.org\/{rel}","templated":true}]}}