{"id":8,"date":"2013-11-15T09:22:34","date_gmt":"2013-11-15T09:22:34","guid":{"rendered":"https:\/\/blogs.ua.es\/alicante2\/?page_id=8"},"modified":"2013-11-15T09:22:34","modified_gmt":"2013-11-15T09:22:34","slug":"presentacion","status":"publish","type":"page","link":"https:\/\/blogs.ua.es\/alicante2\/presentacion\/","title":{"rendered":"Presentaci\u00f3n"},"content":{"rendered":"<p>Este blog se ha creado con la intenci\u00f3n de realizar el trabajo de Escrituras expuestas de la asignatura <em>Fuentes y Documentos para la historia de la <a href=\"http:\/\/www.ua.es\" target=\"_blank\">Universidad de Alicante\u00a0<\/a><a href=\"http:\/\/www.ua.es\/\"><br \/>\n<\/a><\/em><\/p>\n<p>El grupo que realizar\u00e1 el blog est\u00e1 integrado por los siguientes componentes:<strong> Daniel \u00c1lvarez Santamar\u00eda, Sergi Berrios Castell\u00f3, Ivan Cuadrado Sevila, Nacho Castellano Zamora y Alejandro Buil Guirado.<\/strong><\/p>\n<p>&nbsp;<\/p>\n<p>&nbsp;<\/p>\n","protected":false},"excerpt":{"rendered":"<p>Este blog se ha creado con la intenci\u00f3n de realizar el trabajo de Escrituras expuestas de la asignatura Fuentes y Documentos para la historia de la Universidad de Alicante\u00a0 El grupo que realizar\u00e1 el blog est\u00e1 integrado por los siguientes componentes: Daniel \u00c1lvarez Santamar\u00eda, Sergi Berrios Castell\u00f3, Ivan Cuadrado Sevila, Nacho Castellano Zamora y Alejandro [&hellip;]<\/p>\n","protected":false},"author":3268,"featured_media":0,"parent":0,"menu_order":0,"comment_status":"open","ping_status":"open","template":"","meta":{"footnotes":""},"class_list":["post-8","page","type-page","status-publish","hentry"],"_links":{"self":[{"href":"https:\/\/blogs.ua.es\/alicante2\/wp-json\/wp\/v2\/pages\/8","targetHints":{"allow":["GET"]}}],"collection":[{"href":"https:\/\/blogs.ua.es\/alicante2\/wp-json\/wp\/v2\/pages"}],"about":[{"href":"https:\/\/blogs.ua.es\/alicante2\/wp-json\/wp\/v2\/types\/page"}],"author":[{"embeddable":true,"href":"https:\/\/blogs.ua.es\/alicante2\/wp-json\/wp\/v2\/users\/3268"}],"replies":[{"embeddable":true,"href":"https:\/\/blogs.ua.es\/alicante2\/wp-json\/wp\/v2\/comments?post=8"}],"version-history":[{"count":1,"href":"https:\/\/blogs.ua.es\/alicante2\/wp-json\/wp\/v2\/pages\/8\/revisions"}],"predecessor-version":[{"id":9,"href":"https:\/\/blogs.ua.es\/alicante2\/wp-json\/wp\/v2\/pages\/8\/revisions\/9"}],"wp:attachment":[{"href":"https:\/\/blogs.ua.es\/alicante2\/wp-json\/wp\/v2\/media?parent=8"}],"curies":[{"name":"wp","href":"https:\/\/api.w.org\/{rel}","templated":true}]}}