{"id":13,"date":"2013-11-15T09:25:16","date_gmt":"2013-11-15T09:25:16","guid":{"rendered":"https:\/\/blogs.ua.es\/alicante4\/?page_id=13"},"modified":"2013-12-29T12:53:06","modified_gmt":"2013-12-29T11:53:06","slug":"valoracion","status":"publish","type":"page","link":"https:\/\/blogs.ua.es\/alicante4\/valoracion\/","title":{"rendered":"Valoraci\u00f3n"},"content":{"rendered":"<p>Con la elaboraci\u00f3n de este blog hemos descubierto lugares nuevos y adem\u00e1s, gracias a la investigaci\u00f3n posterior, tambi\u00e9n la historia de cada uno de ellos. \u00a0Debido a que la ciudad esta llena de inscripciones y placas oficiales, la parte de fotografiar fue la que menos nos cost\u00f3. La dificultad se encontr\u00f3 a la hora de investigar. Pero gracias al esfuerzo de todos se ha podido llevar a cabo la elaboraci\u00f3n de este blog lo mejor que se ha podido.<\/p>\n<p>Nos ha resultado fruct\u00edfero la realizaci\u00f3n de este proyecto puesto que hoy conocemos mejor los lugares y la historia de la capital de nuestra provincia: Alicante.<\/p>\n","protected":false},"excerpt":{"rendered":"<p>Con la elaboraci\u00f3n de este blog hemos descubierto lugares nuevos y adem\u00e1s, gracias a la investigaci\u00f3n posterior, tambi\u00e9n la historia de cada uno de ellos. \u00a0Debido a que la ciudad esta llena de inscripciones y placas oficiales, la parte de &hellip; <a href=\"https:\/\/blogs.ua.es\/alicante4\/valoracion\/\">Continue reading <span class=\"meta-nav\">&rarr;<\/span><\/a><\/p>\n","protected":false},"author":3241,"featured_media":0,"parent":0,"menu_order":2,"comment_status":"open","ping_status":"open","template":"","meta":{"footnotes":""},"class_list":["post-13","page","type-page","status-publish","hentry"],"_links":{"self":[{"href":"https:\/\/blogs.ua.es\/alicante4\/wp-json\/wp\/v2\/pages\/13","targetHints":{"allow":["GET"]}}],"collection":[{"href":"https:\/\/blogs.ua.es\/alicante4\/wp-json\/wp\/v2\/pages"}],"about":[{"href":"https:\/\/blogs.ua.es\/alicante4\/wp-json\/wp\/v2\/types\/page"}],"author":[{"embeddable":true,"href":"https:\/\/blogs.ua.es\/alicante4\/wp-json\/wp\/v2\/users\/3241"}],"replies":[{"embeddable":true,"href":"https:\/\/blogs.ua.es\/alicante4\/wp-json\/wp\/v2\/comments?post=13"}],"version-history":[{"count":3,"href":"https:\/\/blogs.ua.es\/alicante4\/wp-json\/wp\/v2\/pages\/13\/revisions"}],"predecessor-version":[{"id":223,"href":"https:\/\/blogs.ua.es\/alicante4\/wp-json\/wp\/v2\/pages\/13\/revisions\/223"}],"wp:attachment":[{"href":"https:\/\/blogs.ua.es\/alicante4\/wp-json\/wp\/v2\/media?parent=13"}],"curies":[{"name":"wp","href":"https:\/\/api.w.org\/{rel}","templated":true}]}}