{"id":12,"date":"2013-11-15T09:25:19","date_gmt":"2013-11-15T09:25:19","guid":{"rendered":"https:\/\/blogs.ua.es\/alicante7\/?page_id=12"},"modified":"2014-01-13T16:26:07","modified_gmt":"2014-01-13T16:26:07","slug":"valoracion","status":"publish","type":"page","link":"https:\/\/blogs.ua.es\/alicante7\/valoracion\/","title":{"rendered":"Valoraci\u00f3n"},"content":{"rendered":"<p>La publicidad en los comercios est\u00e1 presente en todos los aspectos de nuestra vida, nos rodea y bombardea con sus incesantes mensajes. Inconscientemente la ignoramos, aunque una peque\u00f1a parte de nuestro cerebro este al tanto de todas las im\u00e1genes, nombres y esl\u00f3ganes. Solamente la publicidad\u00a0m\u00e1s disonante, llamativa, absurda o graciosa traspasa nuestro subconsciente y es solo entonces cuando nos paramos, aunque sea durante un instante, a pensar en ella.<\/p>\n<p>A pesar de esto, este tipo de publicidad es un interesante tema de estudio desde diversas facetas. Por un lado, son un reflejo de la sociedad, tanto para la que van dirigida como la que la produce. Tambi\u00e9n se puede observar como va variando dependiendo del lugar en el que se encuentre el establecimiento, si es una zona prospera o deprimida econ\u00f3micamente, o\u00a0si esta ubicado en la zona centro de un poblamiento o en la periferia. Adem\u00e1s podemos estudiar c\u00f3mo el contenido, la intencionalidad y la forma de este tipo de publicidad cambia con el paso del tiempo o incluso c\u00f3mo se adapta a la realidad hist\u00f3rica del lugar en el que se encuentra.<\/p>\n<p>En este blog recopilamos diversas escrituras expuestas de comercios que hemos encontrado en la ciudad de alicante observando esa realidad que desechamos diariamente.\u00a0 En algunas ocasiones nos hemos llegado a asombrar de lo que hemos encontrado as\u00ed como de las implicaciones y simbolog\u00edas de algo que parece tan simple como el letrero de un comercio. Ha sido un ejercicio de inmersi\u00f3n en la realidad de la ciudad desde un enfoque muy interesante y al que, normalmente,\u00a0se le da\u00a0 poca o ninguna importancia.<\/p>\n<p>&nbsp;<\/p>\n","protected":false},"excerpt":{"rendered":"<p>La publicidad en los comercios est\u00e1 presente en todos los aspectos de nuestra vida, nos rodea y bombardea con sus incesantes mensajes. Inconscientemente la ignoramos, aunque una peque\u00f1a parte de nuestro cerebro este al tanto de todas las im\u00e1genes, nombres y esl\u00f3ganes. Solamente la publicidad\u00a0m\u00e1s disonante, llamativa, absurda o graciosa traspasa nuestro subconsciente y es [&hellip;]<\/p>\n","protected":false},"author":3242,"featured_media":0,"parent":0,"menu_order":2,"comment_status":"open","ping_status":"open","template":"","meta":{"footnotes":""},"class_list":["post-12","page","type-page","status-publish","hentry"],"_links":{"self":[{"href":"https:\/\/blogs.ua.es\/alicante7\/wp-json\/wp\/v2\/pages\/12","targetHints":{"allow":["GET"]}}],"collection":[{"href":"https:\/\/blogs.ua.es\/alicante7\/wp-json\/wp\/v2\/pages"}],"about":[{"href":"https:\/\/blogs.ua.es\/alicante7\/wp-json\/wp\/v2\/types\/page"}],"author":[{"embeddable":true,"href":"https:\/\/blogs.ua.es\/alicante7\/wp-json\/wp\/v2\/users\/3242"}],"replies":[{"embeddable":true,"href":"https:\/\/blogs.ua.es\/alicante7\/wp-json\/wp\/v2\/comments?post=12"}],"version-history":[{"count":5,"href":"https:\/\/blogs.ua.es\/alicante7\/wp-json\/wp\/v2\/pages\/12\/revisions"}],"predecessor-version":[{"id":411,"href":"https:\/\/blogs.ua.es\/alicante7\/wp-json\/wp\/v2\/pages\/12\/revisions\/411"}],"wp:attachment":[{"href":"https:\/\/blogs.ua.es\/alicante7\/wp-json\/wp\/v2\/media?parent=12"}],"curies":[{"name":"wp","href":"https:\/\/api.w.org\/{rel}","templated":true}]}}