{"id":10,"date":"2011-11-18T09:17:27","date_gmt":"2011-11-18T09:17:27","guid":{"rendered":"https:\/\/blogs.ua.es\/alicanteenlaedadmedia\/?page_id=10"},"modified":"2011-12-22T10:33:21","modified_gmt":"2011-12-22T10:33:21","slug":"presentacion","status":"publish","type":"page","link":"https:\/\/blogs.ua.es\/alicanteenlaedadmedia\/presentacion\/","title":{"rendered":"Presentaci\u00f3n"},"content":{"rendered":"<p>Bienvenid@s al blog: <em><strong><a href=\"https:\/\/blogs.ua.es\/alicanteenlaedadmedia\/\" target=\"_blank\">Alicante en la Edad Media<\/a>.<\/strong><\/em><\/p>\n<p>Somos dos estudiantes de la Universidad de Alicante, del Grado de Historia y este blog se ha realizado especialmente para la asignatura de primero de Fuentes y Documentos para la Historia. Nuestros nombres son Maria del Carmen Oliva Santiago y Roc\u00edo P\u00e9rez Serrano y hemos escogido este tema por la facilidad al acceso de los documentos necesarios y por nuestro inter\u00e9s personal hacia dicho per\u00edodo.<\/p>\n<p><em>Esperamos que os guste y os sea \u00fatil.<\/em><\/p>\n<p>&nbsp;<\/p>\n<p>&nbsp;<\/p>\n<p>&nbsp;<\/p>\n<p>&nbsp;<\/p>\n<p>&nbsp;<\/p>\n<p>&nbsp;<\/p>\n<p>&nbsp;<\/p>\n<p>&nbsp;<\/p>\n<p>&nbsp;<\/p>\n<p>&nbsp;<\/p>\n<p>&nbsp;<\/p>\n<p>&nbsp;<\/p>\n<p>&nbsp;<\/p>\n<p>&nbsp;<\/p>\n<p>&nbsp;<\/p>\n<p>&nbsp;<\/p>\n<p>&nbsp;<\/p>\n<p>&nbsp;<\/p>\n<p>&nbsp;<\/p>\n<p>&nbsp;<\/p>\n<p>&nbsp;<\/p>\n","protected":false},"excerpt":{"rendered":"<p>Bienvenid@s al blog: Alicante en la Edad Media. Somos dos estudiantes de la Universidad de Alicante, del Grado de Historia y este blog se ha realizado especialmente para la asignatura de primero de Fuentes y Documentos para la Historia. Nuestros &hellip; <a href=\"https:\/\/blogs.ua.es\/alicanteenlaedadmedia\/presentacion\/\">Continue reading <span class=\"meta-nav\">&rarr;<\/span><\/a><\/p>\n","protected":false},"author":2350,"featured_media":0,"parent":0,"menu_order":0,"comment_status":"open","ping_status":"open","template":"","meta":{"footnotes":""},"class_list":["post-10","page","type-page","status-publish","hentry"],"_links":{"self":[{"href":"https:\/\/blogs.ua.es\/alicanteenlaedadmedia\/wp-json\/wp\/v2\/pages\/10","targetHints":{"allow":["GET"]}}],"collection":[{"href":"https:\/\/blogs.ua.es\/alicanteenlaedadmedia\/wp-json\/wp\/v2\/pages"}],"about":[{"href":"https:\/\/blogs.ua.es\/alicanteenlaedadmedia\/wp-json\/wp\/v2\/types\/page"}],"author":[{"embeddable":true,"href":"https:\/\/blogs.ua.es\/alicanteenlaedadmedia\/wp-json\/wp\/v2\/users\/2350"}],"replies":[{"embeddable":true,"href":"https:\/\/blogs.ua.es\/alicanteenlaedadmedia\/wp-json\/wp\/v2\/comments?post=10"}],"version-history":[{"count":3,"href":"https:\/\/blogs.ua.es\/alicanteenlaedadmedia\/wp-json\/wp\/v2\/pages\/10\/revisions"}],"predecessor-version":[{"id":12,"href":"https:\/\/blogs.ua.es\/alicanteenlaedadmedia\/wp-json\/wp\/v2\/pages\/10\/revisions\/12"}],"wp:attachment":[{"href":"https:\/\/blogs.ua.es\/alicanteenlaedadmedia\/wp-json\/wp\/v2\/media?parent=10"}],"curies":[{"name":"wp","href":"https:\/\/api.w.org\/{rel}","templated":true}]}}