{"id":54,"date":"2011-12-21T18:29:48","date_gmt":"2011-12-21T18:29:48","guid":{"rendered":"https:\/\/blogs.ua.es\/amigospais\/?page_id=54"},"modified":"2012-01-11T11:08:59","modified_gmt":"2012-01-11T11:08:59","slug":"recursos-de-informacion","status":"publish","type":"page","link":"https:\/\/blogs.ua.es\/amigospais\/recursos-de-informacion\/","title":{"rendered":"Recursos de informaci\u00f3n"},"content":{"rendered":"<p style=\"text-align: justify\">Los recursos que hemos utilizado para nuestra investigaci\u00f3n estan en su totalidad en Internet. Desde nuestro ordenador hemos comenzado por el buscador m\u00e1s famoso de todos <a href=\"http:\/\/www.google.es\/\" target=\"_blank\">Google<\/a>, all\u00ed encontramos informaci\u00f3n general sobre el tema y p\u00e1ginas webs. Pero para ahondar m\u00e1s en el tema sin salir de Google, utilizamos dos aplicaciones m\u00e1s,\u00a0que el famoso buscador nos ofrec\u00eda, <a href=\"http:\/\/books.google.es\/bkshp?hl=es&amp;tab=wp\" target=\"_blank\">GoogleLibros<\/a> y <a href=\"http:\/\/scholar.google.es\/schhp?hl=es&amp;tab=ps\" target=\"_blank\">GoogleAcademico<\/a>, all\u00ed obtuvimos informaci\u00f3n espec\u00edfica y documentos electr\u00f3nicos que de forma f\u00edsica no podr\u00edamos disponer.<\/p>\n<p style=\"text-align: justify\">Como no, nuestro siguiente paso fue entrar en la p\u00e1gina web de la <a href=\"http:\/\/www.ua.es\/\" target=\"_blank\">UA<\/a>, en concreto en su catalogo Bibliogr\u00e1fico y los recursos electr\u00f3nicos que ofrece la <a href=\"http:\/\/rua.ua.es\/\" target=\"_blank\">RUA<\/a>. Pudimos localizar obras relacionadas con nuestro tema y poder acceder a ellas f\u00edsicamente, adem\u00e1s buscamos en UAsumarios, Obras de consulta y Revistas electr\u00f3nicas con poco \u00e9xito.<\/p>\n<p style=\"text-align: justify\">El cat\u00e1logo \u00a0de la <a href=\"http:\/\/xlpv.cult.gva.es\/\" target=\"_blank\">Xarxa <\/a>de la Comunidad Valenciana \u00a0y el buscador <a href=\"http:\/\/dialnet.unirioja.es\/\" target=\"_blank\">Dialnet<\/a>, donde encontramos una amplia gama de art\u00edculos sobre las Sociedades Economicas de Amigos del Pa\u00eds, tambi\u00e9n nos sirvieron para nuestra investigaci\u00f3n.<\/p>\n<p><em>Trucos:<\/em><\/p>\n<p style=\"text-align: justify\"><em>-Siempre realizamos las b\u00fasquedas desde las opciones avanzadas (cuando era posible) para precisar los resultados.<\/em><\/p>\n<p style=\"text-align: justify\"><em>-La mayor\u00eda de obras dispon\u00edan de bibliograf\u00eda, \u00e9sta nos llevaba a otras obras relacionadas con nuestro trabajo.<\/em><\/p>\n<p style=\"text-align: justify\">Directorios, bases de datos,\u00a0el buscador\u00a0<a href=\"http:\/\/www.scopus.com\/home.url\" target=\"_blank\">Scopus <\/a>y la <a href=\"http:\/\/www.cervantesvirtual.com\/\" target=\"_blank\">Biblioteca virtual Miguel de Cervantes<\/a>, entre otras muchas opciones, no fueron pr\u00e1cticamente utilizadas, pero tambi\u00e9n pod\u00edamos haber encontrado en ellas mucha informaci\u00f3n.<\/p>\n","protected":false},"excerpt":{"rendered":"<p>Los recursos que hemos utilizado para nuestra investigaci\u00f3n estan en su totalidad en Internet. Desde nuestro ordenador hemos comenzado por el buscador m\u00e1s famoso de todos Google, all\u00ed encontramos informaci\u00f3n general sobre el tema y p\u00e1ginas webs. Pero para ahondar m\u00e1s en el tema sin salir de Google, utilizamos dos aplicaciones m\u00e1s,\u00a0que el famoso buscador [&hellip;]<\/p>\n","protected":false},"author":2501,"featured_media":0,"parent":0,"menu_order":0,"comment_status":"open","ping_status":"open","template":"","meta":{"footnotes":""},"class_list":["post-54","page","type-page","status-publish","hentry"],"_links":{"self":[{"href":"https:\/\/blogs.ua.es\/amigospais\/wp-json\/wp\/v2\/pages\/54","targetHints":{"allow":["GET"]}}],"collection":[{"href":"https:\/\/blogs.ua.es\/amigospais\/wp-json\/wp\/v2\/pages"}],"about":[{"href":"https:\/\/blogs.ua.es\/amigospais\/wp-json\/wp\/v2\/types\/page"}],"author":[{"embeddable":true,"href":"https:\/\/blogs.ua.es\/amigospais\/wp-json\/wp\/v2\/users\/2501"}],"replies":[{"embeddable":true,"href":"https:\/\/blogs.ua.es\/amigospais\/wp-json\/wp\/v2\/comments?post=54"}],"version-history":[{"count":12,"href":"https:\/\/blogs.ua.es\/amigospais\/wp-json\/wp\/v2\/pages\/54\/revisions"}],"predecessor-version":[{"id":94,"href":"https:\/\/blogs.ua.es\/amigospais\/wp-json\/wp\/v2\/pages\/54\/revisions\/94"}],"wp:attachment":[{"href":"https:\/\/blogs.ua.es\/amigospais\/wp-json\/wp\/v2\/media?parent=54"}],"curies":[{"name":"wp","href":"https:\/\/api.w.org\/{rel}","templated":true}]}}