{"id":56,"date":"2011-12-21T18:29:59","date_gmt":"2011-12-21T18:29:59","guid":{"rendered":"https:\/\/blogs.ua.es\/amigospais\/?page_id=56"},"modified":"2012-01-11T11:12:45","modified_gmt":"2012-01-11T11:12:45","slug":"valoracion-general","status":"publish","type":"page","link":"https:\/\/blogs.ua.es\/amigospais\/valoracion-general\/","title":{"rendered":"Valoraci\u00f3n"},"content":{"rendered":"<p style=\"text-align: justify\">Aunque este blog es uno de los trabajos m\u00e1s interesantes que hemos hecho en\u00a0la vida, tambi\u00e9n tenemos que decir que ha sido el m\u00e1s laborioso de todos por su extensi\u00f3n y precisi\u00f3n a la hora de buscar informaci\u00f3n. Pero, aunque parezca pesimismo, dicho blog\u00a0nos ha aportado muchos conocimientos nuevos, al igual que paciencia y, claro est\u00e1, una gran satisfacci\u00f3n al ver el resultado final.<\/p>\n<p style=\"text-align: justify\">Hemos descubierto un tema fascinante y desconocido para nosotros: las Sociedades Econ\u00f3micas de Amigos del Pa\u00eds. Un intento de la Ilustraci\u00f3n por mejorar las vidas de los espa\u00f1oles. Pero el objetivo final, era el de aprender a buscar informaci\u00f3n y saber transmitirla. Queremos indicar que esta parte es sin duda la m\u00e1s complicada y laboriosa, pero una vez terminado el blog podemos decir que estamos realmente orgullosos de nuestro trabajo. En el futuro, sabremos utilizar m\u00e1s recursos que antes no sabiamos que exist\u00edan y , adem\u00e1s, hemos aprendido a confeccionar de manera eficaz un blog, o lo que es lo mismo, un medio de difusi\u00f3n donde podemos plasmar nuestros trabajos e investigaciones.<\/p>\n<p style=\"text-align: justify\">Evidentemente, nuestro blog dista mucho de las p\u00e1ginas webs o blogs que circulan por la red, pero para ser nuestro primer trabajo estamos muy contentos. Merece la pena seguir trabajando para mejorar la cultura.<\/p>\n<p style=\"text-align: justify\">Estamos a vuestra disposicion para cualquier duda o sugerencia. Nosotros seguiremos trabajando con ilusi\u00f3n para intentar mejorar nuestro blog y poder ofreceros m\u00e1s contenidos.<\/p>\n","protected":false},"excerpt":{"rendered":"<p>Aunque este blog es uno de los trabajos m\u00e1s interesantes que hemos hecho en\u00a0la vida, tambi\u00e9n tenemos que decir que ha sido el m\u00e1s laborioso de todos por su extensi\u00f3n y precisi\u00f3n a la hora de buscar informaci\u00f3n. Pero, aunque parezca pesimismo, dicho blog\u00a0nos ha aportado muchos conocimientos nuevos, al igual que paciencia y, claro [&hellip;]<\/p>\n","protected":false},"author":2501,"featured_media":0,"parent":0,"menu_order":0,"comment_status":"open","ping_status":"open","template":"","meta":{"footnotes":""},"class_list":["post-56","page","type-page","status-publish","hentry"],"_links":{"self":[{"href":"https:\/\/blogs.ua.es\/amigospais\/wp-json\/wp\/v2\/pages\/56","targetHints":{"allow":["GET"]}}],"collection":[{"href":"https:\/\/blogs.ua.es\/amigospais\/wp-json\/wp\/v2\/pages"}],"about":[{"href":"https:\/\/blogs.ua.es\/amigospais\/wp-json\/wp\/v2\/types\/page"}],"author":[{"embeddable":true,"href":"https:\/\/blogs.ua.es\/amigospais\/wp-json\/wp\/v2\/users\/2501"}],"replies":[{"embeddable":true,"href":"https:\/\/blogs.ua.es\/amigospais\/wp-json\/wp\/v2\/comments?post=56"}],"version-history":[{"count":10,"href":"https:\/\/blogs.ua.es\/amigospais\/wp-json\/wp\/v2\/pages\/56\/revisions"}],"predecessor-version":[{"id":205,"href":"https:\/\/blogs.ua.es\/amigospais\/wp-json\/wp\/v2\/pages\/56\/revisions\/205"}],"wp:attachment":[{"href":"https:\/\/blogs.ua.es\/amigospais\/wp-json\/wp\/v2\/media?parent=56"}],"curies":[{"name":"wp","href":"https:\/\/api.w.org\/{rel}","templated":true}]}}