{"id":87,"date":"2020-12-20T18:48:57","date_gmt":"2020-12-20T18:48:57","guid":{"rendered":"https:\/\/blogs.ua.es\/analisisinfo11s\/?page_id=87"},"modified":"2020-12-21T19:29:42","modified_gmt":"2020-12-21T19:29:42","slug":"conclusion","status":"publish","type":"page","link":"https:\/\/blogs.ua.es\/analisisinfo11s\/conclusion\/","title":{"rendered":"Conclusi\u00f3n"},"content":{"rendered":"<p style=\"text-align: justify\">En conclusi\u00f3n, podemos ver c\u00f3mo la prensa caus\u00f3 un despliegue de im\u00e1genes verdaderamente competitivo, tanto en las portadas con fotos que ocupaban, pr\u00e1cticamente, la p\u00e1gina como en el interior, donde se inclu\u00edan, adem\u00e1s de instant\u00e1neas de alto valor expresivo, gr\u00e1ficos informativos y explicativos de gran tama\u00f1o.<\/p>\n<p style=\"text-align: justify\">Por parte de la prensa americana, no se muestra los cuerpos de sus v\u00edctimas y aluden m\u00e1s a unos titulares sensacionalistas, breves y duros que provocan en primer lugar un patriotismo entre sus compatriotas. Mientras que en las cabeceras espa\u00f1olas se muestran unos textos m\u00e1s largos y explicativos. La prensa europea al estar lejos de los hechos cont\u00f3 con m\u00e1s elementos para aproximarse a la objetividad. Destacar tambi\u00e9n el c\u00f3digo de barras que aparece en el margen inferior de la derecha de las portadas estadounidenses, ocupando un espacio m\u00ednimo, mientras que en los peri\u00f3dicos espa\u00f1oles no aparecen.<\/p>\n<p style=\"text-align: justify\">Por \u00faltimo, decir que hay diferencias notables entre las actitudes period\u00edsticas estadounidenses y las espa\u00f1olas, cada una con unos tintes muy diferentes en el modo de tratar la informaci\u00f3n y en las decisiones diarias de dar o de callar un dato o una noticia. En cuanto a la personalidad de los peri\u00f3dicos, tanto espa\u00f1oles como americanos, podemos apreciar como siguen las mismas pautas para su difusi\u00f3n e impresi\u00f3n. Con la llegada de internet se han comenzado a digitalizar todos los peri\u00f3dicos de origen f\u00edsico para as\u00ed poder prestar un servicio Online, de forma que los lectores puedan acceder mediante una aplicaci\u00f3n o por la p\u00e1gina web. tras este cambio se producen muchas modificaciones que no pod\u00edan tener los peri\u00f3dicos f\u00edsicos, como el poder transmitir una noticia o el poder actualizarla de manera instant\u00e1nea. En conclusi\u00f3n podemos decir que la evoluci\u00f3n de los peri\u00f3dicos han sido bastante radicales, en cuanto a su cambio de formato, se siguen vendiendo ediciones en papel pero menos intensivas.<\/p>\n","protected":false},"excerpt":{"rendered":"<p>En conclusi\u00f3n, podemos ver c\u00f3mo la prensa caus\u00f3 un despliegue de im\u00e1genes verdaderamente competitivo, tanto en las portadas con fotos que ocupaban, pr\u00e1cticamente, la p\u00e1gina como en el interior, donde se inclu\u00edan, adem\u00e1s de instant\u00e1neas de alto valor expresivo, gr\u00e1ficos &hellip; <a href=\"https:\/\/blogs.ua.es\/analisisinfo11s\/conclusion\/\">Continue reading <span class=\"meta-nav\">&rarr;<\/span><\/a><\/p>\n","protected":false},"author":4484,"featured_media":0,"parent":0,"menu_order":6,"comment_status":"closed","ping_status":"closed","template":"","meta":{"footnotes":""},"class_list":["post-87","page","type-page","status-publish","hentry"],"_links":{"self":[{"href":"https:\/\/blogs.ua.es\/analisisinfo11s\/wp-json\/wp\/v2\/pages\/87","targetHints":{"allow":["GET"]}}],"collection":[{"href":"https:\/\/blogs.ua.es\/analisisinfo11s\/wp-json\/wp\/v2\/pages"}],"about":[{"href":"https:\/\/blogs.ua.es\/analisisinfo11s\/wp-json\/wp\/v2\/types\/page"}],"author":[{"embeddable":true,"href":"https:\/\/blogs.ua.es\/analisisinfo11s\/wp-json\/wp\/v2\/users\/4484"}],"replies":[{"embeddable":true,"href":"https:\/\/blogs.ua.es\/analisisinfo11s\/wp-json\/wp\/v2\/comments?post=87"}],"version-history":[{"count":2,"href":"https:\/\/blogs.ua.es\/analisisinfo11s\/wp-json\/wp\/v2\/pages\/87\/revisions"}],"predecessor-version":[{"id":236,"href":"https:\/\/blogs.ua.es\/analisisinfo11s\/wp-json\/wp\/v2\/pages\/87\/revisions\/236"}],"wp:attachment":[{"href":"https:\/\/blogs.ua.es\/analisisinfo11s\/wp-json\/wp\/v2\/media?parent=87"}],"curies":[{"name":"wp","href":"https:\/\/api.w.org\/{rel}","templated":true}]}}