{"id":52,"date":"2012-01-16T16:36:55","date_gmt":"2012-01-16T16:36:55","guid":{"rendered":"https:\/\/blogs.ua.es\/antecedentescreacionua\/?page_id=52"},"modified":"2012-01-18T15:04:32","modified_gmt":"2012-01-18T15:04:32","slug":"presentacion-del-blog","status":"publish","type":"page","link":"https:\/\/blogs.ua.es\/antecedentescreacionua\/presentacion-del-blog\/","title":{"rendered":"Presentaci\u00f3n del Blog"},"content":{"rendered":"<p>Bienvenidos al blog de los antecedentes y la creaci\u00f3n de la Universidad de Alicante<\/p>\n<p>Los encargados de la realizaci\u00f3n de este trabajo somos Alfredo Quesada M\u00ednguez y Francisco M.\u00a0Ant\u00f3n Robles, estudiantes de 1er a\u00f1o del Grado de Humanidades en la universidad de la que precisamente estamos elaborando nuestro trabajo, Alicante.<\/p>\n<p>Nuestro m\u00e1ximo inter\u00e9s es dejar clara la l\u00ednea hist\u00f3rica que ha seguido la Universidad de Alicante hasta su creaci\u00f3n, as\u00ed como todas las referencias bibliogr\u00e1ficas con las que hemos hecho posible la elaboraci\u00f3n de este blog.<\/p>\n<p>Esperemos que pueda servir de ayuda, tanto el resumen hist\u00f3rico llevado a cabo por nosotros, como las referencias bibliogr\u00e1ficas que ofrecemos sobre esta tem\u00e1tica.<\/p>\n<p>Un cordial saludo.<\/p>\n","protected":false},"excerpt":{"rendered":"<p>Bienvenidos al blog de los antecedentes y la creaci\u00f3n de la Universidad de Alicante Los encargados de la realizaci\u00f3n de este trabajo somos Alfredo Quesada M\u00ednguez y Francisco M.\u00a0Ant\u00f3n Robles, estudiantes de 1er a\u00f1o del Grado de Humanidades en la &hellip; <a href=\"https:\/\/blogs.ua.es\/antecedentescreacionua\/presentacion-del-blog\/\">Continue reading <span class=\"meta-nav\">&rarr;<\/span><\/a><\/p>\n","protected":false},"author":2503,"featured_media":0,"parent":0,"menu_order":0,"comment_status":"open","ping_status":"open","template":"","meta":{"footnotes":""},"class_list":["post-52","page","type-page","status-publish","hentry"],"_links":{"self":[{"href":"https:\/\/blogs.ua.es\/antecedentescreacionua\/wp-json\/wp\/v2\/pages\/52","targetHints":{"allow":["GET"]}}],"collection":[{"href":"https:\/\/blogs.ua.es\/antecedentescreacionua\/wp-json\/wp\/v2\/pages"}],"about":[{"href":"https:\/\/blogs.ua.es\/antecedentescreacionua\/wp-json\/wp\/v2\/types\/page"}],"author":[{"embeddable":true,"href":"https:\/\/blogs.ua.es\/antecedentescreacionua\/wp-json\/wp\/v2\/users\/2503"}],"replies":[{"embeddable":true,"href":"https:\/\/blogs.ua.es\/antecedentescreacionua\/wp-json\/wp\/v2\/comments?post=52"}],"version-history":[{"count":4,"href":"https:\/\/blogs.ua.es\/antecedentescreacionua\/wp-json\/wp\/v2\/pages\/52\/revisions"}],"predecessor-version":[{"id":144,"href":"https:\/\/blogs.ua.es\/antecedentescreacionua\/wp-json\/wp\/v2\/pages\/52\/revisions\/144"}],"wp:attachment":[{"href":"https:\/\/blogs.ua.es\/antecedentescreacionua\/wp-json\/wp\/v2\/media?parent=52"}],"curies":[{"name":"wp","href":"https:\/\/api.w.org\/{rel}","templated":true}]}}