{"id":54,"date":"2012-01-16T16:37:13","date_gmt":"2012-01-16T16:37:13","guid":{"rendered":"https:\/\/blogs.ua.es\/antecedentescreacionua\/?page_id=54"},"modified":"2012-01-17T21:26:24","modified_gmt":"2012-01-17T21:26:24","slug":"explicacion-general-del-tema","status":"publish","type":"page","link":"https:\/\/blogs.ua.es\/antecedentescreacionua\/explicacion-general-del-tema\/","title":{"rendered":"Explicaci\u00f3n general del tema"},"content":{"rendered":"<p><strong>Introducci\u00f3n<\/strong><\/p>\n<p>&nbsp;<\/p>\n<p><a href=\"https:\/\/blogs.ua.es\/antecedentescreacionua\/files\/2012\/01\/logo-ua.jpg\"><img loading=\"lazy\" decoding=\"async\" class=\"aligncenter size-medium wp-image-76\" src=\"https:\/\/blogs.ua.es\/antecedentescreacionua\/files\/2012\/01\/logo-ua-300x172.jpg\" alt=\"Logo UA\" width=\"300\" height=\"172\" srcset=\"https:\/\/blogs.ua.es\/antecedentescreacionua\/files\/2012\/01\/logo-ua-300x172.jpg 300w, https:\/\/blogs.ua.es\/antecedentescreacionua\/files\/2012\/01\/logo-ua-150x86.jpg 150w, https:\/\/blogs.ua.es\/antecedentescreacionua\/files\/2012\/01\/logo-ua.jpg 340w\" sizes=\"auto, (max-width: 300px) 100vw, 300px\" \/><\/a><\/p>\n<p>Situada en el municipio alicantino de San Vicente del Raspeig, la creaci\u00f3n de la Universidad de Alicante supone uno de los centros universitarios m\u00e1s tard\u00edos dentro del territorio peninsular espa\u00f1ol. Oficialmente abri\u00f3 sus puertas en el a\u00f1o 1979, aunque fueron muchas las transformaciones acad\u00e9micas que fueron d\u00e1ndose hasta la constituci\u00f3n de la universidad propiamente dicha, desde su mentora, la Universidad de Orihuela, pasando por un centro militar de aviaci\u00f3n de la cual a\u00fan se conserva mayoritariamente su estructura arquitect\u00f3nica, y su \u00faltimo escal\u00f3n con el CEU (centros de estudios universitarios)<\/p>\n<p><a href=\"https:\/\/blogs.ua.es\/antecedentescreacionua\/files\/2012\/01\/Universidad-Alicante2.jpg\"><img loading=\"lazy\" decoding=\"async\" class=\"aligncenter size-medium wp-image-75\" src=\"https:\/\/blogs.ua.es\/antecedentescreacionua\/files\/2012\/01\/Universidad-Alicante2-300x225.jpg\" alt=\"Universidad de Alicante\" width=\"300\" height=\"225\" srcset=\"https:\/\/blogs.ua.es\/antecedentescreacionua\/files\/2012\/01\/Universidad-Alicante2-300x225.jpg 300w, https:\/\/blogs.ua.es\/antecedentescreacionua\/files\/2012\/01\/Universidad-Alicante2-150x112.jpg 150w, https:\/\/blogs.ua.es\/antecedentescreacionua\/files\/2012\/01\/Universidad-Alicante2-400x300.jpg 400w, https:\/\/blogs.ua.es\/antecedentescreacionua\/files\/2012\/01\/Universidad-Alicante2.jpg 640w\" sizes=\"auto, (max-width: 300px) 100vw, 300px\" \/><\/a><\/p>\n<p>Actualmente el campus que compone el recinto estudiantil consta de m\u00e1s de 60 departamentos universitarios y 50 itinerarios posibles a la hora de elergir una titulaci\u00f3n. Adem\u00e1s, los proyectos que se llevan a cabo de estudios e investigaci\u00f3n, teniendo un total de 15 institutos, colocan a la Universidad de Alicante como una de las m\u00e1s vanguardistas dentro de nuestro pa\u00eds, e incluso de Europa.<\/p>\n<p>&nbsp;<\/p>\n<p><strong>Universidad de Orihuela<\/strong> <strong>(1547 &#8211; 1835)<\/strong><\/p>\n<p>&nbsp;<\/p>\n<p><a href=\"https:\/\/blogs.ua.es\/antecedentescreacionua\/files\/2012\/01\/uni-de-orihuela.jpg\"><img loading=\"lazy\" decoding=\"async\" class=\"aligncenter size-medium wp-image-77\" src=\"https:\/\/blogs.ua.es\/antecedentescreacionua\/files\/2012\/01\/uni-de-orihuela-300x225.jpg\" alt=\"Universidad de Orihuela\" width=\"300\" height=\"225\" srcset=\"https:\/\/blogs.ua.es\/antecedentescreacionua\/files\/2012\/01\/uni-de-orihuela-300x225.jpg 300w, https:\/\/blogs.ua.es\/antecedentescreacionua\/files\/2012\/01\/uni-de-orihuela-150x112.jpg 150w, https:\/\/blogs.ua.es\/antecedentescreacionua\/files\/2012\/01\/uni-de-orihuela-400x300.jpg 400w, https:\/\/blogs.ua.es\/antecedentescreacionua\/files\/2012\/01\/uni-de-orihuela.jpg 500w\" sizes=\"auto, (max-width: 300px) 100vw, 300px\" \/><\/a><\/p>\n<p>El principal antecedente de \u00e9sta fue la Universidad de Orihuela (oficialmente &#8220;Pontificia y Real Universidad de Orihuela&#8221;), que contrariamente a la juventud de su disc\u00edpula, const\u00f3 como una de las m\u00e1s antiguas del territorio espa\u00f1ol, siendo tras la Universidad de Valencia la m\u00e1s antigua del Regne de Val\u00e8ncia<strong>.\u00a0 <\/strong>Regida por la orden de los dominicos, el establecimiento universitario se hallaba enmarcado en el Convento de Santo Domingo, en el actual casco hist\u00f3rico oriholano.<\/p>\n<p>&nbsp;<\/p>\n<p>Su fundaci\u00f3n, a cargo del Cardenal Loazes, se remonta al 1547, aunque no fue plenamente reconocida con el rango de universidad hasta que el Papa Julio III le otorg\u00f3 dicha calificaci\u00f3n, y posteriormente, Pio IV le otorg\u00f3 el t\u00edtulo de Universidad pontificia. Sin embargo, tras su muerte, su sucesor Pio V le dio el reconocimiento de Universidad P\u00fablica, estando abierta a cualquier tipo de personas, profesasen la fe o cargos religiosos o no.<\/p>\n<p>&nbsp;<\/p>\n<p>Pese a todo, no fue hasta 1610 cuando se inaugur\u00f3 el centro estudiantil, dotado de academias art\u00edsticas y cient\u00edficas, adem\u00e1s de teol\u00f3gicas. Y finalmente, en el a\u00f1o 1646, el monarca espa\u00f1ol Felipe\u00a0 IV le otorga a la Universidad el t\u00edtulo real, a trav\u00e9s de la Real C\u00e9dula, de Regia, P\u00fablica y General.<\/p>\n<p>&nbsp;<\/p>\n<p>Posteriormente, tras m\u00e1s de dos siglos ejerciendo como centro universitario, la Universidad pas\u00f3 a ser un centro de debate entre las \u00e9lites del pa\u00eds, ya que la Universidad de Valencia, constante detractora de su hom\u00f3loga oriholana, pretend\u00eda tener el derecho de exclusividad en el territorio, dada su antig\u00fcedad. As\u00ed pues, en 1835, de \u00f3rdenes del ministro de la llamada &#8220;Gracia y Justicia&#8221; Francisco Tadeo de Restasc\u00f3n y Arri\u00e1, se clausur\u00f3, ya que el por entonces monarca absolutista Fernando VII rindi\u00f3 cuentas a Valencia, protectora del rey.<\/p>\n<p>&nbsp;<\/p>\n<p>Tan s\u00f3lo un a\u00f1o m\u00e1s tarde, el edificio que hasta entonces ocup\u00f3 el cargo de universidad pas\u00f3 a ser la Di\u00f3cesis de Orihuela tras la ley de Exclaustraci\u00f3n de las \u00d3rdenes Religiosas.<\/p>\n<p>&nbsp;<\/p>\n<p><strong>Aer\u00f3dromo de Rabassa<\/strong> <strong>(1919 &#8211; 1978)<\/strong><\/p>\n<p>Ya en el territorio propiamente dicho de la actual Universidad de Alicante, en San Vicente del Raspeig, tambi\u00e9n hubo una serie de transformaciones.<\/p>\n<p><a href=\"https:\/\/blogs.ua.es\/antecedentescreacionua\/files\/2012\/01\/aer%C3%B3dromo-de-rabassa.jpg\"><img loading=\"lazy\" decoding=\"async\" class=\"aligncenter size-medium wp-image-78\" src=\"https:\/\/blogs.ua.es\/antecedentescreacionua\/files\/2012\/01\/aer%C3%B3dromo-de-rabassa-300x202.jpg\" alt=\"Aer\u00f3dromo de rabassa\" width=\"300\" height=\"202\" \/><\/a><\/p>\n<p>&nbsp;<\/p>\n<p>El territorio, situado a las afueras de la capital alicantina, sirvi\u00f3 como campo de tiro nacional hasta que en 1919, el director general de las l\u00edneas a\u00e9reas francesas de la compa\u00f1\u00eda Lat\u00e9co\u00e8re\u00a0 quiso instaurar una base que hiciese de escala de transmisi\u00f3n de correo hast. As\u00ed pues, en febrero de ese mismo a\u00f1o, un par de\u00a0 biplanos Salmson 2 A2 provenientes de Toulusse se instalar\u00edan en la comarca hasta que en 1927, la compa\u00f1ia de\u00a0Lat\u00e9co\u00e8re\u00a0 dejase paso a la de A\u00e9ropostale, que pronto, y ante la necesidad de un mayor campo de aterrizaje, se transladar\u00eda a El Altet, donde actualmente se sit\u00faa el aeropuerto.<\/p>\n<p>&nbsp;<\/p>\n<p>Ya en 1936, de manos de la Rep\u00fablica, se construir\u00eda el Aer\u00f3dromo de Rabassa, perteneciente a la 4\u00aa Regi\u00f3n A\u00e9rea. Durante la guerra civil sirvi\u00f3 como el enclave base para la defensa del puerto alicantino, y ya en 1939, con la creaci\u00f3n del ej\u00e9rcito del aire, se integr\u00f3 como ubicaci\u00f3n militarista, obsequi\u00e1ndolo con toda clase de aviones de combate.<\/p>\n<p>&nbsp;<\/p>\n<p>En 1956, finalizada la guerra y habiendo sido desactivada la funci\u00f3n de los grupos a\u00e9reos, el territorio fue despobl\u00e1ndose de material b\u00e9lico hasta que en 1960 se di\u00f3 la concesi\u00f3n de utilizar el territorio para la construcci\u00f3n del CEU (Centro de Estudios Universitarios), predecesora de la actual Universidad de Alicante.<\/p>\n<p>&nbsp;<\/p>\n<p><strong>CEU (1968 &#8211; 1979)<\/strong><\/p>\n<p>&nbsp;<\/p>\n<p>Tras servir como base del centro de tiro de la milicia espa\u00f1ola, de escala de la aviaci\u00f3n francesa de correo y de enclave militar durante la guerra civil, el terrritorio de San Vicente del Raspeig pasaba a ser un centro de ense\u00f1anza, los albores de la actual Universidad de Alicante.<\/p>\n<p>&nbsp;<\/p>\n<p>Su construcci\u00f3n data de los primeros a\u00f1os de los 60, hasta su inauguraci\u00f3n en 1968. Comenz\u00f3 con tan s\u00f3lo 230 alumnos, cifra que choca frente a los casi 40.000 actuales,<\/p>\n<p>&nbsp;<\/p>\n<p><strong>Universidad de Alicante (1979 &#8211; Actualidad)<\/strong><\/p>\n<p><a href=\"https:\/\/blogs.ua.es\/antecedentescreacionua\/files\/2012\/01\/univer.jpg\"><img loading=\"lazy\" decoding=\"async\" class=\"aligncenter size-medium wp-image-79\" src=\"https:\/\/blogs.ua.es\/antecedentescreacionua\/files\/2012\/01\/univer-300x226.jpg\" alt=\"\" width=\"300\" height=\"226\" srcset=\"https:\/\/blogs.ua.es\/antecedentescreacionua\/files\/2012\/01\/univer-300x226.jpg 300w, https:\/\/blogs.ua.es\/antecedentescreacionua\/files\/2012\/01\/univer-150x113.jpg 150w, https:\/\/blogs.ua.es\/antecedentescreacionua\/files\/2012\/01\/univer-400x302.jpg 400w, https:\/\/blogs.ua.es\/antecedentescreacionua\/files\/2012\/01\/univer.jpg 500w\" sizes=\"auto, (max-width: 300px) 100vw, 300px\" \/><\/a><\/p>\n<p>Ya en 1979, y tras muchos esfuerzos socio-econ\u00f3micos que la \u00e9poca franquista no estuvo dispuesta sobrellevar, se abrir\u00eda la Universidad de Alicante, que tras m\u00e1s de una treintena de a\u00f1os sigue impartiendo clases y expandi\u00e9ndose dentro del \u00e1mbito educativo e investigador en todo el mundo.<\/p>\n<p>&nbsp;<\/p>\n<p>En la actualidad engrosa un total de 15 institutos, desde el de &#8220;Guerra y Paz&#8221; pasando por el de &#8220;Aguas Medioambientales&#8221;, &#8220;Electroqu\u00edmica&#8221;; &#8220;<span style=\"font-family: Arial,Helvetica\"><span>F\u00edsica Aplicada a las Ciencias y las Tecnolog\u00edas&#8221;; etc. Adem\u00e1s, consta de otro gran n\u00famero de departamentos universitarios (m\u00e1s de sesenta), as\u00ed como centros deportivos y \u00e1reas de investigaci\u00f3n tecnol\u00f3gica, ciencias Sociales y jur\u00eddicas, experimentales, tecnol\u00f3gicas, humanidades, educaci\u00f3n y ciencias de la salud, etc. <\/span><\/span><\/p>\n<p>&nbsp;<\/p>\n<p>En cuanto al impacto econ\u00f3mico que \u00e9sta tiene, aporta m\u00e1s de 2.000 empleados entre personal docente y servicios, adem\u00e1s de ser un punto de reuni\u00f3n de colectivos intelectuales y t\u00e9cnicos de todo el mundo. <span style=\"font-family: Arial,Helvetica\"><span><br \/>\n<\/span><\/span><\/p>\n<p>&nbsp;<\/p>\n<p>Para finalizar, cabe destacar que la Universidad de Alicante es un referente internacionalmente pues tiene en su centro &#8220;La Fundaci\u00f3n Universitaria de Investigaci\u00f3n Arqueol\u00f3gica La Alcudia (<acronym title=\"Fundaci\u00f3n Universitaria de Investigaci\u00f3n Arqueol\u00f3gica La Alcudia\">FUIA<\/acronym>)&#8221;, desde la que se puede contemplar restos y materiales arqueol\u00f3gicos datados de hace miles de a\u00f1os, convirti\u00e9ndose as\u00ed en un gran atractivo dentro de las ciencias human\u00edsticas como formaci\u00f3n educadora dentro de una universidad. Adem\u00e1s, tambi\u00e9n se pueden encontrar el Museo de la Universidad de Alicante y uno de los parques cient\u00edficos que m\u00e1s est\u00e1 creciendo en el mundo.<\/p>\n","protected":false},"excerpt":{"rendered":"<p>Introducci\u00f3n &nbsp; Situada en el municipio alicantino de San Vicente del Raspeig, la creaci\u00f3n de la Universidad de Alicante supone uno de los centros universitarios m\u00e1s tard\u00edos dentro del territorio peninsular espa\u00f1ol. Oficialmente abri\u00f3 sus puertas en el a\u00f1o 1979, &hellip; <a href=\"https:\/\/blogs.ua.es\/antecedentescreacionua\/explicacion-general-del-tema\/\">Continue reading <span class=\"meta-nav\">&rarr;<\/span><\/a><\/p>\n","protected":false},"author":2503,"featured_media":0,"parent":0,"menu_order":0,"comment_status":"open","ping_status":"open","template":"","meta":{"footnotes":""},"class_list":["post-54","page","type-page","status-publish","hentry"],"_links":{"self":[{"href":"https:\/\/blogs.ua.es\/antecedentescreacionua\/wp-json\/wp\/v2\/pages\/54","targetHints":{"allow":["GET"]}}],"collection":[{"href":"https:\/\/blogs.ua.es\/antecedentescreacionua\/wp-json\/wp\/v2\/pages"}],"about":[{"href":"https:\/\/blogs.ua.es\/antecedentescreacionua\/wp-json\/wp\/v2\/types\/page"}],"author":[{"embeddable":true,"href":"https:\/\/blogs.ua.es\/antecedentescreacionua\/wp-json\/wp\/v2\/users\/2503"}],"replies":[{"embeddable":true,"href":"https:\/\/blogs.ua.es\/antecedentescreacionua\/wp-json\/wp\/v2\/comments?post=54"}],"version-history":[{"count":5,"href":"https:\/\/blogs.ua.es\/antecedentescreacionua\/wp-json\/wp\/v2\/pages\/54\/revisions"}],"predecessor-version":[{"id":81,"href":"https:\/\/blogs.ua.es\/antecedentescreacionua\/wp-json\/wp\/v2\/pages\/54\/revisions\/81"}],"wp:attachment":[{"href":"https:\/\/blogs.ua.es\/antecedentescreacionua\/wp-json\/wp\/v2\/media?parent=54"}],"curies":[{"name":"wp","href":"https:\/\/api.w.org\/{rel}","templated":true}]}}