{"id":58,"date":"2012-01-16T16:37:50","date_gmt":"2012-01-16T16:37:50","guid":{"rendered":"https:\/\/blogs.ua.es\/antecedentescreacionua\/?page_id=58"},"modified":"2012-01-17T22:38:51","modified_gmt":"2012-01-17T22:38:51","slug":"recursos-de-informacion-consultados","status":"publish","type":"page","link":"https:\/\/blogs.ua.es\/antecedentescreacionua\/recursos-de-informacion-consultados\/","title":{"rendered":"Recursos de informaci\u00f3n consultados"},"content":{"rendered":"<p>El primer paso que llevamos a cabo fue el de acceder al cat\u00e1logo de la Universidad de Alicante. All\u00ed encontramos informaci\u00f3n sobre libros del tema que estamos tratando y que estaban disponibles en distintas facultades situadas dentro del recinto universitario.<\/p>\n<p>El siguiente patr\u00f3n de b\u00fasqueda fue el de la RUA, tambi\u00e9n dentro de la Universidad de Alicante, desde donde encontramos documentos en l\u00ednea, como tesis doctorales, que nos sirvi\u00f3 para ampliar nuestra informaci\u00f3n.<br \/>\nOtro recurso fue el de la utilizaci\u00f3n de Dialnet y del CSIS como b\u00fasqueda, y google en casos generalizados o de b\u00fasqueda de im\u00e1genes. La informaci\u00f3n de \u00e9sta \u00faltima es siempre muy confusa y poco precisa en cuanto a los t\u00e9rminos de investigaci\u00f3n que nosotros est\u00e1bamos trabajando, pero sin embargo nos fue de mucha ayuda con aspectos como el de El aer\u00f3dromo de Rabassa, a cuya informaci\u00f3n nos era imposible acceder.<\/p>\n<p>Finalmente, completamos la informaci\u00f3n acudiendo a la facultad de periodismo, donde se nos prest\u00f3 un libro que estaba expuesto recientemente y que trataba sobre la tem\u00e1tica que exponemos en este blog.<\/p>\n","protected":false},"excerpt":{"rendered":"<p>El primer paso que llevamos a cabo fue el de acceder al cat\u00e1logo de la Universidad de Alicante. All\u00ed encontramos informaci\u00f3n sobre libros del tema que estamos tratando y que estaban disponibles en distintas facultades situadas dentro del recinto universitario. &hellip; <a href=\"https:\/\/blogs.ua.es\/antecedentescreacionua\/recursos-de-informacion-consultados\/\">Continue reading <span class=\"meta-nav\">&rarr;<\/span><\/a><\/p>\n","protected":false},"author":2503,"featured_media":0,"parent":0,"menu_order":0,"comment_status":"open","ping_status":"open","template":"","meta":{"footnotes":""},"class_list":["post-58","page","type-page","status-publish","hentry"],"_links":{"self":[{"href":"https:\/\/blogs.ua.es\/antecedentescreacionua\/wp-json\/wp\/v2\/pages\/58","targetHints":{"allow":["GET"]}}],"collection":[{"href":"https:\/\/blogs.ua.es\/antecedentescreacionua\/wp-json\/wp\/v2\/pages"}],"about":[{"href":"https:\/\/blogs.ua.es\/antecedentescreacionua\/wp-json\/wp\/v2\/types\/page"}],"author":[{"embeddable":true,"href":"https:\/\/blogs.ua.es\/antecedentescreacionua\/wp-json\/wp\/v2\/users\/2503"}],"replies":[{"embeddable":true,"href":"https:\/\/blogs.ua.es\/antecedentescreacionua\/wp-json\/wp\/v2\/comments?post=58"}],"version-history":[{"count":3,"href":"https:\/\/blogs.ua.es\/antecedentescreacionua\/wp-json\/wp\/v2\/pages\/58\/revisions"}],"predecessor-version":[{"id":87,"href":"https:\/\/blogs.ua.es\/antecedentescreacionua\/wp-json\/wp\/v2\/pages\/58\/revisions\/87"}],"wp:attachment":[{"href":"https:\/\/blogs.ua.es\/antecedentescreacionua\/wp-json\/wp\/v2\/media?parent=58"}],"curies":[{"name":"wp","href":"https:\/\/api.w.org\/{rel}","templated":true}]}}