{"id":127,"date":"2013-01-28T08:07:35","date_gmt":"2013-01-28T08:07:35","guid":{"rendered":"https:\/\/blogs.ua.es\/antoniocastello\/?page_id=127"},"modified":"2013-01-28T09:06:57","modified_gmt":"2013-01-28T09:06:57","slug":"fuentes","status":"publish","type":"page","link":"https:\/\/blogs.ua.es\/antoniocastello\/fuentes\/","title":{"rendered":"Fuentes"},"content":{"rendered":"<p>Hay que dejar claro, que las fuentes han sido muy dif\u00edciles de encontrar, ya que la mayor\u00eda de los libros de Antonio Castell\u00f3 son ediciones limitadas, incluso numeradas y dadas en primera persona, al lector, en este caso de sus obras.<\/p>\n<p>Estas fuentes, normalmente fueron peque\u00f1os libros, los cuales eran peque\u00f1os cuentos y libretos sobre distintos temas pueblerinos.\u00a0Estos se basan b\u00e1sicamente en la vida agr\u00edcola y en la vida cotidiana de gente humilde.<\/p>\n<p>Las pocas obras que hemos podido consultar se han extra\u00eddo casi en su totalidad, de la Biblioteca P\u00fablica de Alicante y solo un volumen de la Universidad de Alicante.<\/p>\n<p>Las fuentes electr\u00f3nicas, como las p\u00e1ginas web, figuran en cada enlace propuesto al principio de cada entrada.<\/p>\n<p>En cualquier caso, cabr\u00eda destacar, las escasas fuentes, que han sido posibles consultar, las \u00fanicas, son las fuentes donadas por el propio autor, que son escasas.<\/p>\n","protected":false},"excerpt":{"rendered":"<p>Hay que dejar claro, que las fuentes han sido muy dif\u00edciles de encontrar, ya que la mayor\u00eda de los libros de Antonio Castell\u00f3 son ediciones limitadas, incluso numeradas y dadas en primera persona, al lector, en este caso de sus obras. Estas fuentes, normalmente fueron peque\u00f1os libros, los cuales eran peque\u00f1os cuentos y libretos sobre [&hellip;]<\/p>\n","protected":false},"author":2850,"featured_media":0,"parent":0,"menu_order":0,"comment_status":"open","ping_status":"open","template":"","meta":{"footnotes":""},"class_list":["post-127","page","type-page","status-publish","hentry"],"_links":{"self":[{"href":"https:\/\/blogs.ua.es\/antoniocastello\/wp-json\/wp\/v2\/pages\/127","targetHints":{"allow":["GET"]}}],"collection":[{"href":"https:\/\/blogs.ua.es\/antoniocastello\/wp-json\/wp\/v2\/pages"}],"about":[{"href":"https:\/\/blogs.ua.es\/antoniocastello\/wp-json\/wp\/v2\/types\/page"}],"author":[{"embeddable":true,"href":"https:\/\/blogs.ua.es\/antoniocastello\/wp-json\/wp\/v2\/users\/2850"}],"replies":[{"embeddable":true,"href":"https:\/\/blogs.ua.es\/antoniocastello\/wp-json\/wp\/v2\/comments?post=127"}],"version-history":[{"count":3,"href":"https:\/\/blogs.ua.es\/antoniocastello\/wp-json\/wp\/v2\/pages\/127\/revisions"}],"predecessor-version":[{"id":138,"href":"https:\/\/blogs.ua.es\/antoniocastello\/wp-json\/wp\/v2\/pages\/127\/revisions\/138"}],"wp:attachment":[{"href":"https:\/\/blogs.ua.es\/antoniocastello\/wp-json\/wp\/v2\/media?parent=127"}],"curies":[{"name":"wp","href":"https:\/\/api.w.org\/{rel}","templated":true}]}}