{"id":51,"date":"2013-01-09T19:44:03","date_gmt":"2013-01-09T19:44:03","guid":{"rendered":"https:\/\/blogs.ua.es\/antoniojosecavanilles\/?page_id=51"},"modified":"2013-01-27T16:43:00","modified_gmt":"2013-01-27T16:43:00","slug":"valoracion-general-2","status":"publish","type":"page","link":"https:\/\/blogs.ua.es\/antoniojosecavanilles\/valoracion-general-2\/","title":{"rendered":"5)Valoraci\u00f3n general"},"content":{"rendered":"<p>Como valoraci\u00f3n general,ha sido un reto para las dos; hemos descubierto una faceta m\u00e1s profunda de la bot\u00e1nica,as\u00ed como el hecho de saber qui\u00e9n era el ilustre Antonio Jos\u00e9 Cavanilles y su pasi\u00f3n por la flora de todo el mundo. Nos ha parecido un autor sobre el cual no hay mucho que encontrar sobre \u00e9l y sus obras m\u00e1s importantes.<\/p>\n<p>No s\u00f3lo hemos aprendido a crear este blog,si no que adem\u00e1s,hemos aprendido a utilizar cantidad de recursos de informaci\u00f3n que nos ayudar\u00e1n de aqu\u00ed en adelante para cualquiero otro tipo de trabajo o estudio acad\u00e9mico.<\/p>\n<p>Esperamos que nuestro trabajo sirva de gran ayuda a quienes lo lleguen a consultar.<\/p>\n","protected":false},"excerpt":{"rendered":"<p>Como valoraci\u00f3n general,ha sido un reto para las dos; hemos descubierto una faceta m\u00e1s profunda de la bot\u00e1nica,as\u00ed como el hecho de saber qui\u00e9n era el ilustre Antonio Jos\u00e9 Cavanilles y su pasi\u00f3n por la flora de todo el mundo. &hellip; <a href=\"https:\/\/blogs.ua.es\/antoniojosecavanilles\/valoracion-general-2\/\">Continue reading <span class=\"meta-nav\">&rarr;<\/span><\/a><\/p>\n","protected":false},"author":2871,"featured_media":0,"parent":0,"menu_order":0,"comment_status":"open","ping_status":"closed","template":"","meta":{"footnotes":""},"class_list":["post-51","page","type-page","status-publish","hentry"],"_links":{"self":[{"href":"https:\/\/blogs.ua.es\/antoniojosecavanilles\/wp-json\/wp\/v2\/pages\/51","targetHints":{"allow":["GET"]}}],"collection":[{"href":"https:\/\/blogs.ua.es\/antoniojosecavanilles\/wp-json\/wp\/v2\/pages"}],"about":[{"href":"https:\/\/blogs.ua.es\/antoniojosecavanilles\/wp-json\/wp\/v2\/types\/page"}],"author":[{"embeddable":true,"href":"https:\/\/blogs.ua.es\/antoniojosecavanilles\/wp-json\/wp\/v2\/users\/2871"}],"replies":[{"embeddable":true,"href":"https:\/\/blogs.ua.es\/antoniojosecavanilles\/wp-json\/wp\/v2\/comments?post=51"}],"version-history":[{"count":5,"href":"https:\/\/blogs.ua.es\/antoniojosecavanilles\/wp-json\/wp\/v2\/pages\/51\/revisions"}],"predecessor-version":[{"id":146,"href":"https:\/\/blogs.ua.es\/antoniojosecavanilles\/wp-json\/wp\/v2\/pages\/51\/revisions\/146"}],"wp:attachment":[{"href":"https:\/\/blogs.ua.es\/antoniojosecavanilles\/wp-json\/wp\/v2\/media?parent=51"}],"curies":[{"name":"wp","href":"https:\/\/api.w.org\/{rel}","templated":true}]}}