{"id":102,"date":"2026-04-14T14:01:51","date_gmt":"2026-04-14T14:01:51","guid":{"rendered":"https:\/\/blogs.ua.es\/antoniosanchezsanchez\/?page_id=102"},"modified":"2026-04-14T14:01:51","modified_gmt":"2026-04-14T14:01:51","slug":"alumnado","status":"publish","type":"page","link":"https:\/\/blogs.ua.es\/antoniosanchezsanchez\/alumnado\/","title":{"rendered":"Alumnado"},"content":{"rendered":"\n<p>Como universidad, las alumnas y alumnos son nuestra raz\u00f3n de ser y nuestra m\u00e1xima prioridad. Toda la actividad docente, la actualizaci\u00f3n de los planes de estudios de nuestros grados y m\u00e1steres y el dise\u00f1o de nuevas titulaciones debe ser orientada hacia el objetivo de ofrecer a nuestros estudiantes una docencia con la mayor calidad acad\u00e9mica.<\/p>\n\n\n\n<p>En este sentido, garantizar la disponibilidad de espacios id\u00f3neos es igualmente vital. Por ello, tal y como detallaremos en el apartado de infraestructuras, centraremos nuestros esfuerzos en una gesti\u00f3n de espacios eficiente. Queremos asegurar que el alumnado disponga de aulas \u00f3ptimas, laboratorios correctamente equipados y seguros, as\u00ed como de zonas de trabajo y estudio adecuadas.<\/p>\n\n\n\n<p>A trav\u00e9s del Programa de Acci\u00f3n Tutorial (PAT), elemento b\u00e1sico para asegurar la calidad del Centro, la Facultad proporciona una atenci\u00f3n cercana y personalizada al alumnado. El profesorado que act\u00faa como tutor ofrece su apoyo y orientaci\u00f3n al estudiante frente a cualquier inquietud de \u00edndole acad\u00e9mica, personal o profesional. Se trata pues de una herramienta esencial para el desarrollo y el bienestar de nuestros estudiantes y seguiremos trabajando activamente para dotarla de mayor visibilidad y asegurar que llegue a todo el alumnado.<\/p>\n\n\n\n<p>La participaci\u00f3n del alumnado en la vida universitaria es otra de nuestras prioridades como instituci\u00f3n. La asistencia a cursos y actividades universitarias, su participaci\u00f3n en actividades deportivas, de representaci\u00f3n estudiantil o relacionadas con la solidaridad, voluntariado y cooperaci\u00f3n son esenciales para completar su formaci\u00f3n acad\u00e9mica y personal. Nuestra propuesta se basa, por un lado, en reforzar el apoyo en la organizaci\u00f3n de este tipo de actividades desde la Facultad de Ciencias y, por otro lado, incentivar la participaci\u00f3n del alumnado, aprovechando la posibilidad del reconocimiento de un m\u00e1ximo de 12 cr\u00e9ditos optativos por su participaci\u00f3n en actividades universitarias.<\/p>\n\n\n\n<p>La Facultad de Ciencias siempre ha destacado por su excelente organizaci\u00f3n de actividades de extensi\u00f3n universitaria, y esta seguir\u00e1 siendo nuestra apuesta. Mantendremos nuestro firme apoyo a las actividades culturales asociadas a la festividad de San Alberto Magno, a las Jornadas de Santa Otilia y a la celebraci\u00f3n del Geolod\u00eda. Asimismo, impulsaremos nuestro programa Con*Ciencias, una iniciativa que nos permite recibir a profesionales de reconocido prestigio y al mismo tiempo dar a conocer la valiosa labor de los grupos de investigaci\u00f3n de nuestra Facultad.<\/p>\n\n\n\n<p>Resulta imprescindible mantener una comunicaci\u00f3n directa y constante con la Delegaci\u00f3n de Estudiantes para escuchar y atender las demandas de nuestro alumnado. Con este fin, debemos reforzar su participaci\u00f3n tanto en las actividades culturales de San Alberto Magno, como en las distintas comisiones acad\u00e9micas, en la junta de facultad y en d\u00eda a d\u00eda de nuestra Facultad.<\/p>\n\n\n\n<p>Desde la secretar\u00eda del Centro se ha creado el servicio \u201cContacta con Secretar\u00eda\u201d un medio con el que toda la comunidad universitaria, tambi\u00e9n el alumnado, puede hacernos llegar su dudas y consultas con nuestro firme compromiso de dar respuesta a cada una de ellas. Por otro lado, a trav\u00e9s de la Oficina para Pr\u00e1cticas en Empresa, Movilidad e Inserci\u00f3n Laboral (OPEMIL), el equipo de gestoras junto con el Vicedecano de Movilidad y la Vicedecana de Pr\u00e1cticas Externas ofrecer\u00e1 a nuestros alumnos y aquellos estudiantes que nos visitan el asesoramiento integral en estos temas.<\/p>\n\n\n\n<p>Ser\u00e1 prioridad de nuestro Vicedecano de Estudiantes trabajar de manera conjunta con la Delegaci\u00f3n de Estudiantes, as\u00ed como con el Vicerrectorado de Estudiantes y Empleo en cuestiones relacionadas con:<\/p>\n\n\n\n<ul class=\"wp-block-list\">\n<li>Jornadas de acogida, apoyo y orientaci\u00f3n profesional del alumnado.<\/li>\n\n\n\n<li>Coordinaci\u00f3n de las normativas de evaluaci\u00f3n del aprendizaje.<\/li>\n\n\n\n<li>Convocatorias de becas y ayudas para estudiantes.<\/li>\n\n\n\n<li>Relaciones con el Centro de Apoyo al Estudiante (CAE).<\/li>\n\n\n\n<li>Fomento de la relaci\u00f3n con el antiguo alumnado a trav\u00e9s del programa <em>Alumni<\/em>.<\/li>\n<\/ul>\n\n\n\n<p>Finalmente, el nuevo Equipo Decanal asume el compromiso de mantener y potenciar la presencia de la Facultad en todas aquellas iniciativas orientadas a la atracci\u00f3n de talento de estudiantes de primaria, secundaria y bachillerato. Seguiremos impulsando con fuerza actividades como la Geoyincana, las Olimpiadas Cient\u00edficas, las pruebas Estalmat y Cangur, el programa \u201cVen a hacer pr\u00e1cticas\u201d, las visitas de centros de secundaria, el concurso de microrrelatos, la Nit de la Investigaci\u00f3 y el programa \u201cLa UA va al cole\u201d.<\/p>\n\n\n\n<figure class=\"wp-block-image size-full\"><img loading=\"lazy\" decoding=\"async\" width=\"5760\" height=\"3840\" src=\"https:\/\/blogs.ua.es\/antoniosanchezsanchez\/files\/2026\/03\/Aula.jpeg\" alt=\"\" class=\"wp-image-155\" \/><\/figure>\n\n\n","protected":false},"excerpt":{"rendered":"<p>Como universidad, las alumnas y alumnos son nuestra raz\u00f3n de ser y nuestra m\u00e1xima prioridad. Toda la actividad docente, la actualizaci\u00f3n de los planes de estudios de nuestros grados y m\u00e1steres y el dise\u00f1o de nuevas titulaciones debe ser orientada hacia el objetivo de ofrecer a nuestros estudiantes una docencia con la mayor calidad acad\u00e9mica. &hellip; <\/p>\n<p class=\"link-more\"><a href=\"https:\/\/blogs.ua.es\/antoniosanchezsanchez\/alumnado\/\" class=\"more-link\">Continue reading<span class=\"screen-reader-text\"> &#8220;Alumnado&#8221;<\/span><\/a><\/p>\n","protected":false},"author":4653,"featured_media":0,"parent":0,"menu_order":0,"comment_status":"closed","ping_status":"closed","template":"","meta":{"footnotes":""},"class_list":["post-102","page","type-page","status-publish","hentry"],"_links":{"self":[{"href":"https:\/\/blogs.ua.es\/antoniosanchezsanchez\/wp-json\/wp\/v2\/pages\/102","targetHints":{"allow":["GET"]}}],"collection":[{"href":"https:\/\/blogs.ua.es\/antoniosanchezsanchez\/wp-json\/wp\/v2\/pages"}],"about":[{"href":"https:\/\/blogs.ua.es\/antoniosanchezsanchez\/wp-json\/wp\/v2\/types\/page"}],"author":[{"embeddable":true,"href":"https:\/\/blogs.ua.es\/antoniosanchezsanchez\/wp-json\/wp\/v2\/users\/4653"}],"replies":[{"embeddable":true,"href":"https:\/\/blogs.ua.es\/antoniosanchezsanchez\/wp-json\/wp\/v2\/comments?post=102"}],"version-history":[{"count":4,"href":"https:\/\/blogs.ua.es\/antoniosanchezsanchez\/wp-json\/wp\/v2\/pages\/102\/revisions"}],"predecessor-version":[{"id":194,"href":"https:\/\/blogs.ua.es\/antoniosanchezsanchez\/wp-json\/wp\/v2\/pages\/102\/revisions\/194"}],"wp:attachment":[{"href":"https:\/\/blogs.ua.es\/antoniosanchezsanchez\/wp-json\/wp\/v2\/media?parent=102"}],"curies":[{"name":"wp","href":"https:\/\/api.w.org\/{rel}","templated":true}]}}