{"id":111,"date":"2026-04-14T14:01:52","date_gmt":"2026-04-14T14:01:52","guid":{"rendered":"https:\/\/blogs.ua.es\/antoniosanchezsanchez\/?page_id=111"},"modified":"2026-04-20T15:12:50","modified_gmt":"2026-04-20T15:12:50","slug":"movilidad-internacionalizacion-y-practicas-externas","status":"publish","type":"page","link":"https:\/\/blogs.ua.es\/antoniosanchezsanchez\/movilidad-internacionalizacion-y-practicas-externas\/","title":{"rendered":"Mobilitat, internacionalitzaci\u00f3 i pr\u00e0ctiques externes \/ Movilidad, internacionalizaci\u00f3n y pr\u00e1cticas externas"},"content":{"rendered":"\n<div class=\"wp-block-columns is-layout-flex wp-container-core-columns-is-layout-9d6595d7 wp-block-columns-is-layout-flex\">\n<div class=\"wp-block-column is-layout-flow wp-block-column-is-layout-flow\">\n<p>La mobilitat acad\u00e8mica \u00e9s una pe\u00e7a important per a aconseguir una formaci\u00f3 d&#8217;excel\u00b7l\u00e8ncia. En els \u00faltims anys hem aconseguit incrementar de forma sostinguda el nombre d&#8217;estudiants del nostre centre que realitzen part dels seus estudis en institucions nacionals o internacionals; el nostre objectiu \u00e9s continuar amb aquest increment i consolidar-lo en els pr\u00f2xims anys.<\/p>\n\n\n\n<p>Des d&#8217;aquest equip deganal considerem que la participaci\u00f3 en programes d&#8217;intercanvi \u00e9s vital i, per aix\u00f2, ens comprometem a implementar f\u00f3rmules efectives que faciliten, estimulen i donen suport a la mobilitat de tota la nostra comunitat universit\u00e0ria. Per a aconseguir-ho, ens proposem:<\/p>\n\n\n\n<ul class=\"wp-block-list\">\n<li><strong>Fomentar la cultura de la mobilitat:<\/strong> continuarem i ampliarem la tasca de conscienciaci\u00f3 entre l&#8217;alumnat sobre els avantatges acad\u00e8mics, personals i professionals que aporta una experi\u00e8ncia d&#8217;intercanvi.<\/li>\n\n\n\n<li><strong>Convocar ajudes econ\u00f2miques pr\u00f2pies:<\/strong> potenciarem les beques pr\u00f2pies de la Facultat destinades a cofinan\u00e7ar aquell alumnat que, havent sol\u00b7licitat una pla\u00e7a de mobilitat, no compte amb el finan\u00e7ament institucional suficient per a dur-la a terme.<\/li>\n\n\n\n<li><strong>Consolidar el suport de l&#8217;OPEMIL:<\/strong> mantindrem i enfortirem l&#8217;excel\u00b7lent servei d&#8217;assessorament i acompanyament que es du a terme des de l&#8217;OPEMIL, clau en la gesti\u00f3 de la mobilitat i l&#8217;intercanvi internacional.<\/li>\n\n\n\n<li><strong>Impulsar la internacionalitzaci\u00f3 del Doctorat:<\/strong> promourem de manera activa els intercanvis i les estades d&#8217;investigaci\u00f3 a l&#8217;estranger per a l&#8217;alumnat del programa de doctorat en Ci\u00e8ncies.<\/li>\n\n\n\n<li><strong>Ampliar els t\u00edtols internacionals:<\/strong> plantejarem la creaci\u00f3 de noves aliances per a establir dobles titulacions internacionals prenent com a model els acords ja implantats amb UNIVALI (el Brasil) per als graus en Ci\u00e8ncies del Mar i en Gastronomia i Arts Culin\u00e0ries.<\/li>\n\n\n\n<li><strong>Incentivar la mobilitat del PDI i PTGAS:<\/strong> facilitarem i potenciarem els programes d&#8217;intercanvi, estades formatives i d&#8217;investigaci\u00f3 tamb\u00e9 per al nostre PDI i PTGAS, que enriquiran tots els col\u00b7lectius del centre.<\/li>\n\n\n\n<li><strong>Col\u00b7laboraci\u00f3 institucional estrat\u00e8gica:<\/strong> treballarem bra\u00e7 a bra\u00e7 amb el Vicerectorat de Relacions Internacionals i Cooperaci\u00f3 per al Desenvolupament per a explorar noves vies de finan\u00e7ament i establir convenis de col\u00b7laboraci\u00f3 amb institucions estrangeres de prestigi.<\/li>\n<\/ul>\n\n\n\n<p>Les pr\u00e0ctiques externes acad\u00e8miques constitueixen una pe\u00e7a fonamental en els plans d&#8217;estudi de pr\u00e0cticament tots els nostres t\u00edtols. En alguns casos, com en els graus en \u00d2ptica i Optometria o en Gastronomia i Arts Culin\u00e0ries, aquesta formaci\u00f3 t\u00e9 car\u00e0cter obligatori i \u00e9s valorada per l&#8217;alumnat com una etapa crucial, ja que els permet aplicar els seus coneixements en un entorn professional real i facilita la seua futura inserci\u00f3 laboral.<\/p>\n\n\n\n<p>Fer realitat aquesta immersi\u00f3 professional nom\u00e9s \u00e9s possible gr\u00e0cies a l&#8217;estreta col\u00b7laboraci\u00f3 amb el teixit empresarial i institucional del nostre entorn, un vincle que avui es materialitza en els m\u00e9s de 300 convenis que mantenim actius.<\/p>\n\n\n\n<p>Per a continuar potenciant i millorant aquesta formaci\u00f3, des de l&#8217;equip deganal ens marquem les seg\u00fcents l\u00ednies d&#8217;actuaci\u00f3:<\/p>\n\n\n\n<ul class=\"wp-block-list\">\n<li><strong>Gesti\u00f3 \u00e0gil i acompanyament:<\/strong> a trav\u00e9s de la vicedegana de Pr\u00e0ctiques Externes i la nostra oficina OPEMIL es dur\u00e0 a terme l&#8217;orientaci\u00f3, tramitaci\u00f3 i l&#8217;assessorament del nostre estudiantat i es garantir\u00e0 un proc\u00e9s pr\u00f2xim i eficient.<\/li>\n\n\n\n<li><strong>Aliances estrat\u00e8giques al campus:<\/strong> estrenyerem la col\u00b7laboraci\u00f3 amb el Centre d&#8217;Ocupaci\u00f3 de la UA i el Parc Cient\u00edfic, la qual cosa permetr\u00e0 diversificar i enriquir l&#8217;oferta de pr\u00e0ctiques del nostre centre.<\/li>\n\n\n\n<li><strong>Suport i reconeixement a la tutoritzaci\u00f3 acad\u00e8mica:<\/strong> som plenament conscients del paper essencial que juguen les tutores i tutors acad\u00e8mics en aquest proc\u00e9s. Per aix\u00f2, treballarem per a simplificar els tr\u00e0mits de seguiment i avaluaci\u00f3 de les mem\u00f2ries, i garantirem que aquesta dedicaci\u00f3 compte amb el merescut reconeixement acad\u00e8mic.<\/li>\n<\/ul>\n<\/div>\n\n\n\n<div class=\"wp-block-column is-layout-flow wp-block-column-is-layout-flow\">\n<p>La movilidad acad\u00e9mica es una pieza importante para lograr una formaci\u00f3n de excelencia. En los \u00faltimos a\u00f1os hemos logrado incrementar de forma sostenida el n\u00famero de estudiantes de nuestro Centro que realizan parte de sus estudios en instituciones nacionales o internacionales, nuestro objetivo es continuar con ese incremento y consolidarlo en los pr\u00f3ximos a\u00f1os.<\/p>\n\n\n\n<p>Desde este Equipo Decanal consideramos que la participaci\u00f3n en programas de intercambio es vital y, por ello, nos comprometemos a implementar f\u00f3rmulas efectivas que faciliten, estimulen y apoyen la movilidad de toda nuestra comunidad universitaria. Para lograrlo, nos proponemos:<\/p>\n\n\n\n<ul class=\"wp-block-list\">\n<li><strong>Fomentar la cultura de la movilidad:<\/strong> Continuaremos y ampliaremos la labor de concienciaci\u00f3n entre el alumnado sobre las ventajas acad\u00e9micas, personales y profesionales que aporta una experiencia de intercambio.<\/li>\n\n\n\n<li><strong>Convocar ayudas econ\u00f3micas propias:<\/strong> Potenciaremos las becas propias de la Facultad destinadas a cofinanciar a aquel alumnado que, habiendo solicitado una plaza de movilidad, no cuente con la financiaci\u00f3n institucional suficiente para llevarla a cabo.<\/li>\n\n\n\n<li><strong>Consolidar el apoyo de OPEMIL:<\/strong> Mantendremos y fortaleceremos el excelente servicio de asesoramiento y acompa\u00f1amiento que se lleva a cabo desde OPEMIL, clave en la gesti\u00f3n de la movilidad y el intercambio internacional.<\/li>\n\n\n\n<li><strong>Impulsar la internacionalizaci\u00f3n del Doctorado:<\/strong> Promoveremos de forma activa los intercambios y las estancias de investigaci\u00f3n en el extranjero para el alumnado del Programa de Doctorado en Ciencias.<\/li>\n\n\n\n<li><strong>Ampliar los t\u00edtulos internacionales:<\/strong> Plantearemos la creaci\u00f3n de nuevas alianzas para establecer dobles titulaciones internacionales, tomando como modelo los acuerdos ya implantados con UNIVALI (Brasil) para los grados en Ciencias del Mar y en Gastronom\u00eda y Artes Culinarias.<\/li>\n\n\n\n<li><strong>Incentivar la movilidad del PDI y PTGAS:<\/strong> Facilitaremos y potenciaremos los programas de intercambio, estancias formativas y de investigaci\u00f3n tambi\u00e9n para nuestro PDI y PTGAS, enriqueciendo as\u00ed a todos los colectivos del Centro.<\/li>\n\n\n\n<li><strong>Colaboraci\u00f3n institucional estrat\u00e9gica:<\/strong> Trabajaremos codo con codo con el Vicerrectorado de Relaciones Internacionales y Cooperaci\u00f3n para el Desarrollo para explorar nuevas v\u00edas de financiaci\u00f3n y establecer convenios de colaboraci\u00f3n con instituciones extranjeras de prestigio.<\/li>\n<\/ul>\n\n\n\n<p>Las pr\u00e1cticas externas acad\u00e9micas constituyen una pieza fundamental en los planes de estudio de pr\u00e1cticamente todos nuestros t\u00edtulos. En algunos casos, como en los grados en \u00d3ptica y Optometr\u00eda o en Gastronom\u00eda y Artes Culinarias esta formaci\u00f3n tiene car\u00e1cter obligatorio y es valorada por el alumnado como una etapa crucial, ya que les permite aplicar sus conocimientos en un entorno profesional real y facilita su futura inserci\u00f3n laboral.<\/p>\n\n\n\n<p>Hacer realidad esta inmersi\u00f3n profesional solo es posible gracias a la estrecha colaboraci\u00f3n con el tejido empresarial e institucional de nuestro entorno, un v\u00ednculo que hoy se materializa en los m\u00e1s de 300 convenios que mantenemos activos.<\/p>\n\n\n\n<p>Para seguir potenciando y mejorando esta formaci\u00f3n, desde el Equipo Decanal nos marcamos las siguientes l\u00edneas de actuaci\u00f3n:<\/p>\n\n\n\n<ul class=\"wp-block-list\">\n<li><strong>Gesti\u00f3n \u00e1gil y acompa\u00f1amiento:<\/strong> A trav\u00e9s de la Vicedecana de Pr\u00e1cticas Externas y nuestra oficina OPEMIL se llevar\u00e1 a cabo la orientaci\u00f3n, tramitaci\u00f3n y el asesoramiento de nuestro estudiantado, garantizando un proceso cercano y eficiente.<\/li>\n\n\n\n<li><strong>Alianzas estrat\u00e9gicas en el campus:<\/strong> Estrecharemos la colaboraci\u00f3n con el Centro de Empleo de la UA y el Parque Cient\u00edfico, lo que permitir\u00e1 diversificar y enriquecer la oferta de pr\u00e1cticas de nuestro Centro.<\/li>\n\n\n\n<li><strong>Apoyo y reconocimiento a la tutorizaci\u00f3n acad\u00e9mica:<\/strong> Somos plenamente conscientes del papel esencial que juegan las tutoras y tutores acad\u00e9micos en este proceso. Por ello, trabajaremos para simplificar los tr\u00e1mites de seguimiento y evaluaci\u00f3n de las memorias, y garantizaremos que esta dedicaci\u00f3n cuente con el merecido reconocimiento acad\u00e9mico.<\/li>\n<\/ul>\n<\/div>\n<\/div>\n\n\n<div class=\"wp-block-image\">\n<figure class=\"aligncenter size-full is-resized\"><img loading=\"lazy\" decoding=\"async\" width=\"5760\" height=\"3840\" src=\"https:\/\/blogs.ua.es\/antoniosanchezsanchez\/files\/2026\/03\/LABORATORIOS-CTQ-2017-20.jpg\" alt=\"\" class=\"wp-image-163\" style=\"aspect-ratio:1.4999999660412715;width:642px;height:auto\" \/><\/figure>\n<\/div>","protected":false},"excerpt":{"rendered":"<p>La mobilitat acad\u00e8mica \u00e9s una pe\u00e7a important per a aconseguir una formaci\u00f3 d&#8217;excel\u00b7l\u00e8ncia. En els \u00faltims anys hem aconseguit incrementar de forma sostinguda el nombre d&#8217;estudiants del nostre centre que realitzen part dels seus estudis en institucions nacionals o internacionals; el nostre objectiu \u00e9s continuar amb aquest increment i consolidar-lo en els pr\u00f2xims anys. Des &hellip; <\/p>\n<p class=\"link-more\"><a href=\"https:\/\/blogs.ua.es\/antoniosanchezsanchez\/movilidad-internacionalizacion-y-practicas-externas\/\" class=\"more-link\">Continue reading<span class=\"screen-reader-text\"> &#8220;Mobilitat, internacionalitzaci\u00f3 i pr\u00e0ctiques externes \/ Movilidad, internacionalizaci\u00f3n y pr\u00e1cticas externas&#8221;<\/span><\/a><\/p>\n","protected":false},"author":4653,"featured_media":0,"parent":0,"menu_order":0,"comment_status":"closed","ping_status":"closed","template":"","meta":{"footnotes":""},"class_list":["post-111","page","type-page","status-publish","hentry"],"_links":{"self":[{"href":"https:\/\/blogs.ua.es\/antoniosanchezsanchez\/wp-json\/wp\/v2\/pages\/111","targetHints":{"allow":["GET"]}}],"collection":[{"href":"https:\/\/blogs.ua.es\/antoniosanchezsanchez\/wp-json\/wp\/v2\/pages"}],"about":[{"href":"https:\/\/blogs.ua.es\/antoniosanchezsanchez\/wp-json\/wp\/v2\/types\/page"}],"author":[{"embeddable":true,"href":"https:\/\/blogs.ua.es\/antoniosanchezsanchez\/wp-json\/wp\/v2\/users\/4653"}],"replies":[{"embeddable":true,"href":"https:\/\/blogs.ua.es\/antoniosanchezsanchez\/wp-json\/wp\/v2\/comments?post=111"}],"version-history":[{"count":4,"href":"https:\/\/blogs.ua.es\/antoniosanchezsanchez\/wp-json\/wp\/v2\/pages\/111\/revisions"}],"predecessor-version":[{"id":301,"href":"https:\/\/blogs.ua.es\/antoniosanchezsanchez\/wp-json\/wp\/v2\/pages\/111\/revisions\/301"}],"wp:attachment":[{"href":"https:\/\/blogs.ua.es\/antoniosanchezsanchez\/wp-json\/wp\/v2\/media?parent=111"}],"curies":[{"name":"wp","href":"https:\/\/api.w.org\/{rel}","templated":true}]}}