{"id":94,"date":"2026-04-14T14:01:51","date_gmt":"2026-04-14T14:01:51","guid":{"rendered":"https:\/\/blogs.ua.es\/antoniosanchezsanchez\/?page_id=94"},"modified":"2026-04-14T14:01:51","modified_gmt":"2026-04-14T14:01:51","slug":"programa-electoral","status":"publish","type":"page","link":"https:\/\/blogs.ua.es\/antoniosanchezsanchez\/programa-electoral\/","title":{"rendered":"Programa electoral"},"content":{"rendered":"\n<p>El programa que ponemos a vuestra disposici\u00f3n se articula en diez puntos estrat\u00e9gicos que consideramos fundamentales para afrontar los retos de nuestra Facultad durante los pr\u00f3ximos seis a\u00f1os, con \u00e9l queremos facilitar el desarrollo de nuestra labor docente e investigadora y asegurar la formaci\u00f3n de los cient\u00edficos y profesionales que la sociedad demandar\u00e1 en el futuro.<\/p>\n","protected":false},"excerpt":{"rendered":"<p>El programa que ponemos a vuestra disposici\u00f3n se articula en diez puntos estrat\u00e9gicos que consideramos fundamentales para afrontar los retos de nuestra Facultad durante los pr\u00f3ximos seis a\u00f1os, con \u00e9l queremos facilitar el desarrollo de nuestra labor docente e investigadora y asegurar la formaci\u00f3n de los cient\u00edficos y profesionales que la sociedad demandar\u00e1 en el &hellip; <\/p>\n<p class=\"link-more\"><a href=\"https:\/\/blogs.ua.es\/antoniosanchezsanchez\/programa-electoral\/\" class=\"more-link\">Continue reading<span class=\"screen-reader-text\"> &#8220;Programa electoral&#8221;<\/span><\/a><\/p>\n","protected":false},"author":4653,"featured_media":0,"parent":0,"menu_order":0,"comment_status":"closed","ping_status":"closed","template":"","meta":{"footnotes":""},"class_list":["post-94","page","type-page","status-publish","hentry"],"_links":{"self":[{"href":"https:\/\/blogs.ua.es\/antoniosanchezsanchez\/wp-json\/wp\/v2\/pages\/94","targetHints":{"allow":["GET"]}}],"collection":[{"href":"https:\/\/blogs.ua.es\/antoniosanchezsanchez\/wp-json\/wp\/v2\/pages"}],"about":[{"href":"https:\/\/blogs.ua.es\/antoniosanchezsanchez\/wp-json\/wp\/v2\/types\/page"}],"author":[{"embeddable":true,"href":"https:\/\/blogs.ua.es\/antoniosanchezsanchez\/wp-json\/wp\/v2\/users\/4653"}],"replies":[{"embeddable":true,"href":"https:\/\/blogs.ua.es\/antoniosanchezsanchez\/wp-json\/wp\/v2\/comments?post=94"}],"version-history":[{"count":3,"href":"https:\/\/blogs.ua.es\/antoniosanchezsanchez\/wp-json\/wp\/v2\/pages\/94\/revisions"}],"predecessor-version":[{"id":115,"href":"https:\/\/blogs.ua.es\/antoniosanchezsanchez\/wp-json\/wp\/v2\/pages\/94\/revisions\/115"}],"wp:attachment":[{"href":"https:\/\/blogs.ua.es\/antoniosanchezsanchez\/wp-json\/wp\/v2\/media?parent=94"}],"curies":[{"name":"wp","href":"https:\/\/api.w.org\/{rel}","templated":true}]}}