{"id":84,"date":"2013-01-26T17:04:44","date_gmt":"2013-01-26T17:04:44","guid":{"rendered":"https:\/\/blogs.ua.es\/archivoscomunidadvalenciana\/?page_id=84"},"modified":"2013-01-27T17:10:09","modified_gmt":"2013-01-27T17:10:09","slug":"valoracion-personal","status":"publish","type":"page","link":"https:\/\/blogs.ua.es\/archivoscomunidadvalenciana\/valoracion-personal\/","title":{"rendered":"Valoraci\u00f3n personal"},"content":{"rendered":"<p style=\"text-align: left\">Personalmente, me ha sorprendido la cantidad de informaci\u00f3n que hay disponible sobre el tema que me ha ocupado. Pensaba que era un campo m\u00e1s escueto, m\u00e1s sencillo, y es todo lo contrario, es un campo muy extenso, que tiene muchos temas relacionados a \u00e9l y que lo complementan.<\/p>\n<p style=\"text-align: left\">Es un sistema complejo de estudio y muy minucioso. Bajo mi punto de vista, para realizar y dedicarse a esos trabajos tienes que tener vocaci\u00f3n, es decir, tiene que gustarte, porque parece un trabajo muy cuidadoso y complicado.<\/p>\n<p style=\"text-align: left\"><strong>Jessica Alcaraz Parada<\/strong><\/p>\n<p>En mi opini\u00f3n, el tema ha sido complicado, ya que no he encontrado mucha informaci\u00f3n al respecto, y me ha costado hacer las 10 entradas con distinta informaci\u00f3n a la de mi compa\u00f1era, porque casi siempre se repet\u00eda.<\/p>\n<p>A la hora de hacer el blog ha sido m\u00e1s f\u00e1cil, puesto que hicimos un curso en clase y me quedo claro lo que era cada cosa y para que serv\u00eda.\u00a0La experiencia ha sido buena, nunca hab\u00eda creado un blog y creo que, en general, son bastante pr\u00e1cticos, aparte de que hay mucha variedad, pues un blog se puede hacer del tema que tu quieras.<\/p>\n<p>Tambi\u00e9n me ha ayudado a conocer m\u00e1s el Sistema Archiv\u00edstico de la Comunidad Valenciana, y todo lo que conlleva para que a la hora de utilizarlo sea f\u00e1cil y sencillo.<\/p>\n<p style=\"text-align: left\"><strong>Irene Quesada Andreu<\/strong><\/p>\n","protected":false},"excerpt":{"rendered":"<p>Personalmente, me ha sorprendido la cantidad de informaci\u00f3n que hay disponible sobre el tema que me ha ocupado. Pensaba que era un campo m\u00e1s escueto, m\u00e1s sencillo, y es todo lo contrario, es un campo muy extenso, que tiene muchos temas relacionados a \u00e9l y que lo complementan. Es un sistema complejo de estudio y [&hellip;]<\/p>\n","protected":false},"author":2982,"featured_media":0,"parent":0,"menu_order":0,"comment_status":"open","ping_status":"open","template":"","meta":{"footnotes":""},"class_list":["post-84","page","type-page","status-publish","hentry"],"_links":{"self":[{"href":"https:\/\/blogs.ua.es\/archivoscomunidadvalenciana\/wp-json\/wp\/v2\/pages\/84","targetHints":{"allow":["GET"]}}],"collection":[{"href":"https:\/\/blogs.ua.es\/archivoscomunidadvalenciana\/wp-json\/wp\/v2\/pages"}],"about":[{"href":"https:\/\/blogs.ua.es\/archivoscomunidadvalenciana\/wp-json\/wp\/v2\/types\/page"}],"author":[{"embeddable":true,"href":"https:\/\/blogs.ua.es\/archivoscomunidadvalenciana\/wp-json\/wp\/v2\/users\/2982"}],"replies":[{"embeddable":true,"href":"https:\/\/blogs.ua.es\/archivoscomunidadvalenciana\/wp-json\/wp\/v2\/comments?post=84"}],"version-history":[{"count":7,"href":"https:\/\/blogs.ua.es\/archivoscomunidadvalenciana\/wp-json\/wp\/v2\/pages\/84\/revisions"}],"predecessor-version":[{"id":103,"href":"https:\/\/blogs.ua.es\/archivoscomunidadvalenciana\/wp-json\/wp\/v2\/pages\/84\/revisions\/103"}],"wp:attachment":[{"href":"https:\/\/blogs.ua.es\/archivoscomunidadvalenciana\/wp-json\/wp\/v2\/media?parent=84"}],"curies":[{"name":"wp","href":"https:\/\/api.w.org\/{rel}","templated":true}]}}