{"id":47,"date":"2010-12-06T09:58:20","date_gmt":"2010-12-06T09:58:20","guid":{"rendered":"https:\/\/blogs.ua.es\/armamentosyfortificacionesenlaedadmoderna\/"},"modified":"2010-12-06T09:59:00","modified_gmt":"2010-12-06T09:59:00","slug":"autor","status":"publish","type":"page","link":"https:\/\/blogs.ua.es\/armamentosyfortificacionesenlaedadmoderna\/autor\/","title":{"rendered":"Autor"},"content":{"rendered":"<p>Hola, soy Gabriel Pastor Alameda, alumno de la Universidad de Alicante, de 2\u00ba curso de la licenciatura de historia del plan 2000.<\/p>\n<p>Este blog sobre todo va a tratar de la tecnolog\u00eda armament\u00edstica para la guerra y de las fortificaciones realizadas para la defensa en la Edad Moderna. Se podr\u00eda decir que en este periodo de tiempo hay m\u00e1s conflictos que paz, de hecho se quiso innovar para perfeccionar armas ya realizadas en la Edad Media, pero que en la Edad Moderna se va a superar creando verdaderos complejos defensivos y armas que van a ser el escal\u00f3n de las armas de hoy en d\u00eda.<\/p>\n<p>Este blog parece un tanto sencillo, pero\u00a0 buscar informaci\u00f3n sobre este tema en concreto no es\u00a0 muy f\u00e1cil de encontrar, pero no es imposible, ya que para ello necesitas recurrir a la bibliograf\u00eda e incluso a enlaces de internet.<\/p>\n","protected":false},"excerpt":{"rendered":"<p>Hola, soy Gabriel Pastor Alameda, alumno de la Universidad de Alicante, de 2\u00ba curso de la licenciatura de historia del plan 2000. Este blog sobre todo va a tratar de la tecnolog\u00eda armament\u00edstica para la guerra y de las fortificaciones realizadas para la defensa en la Edad Moderna. Se podr\u00eda decir que en este periodo [&hellip;]<\/p>\n","protected":false},"author":1909,"featured_media":0,"parent":0,"menu_order":0,"comment_status":"open","ping_status":"open","template":"","meta":{"footnotes":""},"class_list":["post-47","page","type-page","status-publish","hentry"],"_links":{"self":[{"href":"https:\/\/blogs.ua.es\/armamentosyfortificacionesenlaedadmoderna\/wp-json\/wp\/v2\/pages\/47","targetHints":{"allow":["GET"]}}],"collection":[{"href":"https:\/\/blogs.ua.es\/armamentosyfortificacionesenlaedadmoderna\/wp-json\/wp\/v2\/pages"}],"about":[{"href":"https:\/\/blogs.ua.es\/armamentosyfortificacionesenlaedadmoderna\/wp-json\/wp\/v2\/types\/page"}],"author":[{"embeddable":true,"href":"https:\/\/blogs.ua.es\/armamentosyfortificacionesenlaedadmoderna\/wp-json\/wp\/v2\/users\/1909"}],"replies":[{"embeddable":true,"href":"https:\/\/blogs.ua.es\/armamentosyfortificacionesenlaedadmoderna\/wp-json\/wp\/v2\/comments?post=47"}],"version-history":[{"count":3,"href":"https:\/\/blogs.ua.es\/armamentosyfortificacionesenlaedadmoderna\/wp-json\/wp\/v2\/pages\/47\/revisions"}],"predecessor-version":[{"id":50,"href":"https:\/\/blogs.ua.es\/armamentosyfortificacionesenlaedadmoderna\/wp-json\/wp\/v2\/pages\/47\/revisions\/50"}],"wp:attachment":[{"href":"https:\/\/blogs.ua.es\/armamentosyfortificacionesenlaedadmoderna\/wp-json\/wp\/v2\/media?parent=47"}],"curies":[{"name":"wp","href":"https:\/\/api.w.org\/{rel}","templated":true}]}}