{"id":151,"date":"2009-01-13T09:25:02","date_gmt":"2009-01-13T08:25:02","guid":{"rendered":"https:\/\/blogs.ua.es\/arquitecturacivil\/?page_id=151"},"modified":"2009-01-13T22:54:57","modified_gmt":"2009-01-13T21:54:57","slug":"andres-de-vandelvira","status":"publish","type":"page","link":"https:\/\/blogs.ua.es\/arquitecturacivil\/andres-de-vandelvira\/","title":{"rendered":"Andr\u00e9s de Vandelvira"},"content":{"rendered":"<p><a href=\"https:\/\/blogs.ua.es\/arquitecturacivil\/files\/2009\/01\/00_statua-de-andres-de-vandelvira.jpg\"><img loading=\"lazy\" decoding=\"async\" class=\"size-medium wp-image-152 alignright\" src=\"https:\/\/blogs.ua.es\/arquitecturacivil\/files\/2009\/01\/00_statua-de-andres-de-vandelvira-209x300.jpg\" alt=\"\" width=\"209\" height=\"300\" \/><\/a><strong>\u00bfDe qui\u00e9n hablamos? <\/strong><br \/>\nAndr\u00e9s de Vandelvira  (Alcaraz, Albacete, 1509- Ja\u00e9n,1575) fue un c\u00e9lebre cantero y arquitecto renacentista espa\u00f1ol.<\/p>\n<p>Casado con Luisa de Luna, de Villacarrillo, tuvo siete hijos, uno de los cuales,  Alonso de Vandelvira, escribi\u00f3 un libro &#8220;Libro de cortes de piedra&#8221;, que ayud\u00f3 a que fuera conocida la obra de su padre. Fundo una capellan\u00eda, en la Iglesia Parroquial de Villacarrillo, a favor de su hijo el presb\u00edtero y licenciado Pedro de Vandelvira. Siendo en este \u00faltimo lugar donde acopi\u00f3 la mayor parte de su patrimonio.<\/p>\n<p><strong>\u00bfC\u00f3mo le definir\u00edamos?<\/strong><br \/>\nHombre de gran cultura, conoc\u00eda los tratados m\u00e1s famosos de la \u00e9poca, y los puso en pr\u00e1ctica gracias a los mecenas que encontr\u00f3, principalmente en la provincia de Ja\u00e9n, como la misma iglesia, y los nobles relacionados con la familia Molina, como Francisco de los Cobos y Molina. Fue el inventor de la b\u00f3veda va\u00edda y de otras ingeniosas soluciones constructivas.<\/p>\n<p>Con 21 a\u00f1os tambi\u00e9n aparece Vandelvira en unas ambiciosas obras del Convento de Ucl\u00e9s, obra iniciada por Francisco de Luna en 1529; su participaci\u00f3n, &#8220;a la sombra de la escuela plateresca toledana&#8221;, es uno de los ingredientes formativos de su personalidad.<\/p>\n<p>Pero, <strong>\u00bfcu\u00e1les son las obras de su carrera arquitect\u00f3nica?<\/strong><br \/>\nEntre sus obras m\u00e1s notables est\u00e1:<\/p>\n<ul>\n<li>la Sacra Capilla del Salvador, realizada en \u00dabeda sobre un proyecto inicial de Diego de Silo\u00e9, por encargo de Francisco de los Cobos.<\/li>\n<li>la capilla de los Benavides en el convento de San Francisco de Baeza, una obra maestra (por desgracia perdida en parte tras el terremoto de 1755)<\/li>\n<li>la intervenci\u00f3n en la catedral de Baeza<\/li>\n<li>el Antiguo Convento de Santo Domingo de La Guardia de Ja\u00e9n<\/li>\n<li>la Catedral de Ja\u00e9n, considerada su obra maestra.<\/li>\n<li>El templo de Nuestra Se\u00f1ora de la Asunci\u00f3n de Villacarrillo fue una de sus primeras y grandes obras en la provincia de Ja\u00e9n.<\/li>\n<li>el Hospital de Santiago de \u00dabeda. Una de sus \u00faltimas obras, en las que muestra una gran pureza de estilo.<\/li>\n<\/ul>\n<p><strong>Enlaces a las obras:<\/strong><\/p>\n<ul>\n<li><a href=\"https:\/\/blogs.ua.es\/arquitecturacivil\/hospital-de-santiago\/\">Hospital de Santiago<\/a><\/li>\n<li><a href=\"https:\/\/blogs.ua.es\/arquitecturacivil\/catedral-de-la-asuncion-de-jaen\/\">Catedral de la Asunci\u00f3n de Ja\u00e9n<\/a><\/li>\n<li><a href=\"https:\/\/blogs.ua.es\/arquitecturacivil\/la-sacra-capilla-de-el-salvador\/\">La Sacra Capilla de El Salvador<\/a><\/li>\n<\/ul>\n","protected":false},"excerpt":{"rendered":"<p>\u00bfDe qui\u00e9n hablamos? Andr\u00e9s de Vandelvira (Alcaraz, Albacete, 1509- Ja\u00e9n,1575) fue un c\u00e9lebre cantero y arquitecto renacentista espa\u00f1ol. Casado con Luisa de Luna, de Villacarrillo, tuvo siete hijos, uno de los cuales, Alonso de Vandelvira, escribi\u00f3 un libro &#8220;Libro de cortes de piedra&#8221;, que ayud\u00f3 a que fuera conocida la obra de su padre. Fundo [&hellip;]<\/p>\n","protected":false},"author":1036,"featured_media":0,"parent":0,"menu_order":0,"comment_status":"open","ping_status":"open","template":"","meta":{"footnotes":""},"class_list":["post-151","page","type-page","status-publish","hentry"],"_links":{"self":[{"href":"https:\/\/blogs.ua.es\/arquitecturacivil\/wp-json\/wp\/v2\/pages\/151","targetHints":{"allow":["GET"]}}],"collection":[{"href":"https:\/\/blogs.ua.es\/arquitecturacivil\/wp-json\/wp\/v2\/pages"}],"about":[{"href":"https:\/\/blogs.ua.es\/arquitecturacivil\/wp-json\/wp\/v2\/types\/page"}],"author":[{"embeddable":true,"href":"https:\/\/blogs.ua.es\/arquitecturacivil\/wp-json\/wp\/v2\/users\/1036"}],"replies":[{"embeddable":true,"href":"https:\/\/blogs.ua.es\/arquitecturacivil\/wp-json\/wp\/v2\/comments?post=151"}],"version-history":[{"count":5,"href":"https:\/\/blogs.ua.es\/arquitecturacivil\/wp-json\/wp\/v2\/pages\/151\/revisions"}],"predecessor-version":[{"id":230,"href":"https:\/\/blogs.ua.es\/arquitecturacivil\/wp-json\/wp\/v2\/pages\/151\/revisions\/230"}],"wp:attachment":[{"href":"https:\/\/blogs.ua.es\/arquitecturacivil\/wp-json\/wp\/v2\/media?parent=151"}],"curies":[{"name":"wp","href":"https:\/\/api.w.org\/{rel}","templated":true}]}}