{"id":126,"date":"2012-10-14T15:22:04","date_gmt":"2012-10-14T15:22:04","guid":{"rendered":"https:\/\/blogs.ua.es\/arteespanoldelxvi\/?page_id=126"},"modified":"2013-01-14T21:49:09","modified_gmt":"2013-01-14T21:49:09","slug":"cronologia","status":"publish","type":"page","link":"https:\/\/blogs.ua.es\/arteespanoldelxvi\/cronologia\/","title":{"rendered":"Cronolog\u00eda"},"content":{"rendered":"<h3>1500:<\/h3>\n<p>-Nace <strong>Carlos I.<\/strong><\/p>\n<h3><span style=\"font-size: 1.17em\">1501:<\/span><\/h3>\n<p>&#8211;<strong>Enrique Egas<\/strong> comienza a construir el<strong> <a title=\"Santiago de Compostela (II) \u2013 Hospital de los Reyes Cat\u00f3licos\" href=\"https:\/\/blogs.ua.es\/arteespanoldelxvi\/2012\/11\/19\/santiago-de-compostela-ii-hospital-de-los-reyes-catolicos\/\" target=\"_blank\">Hospital de los Reyes Cat\u00f3licos de Santiago de Compostela<\/a><\/strong>.<\/p>\n<h3>1502:<\/h3>\n<p>&#8211;<strong>Lorenzo V\u00e1zquez<\/strong> de Segovia <a title=\"Cogolludo, Guadalajara \u2013 Palacio de los Duques de Medinaceli\" href=\"https:\/\/blogs.ua.es\/arteespanoldelxvi\/2012\/12\/12\/cogolludo-guadalajara-palacio-de-los-duques-de-medinaceli\/\"><strong>termina el palacio de Cogolludo<\/strong><\/a>.<\/p>\n<h3>1504:<\/h3>\n<p>-Muere <strong>Isabel I, <em>la Cat\u00f3lica<\/em><\/strong>. <strong>Juana <em>la Loca<\/em><\/strong>, reina. <strong>Fernando <em>el Cat\u00f3lico<\/em><\/strong>, regente.<\/p>\n<h3>1505:<\/h3>\n<p>-Fernando <strong>Y\u00e1\u00f1ez de la Almedina<\/strong> pinta su <a title=\"Madrid \u2013 Museo del Prado: Renacimiento y Manierismo\" href=\"https:\/\/blogs.ua.es\/arteespanoldelxvi\/2012\/11\/30\/madrid-museo-del-prado-renacimiento-y-manierismo\/\"><em><strong>Santa Catalina<\/strong><\/em><\/a> (aprox. hasta 1510)<\/p>\n<h3>1506:<\/h3>\n<p>-Comienza la construcci\u00f3n de la <a title=\"Granada (II) \u2013 Capilla Real\" href=\"https:\/\/blogs.ua.es\/arteespanoldelxvi\/2012\/12\/28\/granada-ii-capilla-real\/\"><strong>capilla real de Granada<\/strong><\/a>.<\/p>\n<p>&#8211;<strong>F. Y\u00e1\u00f1ez de la Almedina<\/strong> y <strong>F. de los Llanos<\/strong> comienzan sus <a title=\"Valencia (III) \u2013 Renacimiento en la Catedral (II) y el debate de la capilla mayor\" href=\"https:\/\/blogs.ua.es\/arteespanoldelxvi\/2012\/10\/30\/valencia-iii-renacimiento-en-la-catedral-ii-y-el-debate-de-la-capilla-mayor\/\" target=\"_blank\">pinturas para el retablo mayor de la <strong>Catedral de Valencia<\/strong><\/a>.<\/p>\n<h3>1510:<\/h3>\n<p>-Nace <strong>Luis de Morales<\/strong> en Badajoz.<\/p>\n<h3>1511:<\/h3>\n<p>&#8211;<strong>Dami\u00e1n Forment<\/strong> comienza el <a title=\"Zaragoza \u2013 Retablo mayor de la Bas\u00edlica del Pilar\" href=\"https:\/\/blogs.ua.es\/arteespanoldelxvi\/2012\/11\/07\/zaragoza-retablo-mayor-de-la-basilica-del-pilar\/\" target=\"_blank\">retablo mayor de la Bas\u00edlica del Pilar<\/a>.<\/p>\n<h3>1512:<\/h3>\n<p>&#8211;<strong>Miguel \u00c1ngel<\/strong> termina las <a href=\"http:\/\/es.wikipedia.org\/wiki\/Miguel_%C3%81ngel#B.C3.B3veda_de_la_Capilla_Sixtina\" target=\"_blank\"><strong>pinturas de la b\u00f3veda de la Capilla Sixtina<\/strong><\/a>.<\/p>\n<h3>1513:<\/h3>\n<p>&#8211;<strong>Domenico Fancelli<\/strong> comienza el <a title=\"Granada (II) \u2013 Capilla Real\" href=\"https:\/\/blogs.ua.es\/arteespanoldelxvi\/2012\/12\/28\/granada-ii-capilla-real\/\"><em><strong>sepulcro de los Reyes Cat\u00f3licos<\/strong><\/em> <\/a>(hasta 1517).<\/p>\n<h3>1515:<\/h3>\n<p>-Se concluye el <strong><a title=\"Almer\u00eda \u2013 De ausencias y p\u00e9rdidas: Patio del castillo de V\u00e9lez-Blanco\" href=\"https:\/\/blogs.ua.es\/arteespanoldelxvi\/2012\/12\/22\/almeria-de-ausencias-y-perdidas-patio-del-castillo-de-velez-blanco\/\">Palacio de V\u00e9lez-Blanco<\/a><\/strong>.<\/p>\n<h3>1516:<\/h3>\n<p>&#8211;<strong>Carlos I<\/strong>, rey.<\/p>\n<h3>1519:<\/h3>\n<p>&#8211;<strong>Bartolom\u00e9 Ord\u00f3\u00f1ez<\/strong> esculpe sus relieves para el<a title=\"Barcelona \u2013 Renacimiento en el trascoro catedralicio\" href=\"https:\/\/blogs.ua.es\/arteespanoldelxvi\/2012\/11\/05\/barcelona-renacimiento-en-el-trascoro-catedralicio\/\"><strong> trascoro de la catedral de Barcelona<\/strong><\/a>.<\/p>\n<h3>1520:<\/h3>\n<p>&#8211;<strong>Pedro Machuca<\/strong> pinta <a title=\"Madrid \u2013 Museo del Prado: Renacimiento y Manierismo\" href=\"https:\/\/blogs.ua.es\/arteespanoldelxvi\/2012\/11\/30\/madrid-museo-del-prado-renacimiento-y-manierismo\/\"><em><strong>el Descendimiento<\/strong><\/em><\/a> (aprox.)<\/p>\n<p>-Muere <strong><a href=\"http:\/\/es.wikipedia.org\/wiki\/Rafael_Sanzio\" target=\"_blank\">Rafael Sanzio<\/a><\/strong>.<\/p>\n<p>&#8211;<strong>Vasco de la Zarza<\/strong> comienza su <strong><a title=\"\u00c1vila \u2013 Monumento al Tostado\" href=\"https:\/\/blogs.ua.es\/arteespanoldelxvi\/2012\/11\/28\/avila-monumento-al-tostado\/\">Monumento al Tostado<\/a><\/strong>.<\/p>\n<h3>1521:<\/h3>\n<p>-Concluye la construcci\u00f3n de la <strong>capilla real de Granada<\/strong>.<\/p>\n<p>-Llega <a title=\"Y Sevilla\u2026 (II) \u2013 Pietro Torrigiano y su San Jer\u00f3nimo penitente\" href=\"https:\/\/blogs.ua.es\/arteespanoldelxvi\/2013\/01\/10\/y-sevilla-ii-pietro-torrigiano-y-su-san-jeronimo-penitente\/\"><strong>Pietro Torrigiano<\/strong><\/a> a Espa\u00f1a.<\/p>\n<h3>1526:<\/h3>\n<p>-Muere en <a title=\"Villena, Alicante \u2013 Palacio Municipal\" href=\"https:\/\/blogs.ua.es\/arteespanoldelxvi\/2012\/10\/20\/villena-alicante-palacio-municipal\/\" target=\"_blank\">Villena<\/a> <strong><a title=\"Villena, Alicante (II) \u2013 Jacobo Torni y Jer\u00f3nimo Quijano en la Iglesia de Santiago Ap\u00f3stol\" href=\"https:\/\/blogs.ua.es\/arteespanoldelxvi\/2012\/10\/22\/villena-alicante-ii-jocobo-torni-y-jeronimo-quijano-en-la-iglesia-de-santiago-apostol\/\" target=\"_blank\">Jacobo Florentino<\/a><\/strong>.<\/p>\n<h3>1527:<\/h3>\n<p>-Nace <strong>Felipe II<\/strong>.<\/p>\n<h3>1528:<\/h3>\n<p>&#8211;<strong>Diego de Silo\u00e9<\/strong> empieza la construcci\u00f3n de la <strong>catedral de M\u00e1laga<\/strong>.<\/p>\n<p>&#8211;<strong>Pedro Machuca<\/strong> idea el <strong><a title=\"Granada (III) \u2013 El Palacio de Carlos V\" href=\"https:\/\/blogs.ua.es\/arteespanoldelxvi\/2013\/01\/03\/granada-iii-el-palacio-de-carlos-v\/\">Palacio de Carlos V en Granada<\/a>.<\/strong><\/p>\n<p>-Muere <strong>Pietro Torrigiano<\/strong> en el <strong>Castillo de San Jorge de Triana<\/strong>, apresado por la Inquisici\u00f3n.<\/p>\n<h3>1537:<\/h3>\n<p>-Muere <strong>F. Y\u00e1\u00f1ez de la Almedina<\/strong>.<\/p>\n<p>&#8211;<strong>Gil de Honta\u00f1\u00f3n<\/strong> dise\u00f1a la <strong><a title=\"Santiago de Compostela \u2013 Fachada del tesoro de la Catedral\" href=\"https:\/\/blogs.ua.es\/arteespanoldelxvi\/2012\/11\/18\/santiago-de-compostela-fachada-del-tesoro-de-la-catedral\/\" target=\"_blank\">fachada del tesoro de la catedral de Santiago<\/a><\/strong>.<\/p>\n<h3>1540:<\/h3>\n<p>-Comienzan las obras del <a title=\"Vitoria-Gasteiz, \u00c1lava \u2013 Palacio de Escoriaza-Esquivel\" href=\"https:\/\/blogs.ua.es\/arteespanoldelxvi\/2012\/11\/11\/vitoria-gasteiz-alava-palacio-de-escoriaza-esquivel\/\" target=\"_blank\"><strong>palacio de Escoriaza-Esquivel<\/strong><\/a> por el arquitecto <strong>Luis de Vega<\/strong>.<\/p>\n<h3>1541:<\/h3>\n<p>-Nace <strong>Domenikos Theotokopoulos, <a title=\"Toledo \u2013 La figura inigualable de El Greco\" href=\"https:\/\/blogs.ua.es\/arteespanoldelxvi\/2012\/12\/09\/toledo-la-figura-inigualable-de-el-greco\/\"><em>El Greco<\/em><\/a><\/strong>, en Creta.<\/p>\n<p>&#8211;<strong>Miguel \u00c1ngel<\/strong> termina su <strong><a href=\"http:\/\/es.wikipedia.org\/wiki\/Miguel_%C3%81ngel#Juicio_Final\" target=\"_blank\">Juicio Final en la Capilla Sixtina<\/a>.<\/strong><\/p>\n<p>&#8211;<strong>Juan de Juni<\/strong> comienza su <strong><a title=\"Valladolid \u2013 Museo Nacional de Escultura (II) : Alonso Berruguete y Juan de Juni\" href=\"https:\/\/blogs.ua.es\/arteespanoldelxvi\/2012\/11\/24\/valladolid-museo-nacional-de-escultura-ii-alonso-berruguete-y-juan-de-juni\/\">Santo Entierro<\/a><\/strong>.<\/p>\n<p>&#8211;<strong>Gil de Honta\u00f1\u00f3n<\/strong> comienza el <a title=\"Alcal\u00e1 de Henares, Madrid \u2013 Fachada del Colegio Mayor de San Ildefonso\" href=\"https:\/\/blogs.ua.es\/arteespanoldelxvi\/2012\/12\/03\/alcala-de-henares-madrid-fachada-del-colegio-mayor-de-san-ildefonso\/\"><strong>colegio mayor de San Ildefonso, universidad de Alcal\u00e1<\/strong><\/a>.<\/p>\n<h3>1543:<\/h3>\n<p>-Muere <strong>Felipe Bigarny<\/strong>.<\/p>\n<h3>1548:<\/h3>\n<p>-Comienzan las obras de <strong><a title=\"Valencia \u2013 Monasterio de San Miguel de los Reyes (IV)\" href=\"https:\/\/blogs.ua.es\/arteespanoldelxvi\/2012\/10\/30\/valencia-monasterio-de-san-miguel-de-los-reyes-iv\/\" target=\"_blank\">San Miguel de los Reyes, Valencia<\/a>, por Alonso de Covarrubias.<\/strong><\/p>\n<h3>1550:<\/h3>\n<p>-Comienza la reconstrucci\u00f3n del <a title=\"Burgos \u2013 Renacimiento en la Catedral\" href=\"https:\/\/blogs.ua.es\/arteespanoldelxvi\/2012\/11\/22\/burgos-renacimiento-en-la-catedral\/\"><strong>cimborio<\/strong> de la <strong>catedral de Burgos<\/strong><\/a> por <strong>Juan de Vallejo<\/strong> (hasta 1568).<\/p>\n<p>&#8211;<strong>Juan de Juni<\/strong> comienza, tras un largo litigio, el <strong><a title=\"Valladolid (II) \u2013 La catedral y su retablo mayor\" href=\"https:\/\/blogs.ua.es\/arteespanoldelxvi\/2012\/11\/25\/valladolid-ii-la-catedral-y-su-retablo-mayor\/\">retablo de la Virgen de la Antigua<\/a><\/strong>, hoy en la Catedral de Valladolid.<\/p>\n<h3>1556:<\/h3>\n<p>-Abdicaci\u00f3n de <strong>Carlos I<\/strong>. <strong>Felipe II<\/strong>, rey.<\/p>\n<p>&#8211;<a title=\"Valencia (II) \u2013 Viajar al 1600: colegio del Patriarca San Juan de Ribera\" href=\"https:\/\/blogs.ua.es\/arteespanoldelxvi\/2012\/10\/29\/valencia-ii-viajar-al-1600-colegio-del-patriarca-san-juan-de-ribera\/\"><em><strong>El Nazareno<\/strong><\/em><\/a>, de Luis de Morales.<\/p>\n<h3>1557:<\/h3>\n<p>&#8211;<strong>Felipe II<\/strong> vence en la batalla de San Quint\u00edn. Promete dedicar a <a title=\"San Lorenzo de El Escorial, Madrid \u2013 Monasterio de El Escorial\" href=\"https:\/\/blogs.ua.es\/arteespanoldelxvi\/2012\/12\/02\/san-lorenzo-de-el-escorial-madrid-monasterio-de-el-escorial\/\">San Lorenzo la iglesia m\u00e1s grande de Espa\u00f1a<\/a>.<\/p>\n<p>&#8211;<strong>Pedro de Campa\u00f1a<\/strong> realiza sus <a title=\"Y Sevilla\u2026 (IV) \u2013 Pedro de Campa\u00f1a y el retablo de Santa Ana de Triana\" href=\"https:\/\/blogs.ua.es\/arteespanoldelxvi\/2013\/01\/11\/y-sevilla-iv-pedro-de-campana-y-el-retablo-de-santa-ana-de-triana\/\">pinturas para el retablo de Santa Ana<\/a>, de Triana.<\/p>\n<h3>1558:<\/h3>\n<p>-Muere <strong>Carlos I<\/strong>.<\/p>\n<p>&#8211;<strong>Gaspar Becerra<\/strong> comienza su proyecto de <strong>retablo para la Catedral de Astorga<\/strong>.<\/p>\n<h3>1561:<\/h3>\n<p>&#8211;<strong>Felipe II<\/strong> asienta la corte en Madrid y\u00a0busca un lugar donde construir el<a title=\"San Lorenzo de El Escorial, Madrid \u2013 Monasterio de El Escorial\" href=\"https:\/\/blogs.ua.es\/arteespanoldelxvi\/2012\/12\/02\/san-lorenzo-de-el-escorial-madrid-monasterio-de-el-escorial\/\"> templo a San Lorenzo y el pante\u00f3n real<\/a>.<\/p>\n<p>-Muere <a title=\"Valladolid \u2013 Museo Nacional de Escultura (II) : Alonso Berruguete y Juan de Juni\" href=\"https:\/\/blogs.ua.es\/arteespanoldelxvi\/2012\/11\/24\/valladolid-museo-nacional-de-escultura-ii-alonso-berruguete-y-juan-de-juni\/\"><strong>Alonso Berruguete<\/strong><\/a> en Toledo.<\/p>\n<h3>1562:<\/h3>\n<p>&#8211;<strong>Juan de Juanes<\/strong> pinta la <a title=\"Madrid \u2013 Museo del Prado: Renacimiento y Manierismo\" href=\"https:\/\/blogs.ua.es\/arteespanoldelxvi\/2012\/11\/30\/madrid-museo-del-prado-renacimiento-y-manierismo\/\"><em><strong>\u00daltima Cena<\/strong><\/em> <\/a>(aprox.)<\/p>\n<h3>1563:<\/h3>\n<p>-Primera piedra del <a title=\"San Lorenzo de El Escorial, Madrid \u2013 Monasterio de El Escorial\" href=\"https:\/\/blogs.ua.es\/arteespanoldelxvi\/2012\/12\/02\/san-lorenzo-de-el-escorial-madrid-monasterio-de-el-escorial\/\"><strong>monasterio de San Lorenzo de El Escoria<\/strong>l<\/a>. Arquitecto: <strong>Juan Bautista de Toledo<\/strong>.<\/p>\n<h3>1564:<\/h3>\n<p>-Muere <a href=\"http:\/\/es.wikipedia.org\/wiki\/Miguel_%C3%81ngel\" target=\"_blank\"><strong>Miguel \u00c1ngel<\/strong><\/a>.<\/p>\n<h3>1567:<\/h3>\n<p>&#8211;<strong>Juan de Herrera<\/strong> asume la direcci\u00f3n de las obras de<a title=\"San Lorenzo de El Escorial, Madrid \u2013 Monasterio de El Escorial\" href=\"https:\/\/blogs.ua.es\/arteespanoldelxvi\/2012\/12\/02\/san-lorenzo-de-el-escorial-madrid-monasterio-de-el-escorial\/\"><strong> El Escorial<\/strong><\/a>.<\/p>\n<p>&#8211;<strong>Juan Fern\u00e1ndez de Navarrete, <em>el Mudo<\/em><\/strong>, pinta <em><strong>El Bautismo de Cristo<\/strong><\/em> (aprox.)<\/p>\n<h3>1568:<\/h3>\n<p>-Terminado el cuerpo superior de<a title=\"Y Sevilla\u2026 (V) \u2013 La Giralda y la ciudad\" href=\"https:\/\/blogs.ua.es\/arteespanoldelxvi\/2013\/01\/11\/y-sevilla-v-la-giralda-y-la-ciudad\/\"> la <em><strong>Giralda<\/strong><\/em><\/a>, por <strong>Hern\u00e1n Ruiz II<\/strong>.<\/p>\n<p>-Se finaliza el <a title=\"Burgos \u2013 Renacimiento en la Catedral\" href=\"https:\/\/blogs.ua.es\/arteespanoldelxvi\/2012\/11\/22\/burgos-renacimiento-en-la-catedral\/\" target=\"_blank\">cimborrio de la catedral de Burgos<\/a>, proyectado por <strong>Bigarny<\/strong>.<\/p>\n<p>&#8211;<strong>Luis de Morales<\/strong> pinta su <a title=\"Madrid \u2013 Museo del Prado: Renacimiento y Manierismo\" href=\"https:\/\/blogs.ua.es\/arteespanoldelxvi\/2012\/11\/30\/madrid-museo-del-prado-renacimiento-y-manierismo\/\"><em><strong>Virgen con el Ni\u00f1o<\/strong><\/em><\/a>.<\/p>\n<p>-Muere <strong>Gaspar Becerra<\/strong>.<\/p>\n<h3>1574:<\/h3>\n<p><strong>-Nicol\u00e1s Borr\u00e1s <\/strong>pinta<em>\u00a0<\/em>el\u00a0<em><a title=\"Alicante (II) \u2013 \u201cRetablo del juicio final\u201d, de Nicol\u00e1s Borr\u00e1s\" href=\"https:\/\/blogs.ua.es\/arteespanoldelxvi\/2012\/10\/12\/alicante-ii-retablo-del-juicio-final-de-nicolas-borras\/\" target=\"_blank\"><strong>R<\/strong><strong>etablo<\/strong><\/a><strong><a title=\"Alicante (II) \u2013 \u201cRetablo del juicio final\u201d, de Nicol\u00e1s Borr\u00e1s\" href=\"https:\/\/blogs.ua.es\/arteespanoldelxvi\/2012\/10\/12\/alicante-ii-retablo-del-juicio-final-de-nicolas-borras\/\" target=\"_blank\"> de las \u00e1nimas del Juicio Final<\/a>.<\/strong><\/em><\/p>\n<h3>1575:<\/h3>\n<p>&#8211;<strong>S\u00e1nchez Coello<\/strong> pinta el retrato de las <a title=\"Madrid \u2013 Museo del Prado (II) : Los pintores de Felipe II\" href=\"https:\/\/blogs.ua.es\/arteespanoldelxvi\/2012\/12\/01\/madrid-museo-del-prado-ii-los-pintores-de-felipe-ii\/\"><em><strong>Infantas Isabel Clara Eugenia y Catalina Micaela<\/strong><\/em><\/a>.<\/p>\n<p>&#8211;<strong>Marcos Cabrera<\/strong> crea el <a title=\"Y Sevilla\u2026 (III) \u2013 Im\u00e1genes procesionales del XVI\" href=\"https:\/\/blogs.ua.es\/arteespanoldelxvi\/2013\/01\/10\/y-sevilla-iii-imagenes-procesionales-del-xvi\/\"><strong>Cristo de la Expiraci\u00f3n<\/strong><\/a>.<\/p>\n<h3>1577:<\/h3>\n<p>&#8211;<strong>El Greco<\/strong> comienza <em><strong><a title=\"Toledo \u2013 La figura inigualable de El Greco\" href=\"https:\/\/blogs.ua.es\/arteespanoldelxvi\/2012\/12\/09\/toledo-la-figura-inigualable-de-el-greco\/\">la Trinidad<\/a>\u00a0<\/strong><\/em><strong>y<\/strong><em><strong> <a title=\"Toledo \u2013 La figura inigualable de El Greco\" href=\"https:\/\/blogs.ua.es\/arteespanoldelxvi\/2012\/12\/09\/toledo-la-figura-inigualable-de-el-greco\/\">El expolio<\/a>.<\/strong><\/em><\/p>\n<h3>1579:<\/h3>\n<p>-Muere <a href=\"http:\/\/es.wikipedia.org\/wiki\/Juan_de_Juanes\" target=\"_blank\"><strong>Juan de Juanes<\/strong><\/a>.<\/p>\n<h3>1580:<\/h3>\n<p>&#8211;<strong>Sevilla<\/strong>, la ciudad m\u00e1s importante y poblada de la pen\u00ednsula.<\/p>\n<p>&#8211;<strong>El Greco<\/strong> pinta <em><strong>El caballero de la mano en el pecho<\/strong><\/em> (aprox.)<\/p>\n<h3>1584:<\/h3>\n<p>-Concluyen las obras en <a title=\"San Lorenzo de El Escorial, Madrid \u2013 Monasterio de El Escorial\" href=\"https:\/\/blogs.ua.es\/arteespanoldelxvi\/2012\/12\/02\/san-lorenzo-de-el-escorial-madrid-monasterio-de-el-escorial\/\"><strong>San Lorenzo de El Escorial<\/strong><\/a>. Prosigue la decoraci\u00f3n.<\/p>\n<p>-Concluye la construcci\u00f3n del <strong>retablo de la catedral de Astorga<\/strong>, a\u00f1os despu\u00e9s de la muerte de <strong>Becerra<\/strong>.<\/p>\n<h3>1586:<\/h3>\n<p>-Muere <strong>Luis de Morales<\/strong> en Badajoz.<\/p>\n<p>&#8211;<strong>El Greco<\/strong> comienza <a title=\"Toledo \u2013 La figura inigualable de El Greco\" href=\"https:\/\/blogs.ua.es\/arteespanoldelxvi\/2012\/12\/09\/toledo-la-figura-inigualable-de-el-greco\/\"><em><strong>El Entierro del Se\u00f1or de Orgaz<\/strong><\/em><\/a> (hasta 1588).<\/p>\n<h3>1597:<\/h3>\n<p>&#8211;<strong>El Greco<\/strong> comienza las pinturas del <a title=\"Toledo \u2013 La figura inigualable de El Greco\" href=\"https:\/\/blogs.ua.es\/arteespanoldelxvi\/2012\/12\/09\/toledo-la-figura-inigualable-de-el-greco\/\"><strong>retablo del Colegio de Do\u00f1a Mar\u00eda de Arag\u00f3n<\/strong><\/a> (<em><strong>La Anunciaci\u00f3n, la Adoraci\u00f3n<\/strong><\/em>, etc.)<\/p>\n<p>&#8211;<strong>Bartolom\u00e9 Matarana<\/strong> <a title=\"Valencia (II) \u2013 Viajar al 1600: colegio del Patriarca San Juan de Ribera\" href=\"https:\/\/blogs.ua.es\/arteespanoldelxvi\/2012\/10\/29\/valencia-ii-viajar-al-1600-colegio-del-patriarca-san-juan-de-ribera\/\" target=\"_blank\"><strong>comienza sus frescos en el Colegio del Corpus Christi, El Patriarca<\/strong><\/a>.<\/p>\n<h3>1598:<\/h3>\n<p>-Muere <strong>Felipe II<\/strong>. <strong>Felipe III<\/strong>, rey.<\/p>\n","protected":false},"excerpt":{"rendered":"<p>1500: -Nace Carlos I. 1501: &#8211;Enrique Egas comienza a construir el Hospital de los Reyes Cat\u00f3licos de Santiago de Compostela. 1502: &#8211;Lorenzo V\u00e1zquez de Segovia termina el palacio de Cogolludo. 1504: -Muere Isabel I, la Cat\u00f3lica. Juana la Loca, reina. Fernando el Cat\u00f3lico, regente. 1505: -Fernando Y\u00e1\u00f1ez de la Almedina pinta su Santa Catalina (aprox. [&hellip;]<\/p>\n","protected":false},"author":2730,"featured_media":0,"parent":0,"menu_order":8,"comment_status":"open","ping_status":"open","template":"","meta":{"footnotes":""},"class_list":["post-126","page","type-page","status-publish","hentry"],"_links":{"self":[{"href":"https:\/\/blogs.ua.es\/arteespanoldelxvi\/wp-json\/wp\/v2\/pages\/126","targetHints":{"allow":["GET"]}}],"collection":[{"href":"https:\/\/blogs.ua.es\/arteespanoldelxvi\/wp-json\/wp\/v2\/pages"}],"about":[{"href":"https:\/\/blogs.ua.es\/arteespanoldelxvi\/wp-json\/wp\/v2\/types\/page"}],"author":[{"embeddable":true,"href":"https:\/\/blogs.ua.es\/arteespanoldelxvi\/wp-json\/wp\/v2\/users\/2730"}],"replies":[{"embeddable":true,"href":"https:\/\/blogs.ua.es\/arteespanoldelxvi\/wp-json\/wp\/v2\/comments?post=126"}],"version-history":[{"count":11,"href":"https:\/\/blogs.ua.es\/arteespanoldelxvi\/wp-json\/wp\/v2\/pages\/126\/revisions"}],"predecessor-version":[{"id":973,"href":"https:\/\/blogs.ua.es\/arteespanoldelxvi\/wp-json\/wp\/v2\/pages\/126\/revisions\/973"}],"wp:attachment":[{"href":"https:\/\/blogs.ua.es\/arteespanoldelxvi\/wp-json\/wp\/v2\/media?parent=126"}],"curies":[{"name":"wp","href":"https:\/\/api.w.org\/{rel}","templated":true}]}}