{"id":48,"date":"2012-09-26T16:45:25","date_gmt":"2012-09-26T16:45:25","guid":{"rendered":"https:\/\/blogs.ua.es\/arteespanoldelxvi\/?page_id=48"},"modified":"2013-01-21T19:04:23","modified_gmt":"2013-01-21T19:04:23","slug":"mi-blog-y-yo","status":"publish","type":"page","link":"https:\/\/blogs.ua.es\/arteespanoldelxvi\/mi-blog-y-yo\/","title":{"rendered":"Mi blog y yo"},"content":{"rendered":"<p style=\"text-align: justify\">Soy <strong>Carlos E. Navarro <\/strong>(<a href=\"https:\/\/twitter.com\/Carlosn91\" target=\"_blank\"><strong>@Carlosn91<\/strong><\/a> en Twitter). Tengo 21 a\u00f1os y estudio cuarto curso de la<strong> licenciatura en Humanidades<\/strong> de la <strong>Universidad de Alicante<\/strong>.<\/p>\n<p style=\"text-align: justify\">Este blog forma parte de mi trabajo para la asignatura &#8220;<strong>Historia Moderna de Espa\u00f1a<\/strong>&#8220;, impartida por el profesor Antonio Carrasco (<a href=\"https:\/\/twitter.com\/kaveson\" target=\"_blank\">@kaveson<\/a> en Twitter). El blog se dio por finalizado el 17 de enero de 2013 y se evalu\u00f3 el d\u00eda 21 del mismo mes.<\/p>\n<p style=\"text-align: justify\">De entre todos los temas que el profesor nos sugiri\u00f3 para realizar el trabajo de blog, escog\u00ed el del <strong>arte espa\u00f1ol a lo largo del siglo XVI<\/strong> y sus circunsancias debido al inter\u00e9s que me suscita aquello relacionado con la historia del arte y el patrimonio. No obstante, con tal de no elaborar un blog enciclop\u00e9dico que no aportara nada nuevo al estudio del arte en el periodo citado, he preferido elaborar una <strong>ruta<\/strong> por las <strong>principales muestras<\/strong> de \u00e9ste a lo largo de las diferentes comunidades aut\u00f3nomas espa\u00f1olas peninsulares. A lo largo de esta ruta no estudiaremos las obras de una manera convencional, sino que trataremos de darle a las mismas un enfoque personal y reflexivo. Sin embargo, con tal de <strong>contextualizar<\/strong> las obras en su <strong>marco art\u00edstico<\/strong>, podremos consultar las <strong>p\u00e1ginas<\/strong> de <strong><a title=\"Arquitectura del XVI\" href=\"https:\/\/blogs.ua.es\/arteespanoldelxvi\/arquitectura-del-xvi\/\" target=\"_blank\">arquitectura<\/a><\/strong>, <a title=\"Escultura del XVI\" href=\"https:\/\/blogs.ua.es\/arteespanoldelxvi\/escultura-del-xvi\/\" target=\"_blank\"><strong>escultura<\/strong> <\/a>y <a title=\"Pintura del XVI\" href=\"https:\/\/blogs.ua.es\/arteespanoldelxvi\/pintura-del-xvi\/\" target=\"_blank\"><strong>pintura<\/strong> <\/a>de este blog, donde encontraremos un resumen del devenir art\u00edstico del siglo XVI en Espa\u00f1a.<\/p>\n<figure id=\"attachment_88\" aria-describedby=\"caption-attachment-88\" style=\"width: 300px\" class=\"wp-caption aligncenter\"><a href=\"https:\/\/blogs.ua.es\/arteespanoldelxvi\/files\/2012\/09\/Sevilla-copia.jpg\"><img loading=\"lazy\" decoding=\"async\" class=\"size-medium wp-image-88 \" src=\"https:\/\/blogs.ua.es\/arteespanoldelxvi\/files\/2012\/09\/Sevilla-copia-300x241.jpg\" alt=\"\" width=\"300\" height=\"241\" srcset=\"https:\/\/blogs.ua.es\/arteespanoldelxvi\/files\/2012\/09\/Sevilla-copia-300x241.jpg 300w, https:\/\/blogs.ua.es\/arteespanoldelxvi\/files\/2012\/09\/Sevilla-copia.jpg 717w\" sizes=\"auto, (max-width: 300px) 100vw, 300px\" \/><\/a><figcaption id=\"caption-attachment-88\" class=\"wp-caption-text\">Recorrido por las provincias espa\u00f1olas peninsulares<\/figcaption><\/figure>\n<p style=\"text-align: justify\">La ruta virtual por las provincias espa\u00f1olas se iniciar\u00e1 en <strong>Alicante<\/strong> y finalizar\u00e1 en <strong>Sevilla<\/strong>. Recorrer\u00e1 las muestras principales o m\u00e1s curiosas del arte de cada comunidad aut\u00f3noma siguiendo el siguiente orden: <strong>Comunidad Valenciana<\/strong> (Alicante, Valencia, Castell\u00f3n), <strong>Catalu\u00f1a<\/strong> (Tarragona, Barcelona, Gerona, L\u00e9rida), <strong>Arag\u00f3n<\/strong> (Teruel, Zaragoza, Huesca), <strong>Navarra<\/strong>, <strong>La Rioja<\/strong>, <strong>Pa\u00eds Vasco<\/strong> (\u00c1lava, Guip\u00fazcoa, Vizcaya), <strong>Cantabria<\/strong>, <strong>Asturias<\/strong>, <strong>Galicia<\/strong> (Lugo, La Coru\u00f1a, Pontevedra, Orense), <strong>Castilla y Le\u00f3n<\/strong> (Le\u00f3n, Palencia, Burgos, Soria, Valladolid, Zamora, Salamanca, \u00c1vila, Segovia), <strong>Madrid<\/strong>, <strong>Extremadura<\/strong> (C\u00e1ceres, Badajoz), <strong>Castilla-La Mancha<\/strong> (Ciudad Real, Toledo, Guadalajara, Cuenca, Albacete), <strong>Murcia<\/strong> y por \u00faltimo, <strong>Andaluc\u00eda<\/strong> (Almer\u00eda, Granada, Ja\u00e9n, C\u00f3rdoba, M\u00e1laga, C\u00e1diz, Huelva y Sevilla).<\/p>\n","protected":false},"excerpt":{"rendered":"<p>Soy Carlos E. Navarro (@Carlosn91 en Twitter). Tengo 21 a\u00f1os y estudio cuarto curso de la licenciatura en Humanidades de la Universidad de Alicante. Este blog forma parte de mi trabajo para la asignatura &#8220;Historia Moderna de Espa\u00f1a&#8220;, impartida por el profesor Antonio Carrasco (@kaveson en Twitter). El blog se dio por finalizado el 17 [&hellip;]<\/p>\n","protected":false},"author":2730,"featured_media":0,"parent":0,"menu_order":0,"comment_status":"open","ping_status":"open","template":"","meta":{"footnotes":""},"class_list":["post-48","page","type-page","status-publish","hentry"],"_links":{"self":[{"href":"https:\/\/blogs.ua.es\/arteespanoldelxvi\/wp-json\/wp\/v2\/pages\/48","targetHints":{"allow":["GET"]}}],"collection":[{"href":"https:\/\/blogs.ua.es\/arteespanoldelxvi\/wp-json\/wp\/v2\/pages"}],"about":[{"href":"https:\/\/blogs.ua.es\/arteespanoldelxvi\/wp-json\/wp\/v2\/types\/page"}],"author":[{"embeddable":true,"href":"https:\/\/blogs.ua.es\/arteespanoldelxvi\/wp-json\/wp\/v2\/users\/2730"}],"replies":[{"embeddable":true,"href":"https:\/\/blogs.ua.es\/arteespanoldelxvi\/wp-json\/wp\/v2\/comments?post=48"}],"version-history":[{"count":14,"href":"https:\/\/blogs.ua.es\/arteespanoldelxvi\/wp-json\/wp\/v2\/pages\/48\/revisions"}],"predecessor-version":[{"id":1224,"href":"https:\/\/blogs.ua.es\/arteespanoldelxvi\/wp-json\/wp\/v2\/pages\/48\/revisions\/1224"}],"wp:attachment":[{"href":"https:\/\/blogs.ua.es\/arteespanoldelxvi\/wp-json\/wp\/v2\/media?parent=48"}],"curies":[{"name":"wp","href":"https:\/\/api.w.org\/{rel}","templated":true}]}}