{"id":24,"date":"2008-10-22T18:46:48","date_gmt":"2008-10-22T16:46:48","guid":{"rendered":"https:\/\/blogs.ua.es\/austriasmenores\/?page_id=24"},"modified":"2008-10-22T18:46:48","modified_gmt":"2008-10-22T16:46:48","slug":"carlos-ii-1665-1700","status":"publish","type":"page","link":"https:\/\/blogs.ua.es\/austriasmenores\/bibliografia-austrias-menores\/carlos-ii-1665-1700\/","title":{"rendered":"Carlos II (1665-1700)"},"content":{"rendered":"<blockquote><p><a href=\"https:\/\/blogs.ua.es\/austriasmenores\/files\/2008\/10\/carlosii.jpg\"><img loading=\"lazy\" decoding=\"async\" class=\"alignleft size-medium wp-image-25\" src=\"https:\/\/blogs.ua.es\/austriasmenores\/files\/2008\/10\/carlosii.jpg\" alt=\"\" width=\"98\" height=\"127\" \/><\/a>Carlos II, llamado tambi\u00e9n el <em>Hechizado<\/em>, naci\u00f3 el 6 de noviembre de 1661. Era hijo de Felipe IV y de Mariana de Austria. A la muerte de su padre hered\u00f3 todas las posesiones de los Austrias espa\u00f1oles, entre ellas Sicilia. Fue rey de Espa\u00f1a de 1665 a 1700. De constituci\u00f3n enfermiza, d\u00e9bil y de poca capacidad mental, hasta 1675 ejerci\u00f3 la regencia su madre, quien confi\u00f3 el gobierno a validos, al jesuita alem\u00e1n Nithard hasta 1669 y a Fernando de Valenzuela. De 1677 a 1679 gobern\u00f3 Juan Jos\u00e9 de Austria, enemigo de la reina madre, y posteriormente, hasta 1685, el duque de Medinaceli y el conde de Oropesa.<\/p>\n<p align=\"justify\">\u00a0\u00a0\u00a0\u00a0\u00a0A la edad de 18 a\u00f1os Carlos II se cas\u00f3 en primeras nupcias con Mar\u00eda Luisa de Orleans, hija del Duque Felipe de Orleans, hermano de Luis XIV y de Enriqueta Ana de Inglaterra. Diez a\u00f1os m\u00e1s tarde muri\u00f3 la reina y en 1690 tuvo lugar el segundo matrimonio del monarca con Mariana de Neoburgo, hija del elector Felipe Guillermo del Palatinado, Duque de Neoburgo. Carlos II no tuvo descendencia con ninguna de sus dos mujeres, dando lugar al problema sucesorio que trajo como consecuencia el final de la dinast\u00eda de los Austrias espa\u00f1oles.<\/p>\n<p align=\"justify\">\u00a0\u00a0\u00a0\u00a0\u00a0\u00a0La desastrosa situaci\u00f3n econ\u00f3mica y la crisis pol\u00edtica y social heredadas del reinado de su padre Felipe IV unida a la ineficacia e incapacidad de los gobernantes acrecentaron la cr\u00edtica situaci\u00f3n de Espa\u00f1a y en especial de Castilla dando lugar a una serie de devaluaciones monetarias que alcanzaron el culmen con la deflaci\u00f3n de la moneda de vell\u00f3n en 1680 y la posterior ca\u00edda de la actividad econ\u00f3mica. En nada contribuyeron a mejorar esta situaci\u00f3n los validos encargados del gobierno, s\u00f3lo el Conde de Oropesa realiz\u00f3 una pol\u00edtica firme de reducci\u00f3n de impuestos y contenci\u00f3n del gasto p\u00fablico. La vida del pa\u00eds se caracteriz\u00f3 por una crisis econ\u00f3mica end\u00e9mica, aunque en Arag\u00f3n y la zona del mediterr\u00e1neo se produjo un movimiento de recuperaci\u00f3n. La crisis interna del reinado de Carlos II hab\u00eda ido propiciando la descentralizaci\u00f3n de los territorios de la Corona de Arag\u00f3n mediante un programa neoforalista y el desarrollo de las estructuras econ\u00f3micas, aprovechando para ello su posici\u00f3n geogr\u00e1fica y sus recursos naturales.<\/p>\n<p align=\"justify\">\u00a0\u00a0\u00a0\u00a0\u00a0Durante su reinado tuvieron lugar dos guerras contra Francia, En 1684 en Ratisbona se firm\u00f3 una tregua de veinte a\u00f1os con Francia, tregua que fue rota en 1690 al concluirse una alianza entre Espa\u00f1a, Inglaterra, los Pa\u00edses Bajos y el Imperio dando lugar a un tercer enfrentamiento b\u00e9lico que durar\u00eda hasta 1697. Los ej\u00e9rcitos franceses ocuparon una serie de plazas catalanas e incluso se apoderaron de Barcelona en 1697 En esta tercera guerra contra el vecino pa\u00eds, Espa\u00f1a intervino en las filas de la Liga de Ausburgo, junto al Imperio, Austria, Suecia y el Papado. La guerra finaliz\u00f3 con la paz de Rvswick. La primera derrota seria de la pol\u00edtica exterior de Luis XIV, que se vio obligado a ceder a Espa\u00f1a plazas en Catalu\u00f1a. Flandes y Luxemburgo, mostrando as\u00ed su inter\u00e9s por conseguir para los Borbones la sucesi\u00f3n al trono espa\u00f1ol.<\/p>\n<p align=\"justify\">\u00a0\u00a0\u00a0\u00a0\u00a0Los a\u00f1os \u00faltimos del reinado de Carlos II estuvieron marcados por la locura del monarca, producto de las presiones pol\u00edticas y las intrigas palaciegas, y por el problema sucesorio, como consecuencia de la inexistencia de hijos. Ante esta \u00faltima cuesti\u00f3n se aviv\u00f3 una pugna por hacerse con el trono y con su herencia. En un principio, el candidato designado era Jos\u00e9 Fernando Maximiliano, hijo del elector de Baviera, pero \u00e9ste falleci\u00f3 en 1699, y volvi\u00f3 a presentarse el problema de elegir entre el archiduque Carlos, hijo del emperador Leopoldo y biznieto de Felipe III, y Felipe de Anjou, nieto de Luis XIV y biznieto de Felipe IV. Esto provoc\u00f3 una contienda por la sucesi\u00f3n al trono espa\u00f1ol en la que intervinieron las principales potencias europeas. La Corte se dividi\u00f3 en dos bandos, por un lado la reina apoyaba al candidato austr\u00edaco, y por otro Carlos quien pensaba que s\u00f3lo el apoyo de Francia pod\u00eda asegurar la conservaci\u00f3n de la monarqu\u00eda en toda su integridad territorial. Todo esto le hizo decidirse por Felipe, y sin ceder a presiones mantuvo su elecci\u00f3n hasta el final dej\u00e1ndolo por escrito el 2 de octubre de 1700 en el testamento que hizo un mes antes de su muerte.<\/p>\n<p align=\"justify\">\u00a0\u00a0\u00a0\u00a0\u00a0Por tanto, Carlos II expiraba en Madrid, a la edad de cuarenta a\u00f1os, dejando un testamento sucesorio que provocar\u00eda una guerra, la guerra de sucesi\u00f3n que dar\u00eda paso a una nueva dinast\u00eda en la monarqu\u00eda de Espa\u00f1a, la de los Borbones.<\/p>\n<\/blockquote>\n","protected":false},"excerpt":{"rendered":"<p>Carlos II, llamado tambi\u00e9n el Hechizado, naci\u00f3 el 6 de noviembre de 1661. Era hijo de Felipe IV y de Mariana de Austria. A la muerte de su padre hered\u00f3 todas las posesiones de los Austrias espa\u00f1oles, entre ellas Sicilia. Fue rey de Espa\u00f1a de 1665 a 1700. De constituci\u00f3n enfermiza, d\u00e9bil y de poca [&hellip;]<\/p>\n","protected":false},"author":946,"featured_media":0,"parent":14,"menu_order":0,"comment_status":"open","ping_status":"open","template":"","meta":{"footnotes":""},"class_list":["post-24","page","type-page","status-publish","hentry"],"_links":{"self":[{"href":"https:\/\/blogs.ua.es\/austriasmenores\/wp-json\/wp\/v2\/pages\/24","targetHints":{"allow":["GET"]}}],"collection":[{"href":"https:\/\/blogs.ua.es\/austriasmenores\/wp-json\/wp\/v2\/pages"}],"about":[{"href":"https:\/\/blogs.ua.es\/austriasmenores\/wp-json\/wp\/v2\/types\/page"}],"author":[{"embeddable":true,"href":"https:\/\/blogs.ua.es\/austriasmenores\/wp-json\/wp\/v2\/users\/946"}],"replies":[{"embeddable":true,"href":"https:\/\/blogs.ua.es\/austriasmenores\/wp-json\/wp\/v2\/comments?post=24"}],"version-history":[{"count":2,"href":"https:\/\/blogs.ua.es\/austriasmenores\/wp-json\/wp\/v2\/pages\/24\/revisions"}],"predecessor-version":[{"id":27,"href":"https:\/\/blogs.ua.es\/austriasmenores\/wp-json\/wp\/v2\/pages\/24\/revisions\/27"}],"up":[{"embeddable":true,"href":"https:\/\/blogs.ua.es\/austriasmenores\/wp-json\/wp\/v2\/pages\/14"}],"wp:attachment":[{"href":"https:\/\/blogs.ua.es\/austriasmenores\/wp-json\/wp\/v2\/media?parent=24"}],"curies":[{"name":"wp","href":"https:\/\/api.w.org\/{rel}","templated":true}]}}