{"id":30,"date":"2008-10-29T19:03:59","date_gmt":"2008-10-29T17:03:59","guid":{"rendered":"https:\/\/blogs.ua.es\/austriasmenores\/?page_id=30"},"modified":"2008-11-19T19:17:35","modified_gmt":"2008-11-19T17:17:35","slug":"marc-historic-antic-regim","status":"publish","type":"page","link":"https:\/\/blogs.ua.es\/austriasmenores\/marc-historic-antic-regim\/","title":{"rendered":"1)  Marc hist\u00f2ric.  Antic R\u00e8gim."},"content":{"rendered":"<p>Generalment, parlem d&#8217;<strong>Antic R\u00e8gim <\/strong>com a sin\u00f2nim d&#8217;<strong>Edad Moderna<\/strong>.\u00a0 En altres paraules ens referim al per\u00edode que abra\u00e7a des de finals del segle XV fins finals del XVIII (a Espanya principis del XIX).<\/p>\n<p>Aquesta etapa es caracteritza per:<\/p>\n<ol>\n<li>Economia predominantment <strong>agropecuaria<\/strong>.\u00a0 Tots viuen de la terra (b\u00e9 treballant-la o b\u00e9 a partir de rendes).\u00a0 A m\u00e9s a m\u00e9s, el comer\u00e7 t\u00e9 un alt desenvolupament a partir dels tres grans descobriments: circumnavegaci\u00f3 a \u00c0frica, Am\u00e8rica i arribada a la \u00cdndia.<\/li>\n<li>Perviv\u00e8ncia del <strong>feudalisme<\/strong> en les \u00e0rees rurals.<\/li>\n<li><strong>Societat estamental<\/strong>.<\/li>\n<li><strong>Absolutisme<\/strong>.\u00a0 Fenomen que va n\u00e0ixer en l&#8217;Edat Mitjana i es mante durant l&#8217;Antic R\u00e8gim a les zones rurals fins finals del s. XVIII en Fran\u00e7a i principis del\u00a0s. XIX en Espanya.<\/li>\n<\/ol>\n<p class=\"MsoNormal\" style=\"margin: 0cm 0cm 0pt;text-align: center\">\u00a0<a href=\"https:\/\/blogs.ua.es\/austriasmenores\/files\/2008\/10\/dibujo.jpg\"><\/a><\/p>\n<p class=\"MsoNormal\" style=\"margin: 0cm 0cm 0pt 42pt;text-align: justify\">\u00a0<\/p>\n<p>Anomenem <strong>feudalisme<\/strong> a la relaci\u00f3 que s&#8217;estableix dins del <em>senyoriu<\/em> (terres d&#8217;un senyor feudal) entre el senyor i els seus camperols.\u00a0 Aquesta relaci\u00f3 es caracteritza per:<\/p>\n<ul>\n<blockquote>\n<li>Els drets de la terra estan compartits entre el senyor i els camperols.\u00a0 El senyor t\u00e9 domini directe o propietat de la terra (<em>Titularitat Jur\u00eddica<\/em>).\u00a0 Els camperols, el domini \u00fatil o possessi\u00f3, \u00e9s a dir, el dret d&#8217;<em>usdefruit<\/em>.<\/li>\n<li>A canvi del dret d&#8217;usdefruit, els camperols pagaran al senyor una renda en forma de treball, diners i esp\u00e8cie (fruits de la terra).<\/li>\n<li>El senyor es reserva el <em>monopoli <\/em>o \u00fas exclusiu de determinats b\u00e9ns i serveis (boscs, rius, molins, tendes, etc.)<\/li>\n<li>El senyor posse\u00efx <em>drets jurisdiccionals<\/em>, que li permeten actuar com a jutge e intervendre en l&#8217;anomenament de c\u00e0rrecs de govern dintre del senyoriu.<\/li>\n<\/blockquote>\n<\/ul>\n<p>\u00a0<\/p>\n<p>La <strong>societat estamental<\/strong> estava dividida en tres grups anomenats estaments o estats.<\/p>\n<blockquote><p>Cada estament posse\u00efx una condici\u00f3 jur\u00eddica espec\u00edfica.\u00a0 El fet de pert\u00e0nyer a un estament o un altre no t\u00e9 res a veure en la riquesa.\u00a0 Dep\u00e9n del naixement o la funci\u00f3 que s&#8217;ocupe (com \u00e9s en el cas del clergat).\u00a0 D&#8217;aquesta manera, dintre de cada estament hi han unes diferencies bestials.<\/p>\n<p>Aix\u00ed, dintre de cada estament, els membres que el formen no tenen res a veure uns amb altres (la seua situaci\u00f3), no obstant comparteixen els mateixos drets.<\/p>\n<p style=\"text-align: center\"><a href=\"https:\/\/blogs.ua.es\/austriasmenores\/files\/2008\/10\/dibujo1.jpg\"><img loading=\"lazy\" decoding=\"async\" class=\"size-full wp-image-40  aligncenter\" src=\"https:\/\/blogs.ua.es\/austriasmenores\/files\/2008\/10\/dibujo1.jpg\" alt=\"\" width=\"500\" height=\"278\" \/><\/a><\/p>\n<\/blockquote>\n<ul>\n<li>La classe dominant al llarg de l&#8217;Antic R\u00e8gim es la noblesa, degut al gran poder econ\u00f2mic provinent del control agropecuari mitjan\u00e7ant el Feudalisme.<\/li>\n<li>A m\u00e9s a m\u00e9s, la noblesa controla l&#8217;esgl\u00e8sia (<em>Patronatge<\/em>).<\/li>\n<li>T\u00e9 una s\u00e8rie de privilegis.<\/li>\n<li>Prestigi social impressionant.\u00a0 Tots la respecten.<\/li>\n<li>Est\u00e0 protegida de la p\u00e8rdua dels seus b\u00e9ns gr\u00e0cies al\u00a0<em>Mayorazgo<\/em>\u00a0(dret de tot homes a transetre \u00edntegrament els seus b\u00e9ns al seu fill major, uns b\u00e9ns que per tant no es poden vendre, dividir ni confiscar).\u00a0 L&#8217;esgl\u00e8sia tamb\u00e9 t\u00e9 els seus b\u00e9ns protegits gr\u00e0cies a la Amortitzaci\u00f3 (els b\u00e9ns no es poden dividir, partir ni confiscar).<\/li>\n<li>\u00c9s dominant, perqu\u00e8 malgrat que no controla el poder s\u00ed el pompartex amb el rei ja que ocupa c\u00e0rrecs.<\/li>\n<\/ul>\n","protected":false},"excerpt":{"rendered":"<p>Generalment, parlem d&#8217;Antic R\u00e8gim com a sin\u00f2nim d&#8217;Edad Moderna.\u00a0 En altres paraules ens referim al per\u00edode que abra\u00e7a des de finals del segle XV fins finals del XVIII (a Espanya principis del XIX). Aquesta etapa es caracteritza per: Economia predominantment agropecuaria.\u00a0 Tots viuen de la terra (b\u00e9 treballant-la o b\u00e9 a partir de rendes).\u00a0 A [&hellip;]<\/p>\n","protected":false},"author":946,"featured_media":0,"parent":0,"menu_order":1,"comment_status":"open","ping_status":"open","template":"","meta":{"footnotes":""},"class_list":["post-30","page","type-page","status-publish","hentry"],"_links":{"self":[{"href":"https:\/\/blogs.ua.es\/austriasmenores\/wp-json\/wp\/v2\/pages\/30","targetHints":{"allow":["GET"]}}],"collection":[{"href":"https:\/\/blogs.ua.es\/austriasmenores\/wp-json\/wp\/v2\/pages"}],"about":[{"href":"https:\/\/blogs.ua.es\/austriasmenores\/wp-json\/wp\/v2\/types\/page"}],"author":[{"embeddable":true,"href":"https:\/\/blogs.ua.es\/austriasmenores\/wp-json\/wp\/v2\/users\/946"}],"replies":[{"embeddable":true,"href":"https:\/\/blogs.ua.es\/austriasmenores\/wp-json\/wp\/v2\/comments?post=30"}],"version-history":[{"count":10,"href":"https:\/\/blogs.ua.es\/austriasmenores\/wp-json\/wp\/v2\/pages\/30\/revisions"}],"predecessor-version":[{"id":69,"href":"https:\/\/blogs.ua.es\/austriasmenores\/wp-json\/wp\/v2\/pages\/30\/revisions\/69"}],"wp:attachment":[{"href":"https:\/\/blogs.ua.es\/austriasmenores\/wp-json\/wp\/v2\/media?parent=30"}],"curies":[{"name":"wp","href":"https:\/\/api.w.org\/{rel}","templated":true}]}}