{"id":250,"date":"2013-01-27T17:54:37","date_gmt":"2013-01-27T16:54:37","guid":{"rendered":"https:\/\/blogs.ua.es\/azorin\/?page_id=250"},"modified":"2013-01-27T17:54:37","modified_gmt":"2013-01-27T16:54:37","slug":"recursos-de-informacion-consultados-2","status":"publish","type":"page","link":"https:\/\/blogs.ua.es\/azorin\/recursos-de-informacion-consultados-2\/","title":{"rendered":"Recursos de informaci\u00f3n consultados"},"content":{"rendered":"<p><span style=\"color: #ffffff\">Para la elaboraci\u00f3n de este blog, hemos empleados fuentes de muy diversa \u00edndole para intentar ofrecer la mayor cantidad de informaci\u00f3n de calidad y de diversa procedencia. Para ello, hemos trabajado con todas las fuentes materiales que nos han llegado a las manos con la intenci\u00f3n de satisfacer las necesidades que el blog pudiera presentar y as\u00ed obtener un trabajo de calidad.<\/span><\/p>\n<p><span style=\"color: #ffffff\">Sin duda, la fuente que m\u00e1s hemos empleado ha sido Internet pues en la red podemos encontrar una gran cantidad de recursos que, posiblemente, no podr\u00edamos encontrar o acceder. Entre ellos hemos encontrado art\u00edculos de peri\u00f3dicos que hacen referencia a Azor\u00edn y que ya no se pueden encontrar pues son peque\u00f1os art\u00edculos de peri\u00f3dicos de hace varios a\u00f1os. Un ejemplo es el art\u00edculo de Azor\u00edn y Baroja sobre la ciudad de Toledo y que hemos encontrado en un art\u00edculo del diario <em>ABC <\/em>del a\u00f1o 2010, entre otros. Tambi\u00e9n en Internet hemos encontrado informaci\u00f3n sobre los rasgos generales de la obra del autor, as\u00ed como su biograf\u00eda o la influencia que ha tenido en el mundo actual. Toda esta informaci\u00f3n la hemos obtenido siempre contrastando entre diversas p\u00e1ginas para comprobar cu\u00e1l era la de mejor calidad que incluir en nuestro blog pues somos conscientes que no toda la informaci\u00f3n que nos ofrece Internet es de calidad.<\/span><\/p>\n<p><span style=\"color: #ffffff\">Tambi\u00e9n, como no, hemos consultado los libros m\u00e1s importantes del autor que hemos encontrado en la Biblioteca General de la Universidad de Alicante, concretamente en la segunda planta. All\u00ed hemos podido consultar ejemplares de <em>La Voluntad, F\u00e9lix Vargas o Don Juan.<\/em> De este modo, tambi\u00e9n hemos experimentado el poder buscar informaci\u00f3n en las instalaciones que nos ofrece la universidad. Por \u00faltimo, hemos visitado la Casa Museo Azor\u00edn situada en Mon\u00f3var, la ciudad natal del escritor donde nos mostraron el entorno en que se desenvolv\u00eda Azor\u00edn y hemos podido acceder a su biblioteca donde tambi\u00e9n hemos encontrado informaci\u00f3n necesaria para la elaboraci\u00f3n del blog.\u00a0<\/span><\/p>\n","protected":false},"excerpt":{"rendered":"<p>Para la elaboraci\u00f3n de este blog, hemos empleados fuentes de muy diversa \u00edndole para intentar ofrecer la mayor cantidad de informaci\u00f3n de calidad y de diversa procedencia. Para ello, hemos trabajado con todas las fuentes materiales que nos han llegado a las manos con la intenci\u00f3n de satisfacer las necesidades que el blog pudiera presentar [&hellip;]<\/p>\n","protected":false},"author":2803,"featured_media":0,"parent":0,"menu_order":0,"comment_status":"open","ping_status":"open","template":"","meta":{"footnotes":""},"class_list":["post-250","page","type-page","status-publish","hentry"],"_links":{"self":[{"href":"https:\/\/blogs.ua.es\/azorin\/wp-json\/wp\/v2\/pages\/250","targetHints":{"allow":["GET"]}}],"collection":[{"href":"https:\/\/blogs.ua.es\/azorin\/wp-json\/wp\/v2\/pages"}],"about":[{"href":"https:\/\/blogs.ua.es\/azorin\/wp-json\/wp\/v2\/types\/page"}],"author":[{"embeddable":true,"href":"https:\/\/blogs.ua.es\/azorin\/wp-json\/wp\/v2\/users\/2803"}],"replies":[{"embeddable":true,"href":"https:\/\/blogs.ua.es\/azorin\/wp-json\/wp\/v2\/comments?post=250"}],"version-history":[{"count":1,"href":"https:\/\/blogs.ua.es\/azorin\/wp-json\/wp\/v2\/pages\/250\/revisions"}],"predecessor-version":[{"id":256,"href":"https:\/\/blogs.ua.es\/azorin\/wp-json\/wp\/v2\/pages\/250\/revisions\/256"}],"wp:attachment":[{"href":"https:\/\/blogs.ua.es\/azorin\/wp-json\/wp\/v2\/media?parent=250"}],"curies":[{"name":"wp","href":"https:\/\/api.w.org\/{rel}","templated":true}]}}