{"id":240,"date":"2009-10-28T09:47:52","date_gmt":"2009-10-28T07:47:52","guid":{"rendered":"https:\/\/blogs.ua.es\/barbarroja\/?page_id=240"},"modified":"2009-11-05T13:07:24","modified_gmt":"2009-11-05T11:07:24","slug":"el-primer-barbarroja","status":"publish","type":"page","link":"https:\/\/blogs.ua.es\/barbarroja\/el-primer-barbarroja\/","title":{"rendered":"El primer Barbarroja"},"content":{"rendered":"<div style=\"text-align: justify\"><span style=\"color: #000000\">\u00a0<\/span><\/div>\n<div style=\"text-align: justify\"><span style=\"color: #000000\">En primer lugar es necesario hablar del hermano mayor de <strong>Hayredd\u00edn<\/strong> Barbarroja, Aruj, y de sus peripecias, pues veremos que ejerci\u00f3 una enorme influencia sobre \u00e9l. Los cuatro hermanos se interesaron por la pirater\u00eda (puede que influidos por el trabajo de comerciante\u00a0mar\u00edtimo de\u00a0su padre), pero\u00a0Aruj fue el primero que destac\u00f3 por sus grandes haza\u00f1as mar\u00edtimas.<\/span><\/div>\n<div style=\"text-align: justify\"><span style=\"color: #000000\">\u00a0<\/span><\/div>\n<figure id=\"attachment_253\" aria-describedby=\"caption-attachment-253\" style=\"width: 222px\" class=\"wp-caption aligncenter\"><img loading=\"lazy\" decoding=\"async\" class=\"size-medium wp-image-253   \" src=\"https:\/\/blogs.ua.es\/barbarroja\/files\/2009\/10\/403px-Arudsch-barbarossa-222x300.jpg\" alt=\"Aruj Barbarroja\" width=\"222\" height=\"300\" srcset=\"https:\/\/blogs.ua.es\/barbarroja\/files\/2009\/10\/403px-Arudsch-barbarossa-222x300.jpg 222w, https:\/\/blogs.ua.es\/barbarroja\/files\/2009\/10\/403px-Arudsch-barbarossa.jpg 371w\" sizes=\"auto, (max-width: 222px) 100vw, 222px\" \/><figcaption id=\"caption-attachment-253\" class=\"wp-caption-text\">Aruj Barbarroja (wikipedia)<\/figcaption><\/figure>\n<div style=\"text-align: justify\"><span style=\"color: #000000\"><span style=\"color: #000000\"><strong>\u00a0<\/strong><\/span><\/span><\/div>\n<div style=\"text-align: justify\"><span style=\"color: #000000\"><strong>Aruj<\/strong>\u00a0naci\u00f3 en 1473 y fue el primog\u00e9nito del matrimonio de <strong>Yakup<\/strong> y <strong>Catalina<\/strong>. En principio, ayud\u00f3 a su padre en las actividades comerciales y, desde bien temprano, mostr\u00f3 af\u00e1n de \u00e9xito y superaci\u00f3n, por ejemplo, hablando diversas lenguas. Alrededor del 1500-1505, abandon\u00f3 su casa en Lesbos, embarc\u00f3 en una nave con su hermano <strong>Il\u00edas<\/strong> (aunque otras fuentes dicen que viaj\u00f3 solo) y se dedic\u00f3 a la pirater\u00eda.<\/span><\/div>\n<div style=\"text-align: justify\"><span style=\"color: #000000\"><span style=\"color: #000000\">\u00a0<\/span><\/span><\/div>\n<figure id=\"attachment_128\" aria-describedby=\"caption-attachment-128\" style=\"width: 139px\" class=\"wp-caption alignleft\"><img loading=\"lazy\" decoding=\"async\" class=\"size-medium wp-image-128 \" src=\"https:\/\/blogs.ua.es\/barbarroja\/files\/2009\/10\/selim-I-199x300.jpg\" alt=\"Selim I (nndb)\" width=\"139\" height=\"210\" srcset=\"https:\/\/blogs.ua.es\/barbarroja\/files\/2009\/10\/selim-I-199x300.jpg 199w, https:\/\/blogs.ua.es\/barbarroja\/files\/2009\/10\/selim-I.jpg 249w\" sizes=\"auto, (max-width: 139px) 100vw, 139px\" \/><figcaption id=\"caption-attachment-128\" class=\"wp-caption-text\">Selim I (nndb)<\/figcaption><\/figure>\n<p style=\"text-align: justify\"><span style=\"color: #000000\">Su primera parada fue en Constantinopla, donde le pidi\u00f3 al sult\u00e1n turco <strong><a href=\"http:\/\/es.wikipedia.org\/wiki\/Selim_I\" target=\"_blank\">Selim I<\/a><\/strong> una serie de barcos; el sult\u00e1n acept\u00f3 darle los barcos que ped\u00eda con la condici\u00f3n de que navegara bajo el Imperio otomano.\u00a0Aruj naveg\u00f3 con esta nueva flota, pero tuvo la mala suerte de ser atacado por las naves cristianas de los <strong><a href=\"http:\/\/es.wikipedia.org\/wiki\/Orden_de_Malta\" target=\"_blank\">Caballeros de San Juan<\/a><\/strong> de la isla de Rodas, orden que se encargaba, entre otras cosas, de la pirater\u00eda, atacando barcos turcos y practicando la trata de esclavos. De este modo, Il\u00edas muri\u00f3 y\u00a0Aruj fue prisionero de los cristianos, siendo condenado a remar en las galeras de la orden. Tras dos a\u00f1os como esclavo,\u00a0Aruj huy\u00f3, hu\u00edda que las fuentes relatan de distintas formas: unos dicen que su hermano Hayredd\u00edn le ayud\u00f3 y otros que escap\u00f3 de los grilletes cort\u00e1ndose el tal\u00f3n, hecho que le dej\u00f3 cojo de por vida. La leyenda cuenta que como\u00a0Aruj se negaba a decir su nombre a sus captores, porque significa &#8220;renegado&#8221;, los cristianos acabaron\u00a0llam\u00e1ndole <strong>Barbarroja<\/strong> por el color rojizo de su pelo.<\/span><\/p>\n<p style=\"text-align: justify\"><span style=\"color: #000000\">La fama de Barbarroja comenz\u00f3 a cobrar fuerza, pues, tal era su af\u00e1n, que en una ocasi\u00f3n soborn\u00f3 a los tripulantes del barco en el que trabajaba como timotero para poder matar al se\u00f1or sin oposici\u00f3n y hacerse as\u00ed con la galera.<\/span><\/p>\n<p style=\"text-align: justify\"><span style=\"color: #000000\">Aruj\u00a0atrac\u00f3 en Antalya (Turqu\u00eda) y fue recibido por el pr\u00edncipe y futuro gobernador, el cual le otorga una flota para luchar contra los cristianos, espec\u00edficamente con los Caballeros de San Juan, pues representaban un peligro para el comercio mar\u00edtimo otomano. A partir de entonces, Barbarroja se dedica a asaltar a los barcos cristianos, llegando a reunir una flota mucho m\u00e1s potente que la de algunos reyes; hay que tener en cuenta que\u00a0Aruj disfrutaba de la patente de corso, a diferencia de los piratas, con lo cual los gobernantes le permit\u00edan robar a las potencias enemigas, recaudando as\u00ed much\u00edsimas riquezas.<\/span><\/p>\n<p style=\"text-align: justify\"><span style=\"color: #000000\">Aruj\u00a0regres\u00f3 a Lesbos para llevarse consigo a sus hermanos <strong>Isaac<\/strong> y Hayredd\u00edn. As\u00ed, los Barbarroja asaltaban juntos las naves y los puertos cristianos, haci\u00e9ndose ricos y gan\u00e1ndose merecidamente la fama de inteligentes almirantes y de sanguinarios. Pero, a pesar de la gran cantidad de dominios,\u00a0Aruj ansiaba un reino propio.<\/span><\/p>\n<p style=\"text-align: justify\"><span style=\"color: #000000\">Una de las haza\u00f1as m\u00e1s conocidas de\u00a0Aruj era transportar a los musulmanes mud\u00e9jares desde el sur de Espa\u00f1a, \u201creci\u00e9n reconquistada\u201d por los cristianos, al norte de \u00c1frica; de esta forma, se gan\u00f3 el apoyo de muchos musulmanes. De esta labor obtuvo el nombre honor\u00edfico de <em>Baba Oru\u00e7<\/em>, que pudo dar lugar al apodo de Barbarroja.<\/span><\/p>\n<figure id=\"attachment_125\" aria-describedby=\"caption-attachment-125\" style=\"width: 139px\" class=\"wp-caption alignright\"><img loading=\"lazy\" decoding=\"async\" class=\"size-medium wp-image-125 \" src=\"https:\/\/blogs.ua.es\/barbarroja\/files\/2009\/10\/Oruc_Reis-154x300.jpg\" alt=\"Aruj con el brazo de hierro (biografiasiniestras)\" width=\"139\" height=\"270\" srcset=\"https:\/\/blogs.ua.es\/barbarroja\/files\/2009\/10\/Oruc_Reis-154x300.jpg 154w, https:\/\/blogs.ua.es\/barbarroja\/files\/2009\/10\/Oruc_Reis.jpg 165w\" sizes=\"auto, (max-width: 139px) 100vw, 139px\" \/><figcaption id=\"caption-attachment-125\" class=\"wp-caption-text\">Aruj con el brazo de hierro (biografiasiniestras)<\/figcaption><\/figure>\n<p><span style=\"color: #000000\">Barbarroja se dirigi\u00f3 a T\u00fanez y le ofreci\u00f3 al rey esclavos, caballos y artiller\u00eda, con lo que se gan\u00f3 su confianza. Tras ser nombrado gobernador,\u00a0Aruj consigui\u00f3 convencer al rey de T\u00fanez para tomar la ciudad de Bug\u00eda (Argelia), entonces bajo control espa\u00f1ol. Pero, en 1512, durante el combate,\u00a0Aruj recibi\u00f3 un tiro y perdi\u00f3 el brazo izquierdo; orden\u00f3 que le fabricaran un brazo artificial de hierro con una mano de plata, por lo cual fue conocido como \u201cbrazo de hierro\u201d. Tan pronto como Barbarroja se recupera, decide contraatacar a los espa\u00f1oles: emprende una campa\u00f1a de saqueo contra la costa de Andaluc\u00eda, Levante (Valencia, Alicante, Santa Pola\u2026) y las islas Baleares; tambi\u00e9n ataca las costas de Italia y se apodera de naves genovesas. En resumen, en un solo mes,\u00a0Aruj hab\u00eda capturado 23 naves. En 1514 decide atacar de nuevo Bug\u00eda cercando la ciudad, en cuya batalla muri\u00f3 su hermano Isaac; adem\u00e1s, la llegada de una flota espa\u00f1ola de refuerzo oblig\u00f3 a\u00a0Aruj a retirarse por segunda vez. Las fuentes cuentan que esta derrota sumi\u00f3 a Barbarroja en una profunda depresi\u00f3n y que, a pesar de ser musulm\u00e1n, se entreg\u00f3 al alcohol y confi\u00f3 en adivinos para cambiar su destino.<\/span><\/p>\n<p style=\"text-align: justify\"><span style=\"color: #000000\">En 1516 muere el rey de Espa\u00f1a, <strong><a href=\"http:\/\/es.wikipedia.org\/wiki\/Fernando_El_Catolico\" target=\"_blank\">Fernando el Cat\u00f3lico<\/a><\/strong>. Esta situaci\u00f3n de crisis es aprovechada por el sult\u00e1n de Argel, hasta entonces vasallo de Espa\u00f1a, para romper sus lazos con el Imperio espa\u00f1ol. El sult\u00e1n llam\u00f3 a Aruj Barbarroja y \u00e9ste acudi\u00f3 con un ej\u00e9rcito a Argel para ayudar al sult\u00e1n contra los espa\u00f1oles, sus grandes enemigos. Pero, deseoso de un reino, Barbarroja acab\u00f3 decapitando al sult\u00e1n y se proclam\u00f3 rey (<em>bey<\/em>) o sult\u00e1n de Argel; otras fuentes defienden que el sult\u00e1n muri\u00f3 de forma natural y que\u00a0Aruj s\u00f3lo se aprovech\u00f3 de la situaci\u00f3n. Aruj se llev\u00f3 a su hermano Hayredd\u00edn, su mano derecha, a su nuevo reino. La leyenda cuenta que convirti\u00f3 Argel en su reino personal, como si fuera un gobierno corsario, y que oblig\u00f3 a la viuda del sult\u00e1n a casarse con \u00e9l. <\/span><span style=\"color: #000000\">Parece ser que en 1517 Aruj decidi\u00f3 renunciar a su t\u00edtulo de rey y le cedi\u00f3 Argel al sult\u00e1n del Imperio Otomano, Selim I, para estar bajo su protecci\u00f3n contra Espa\u00f1a y su futuro nuevo rey <strong><a href=\"http:\/\/es.wikipedia.org\/wiki\/Carlos_I_de_Espa%C3%B1a\" target=\"_blank\">Carlos I<\/a><\/strong>. Debido a este acto, el sult\u00e1n le nombr\u00f3 gobernador de Argel.<\/span><\/p>\n<figure id=\"attachment_106\" aria-describedby=\"caption-attachment-106\" style=\"width: 162px\" class=\"wp-caption alignleft\"><img loading=\"lazy\" decoding=\"async\" class=\"size-medium wp-image-106 \" src=\"https:\/\/blogs.ua.es\/barbarroja\/files\/2009\/10\/carlosi-231x300.png\" alt=\"Carlos I de Espa\u00f1a (mmolinaa.iespana)\" width=\"162\" height=\"210\" srcset=\"https:\/\/blogs.ua.es\/barbarroja\/files\/2009\/10\/carlosi-231x300.png 231w, https:\/\/blogs.ua.es\/barbarroja\/files\/2009\/10\/carlosi.png 300w\" sizes=\"auto, (max-width: 162px) 100vw, 162px\" \/><figcaption id=\"caption-attachment-106\" class=\"wp-caption-text\">Carlos I de Espa\u00f1a (mmolinaa.iespana)<\/figcaption><\/figure>\n<p style=\"text-align: justify\"><span style=\"color: #000000\">Cuando\u00a0Aruj tom\u00f3 la ciudad de Argel, todos los espa\u00f1oles que viv\u00edan all\u00ed huyeron y se refugiaron en un fuerte construido en una isla de la costa argelina, en el Pe\u00f1\u00f3n de Argel. \u00c9stos pidieron ayuda a Espa\u00f1a y el nuevo regente hasta la llegada del rey Carlos, el <strong><a href=\"http:\/\/es.wikipedia.org\/wiki\/Cardenal_Cisneros\" target=\"_blank\">cardenal Cisneros<\/a><\/strong>, envi\u00f3 al ej\u00e9rcito con el fin de recuperar Argel. Sin embargo, la batalla fue a favor de Barbarroja y sus corsarios.<\/span><\/p>\n<p style=\"text-align: justify\"><span style=\"color: #000000\">El siguiente objetivo de Aruj fue Tlemec\u00e9n, ciudad bajo dominio espa\u00f1ol, pues quer\u00eda conquistar el m\u00e1ximo territorio argelino. Las fuentes dicen que tom\u00f3 la ciudad pac\u00edficamente, porque los ciudadanos estaban en contra del dominio espa\u00f1ol; pero, cuando descubrieron lo sanguinario que era, el pueblo se levant\u00f3 contra el pirata. El antiguo rey de Tlemec\u00e9n pudo huir y pidi\u00f3 ayuda a Espa\u00f1a, ya gobernada por Carlos I. En 1518 el rey espa\u00f1ol mand\u00f3 a 10.000 soldados espa\u00f1oles a Or\u00e1n, en Tlemec\u00e9n,\u00a0mientras que\u00a0\u00a0Aruj s\u00f3lo contaba con 1.500 soldados turcos y 5.000 moros. Defendi\u00f3 la ciudad con todas sus fuerzas, pero los espa\u00f1oles acabaron recuperando la ciudad.<\/span><\/p>\n<p style=\"text-align: justify\"><span style=\"color: #000000\">\u00a0<\/span><\/p>\n<p style=\"text-align: justify\"><span style=\"color: #000000\">En esta \u00faltima batalla, Aruj fue alcanzado por unos disparos que le provocaron la muerte. Seg\u00fan otra versi\u00f3n, Barbarroja intent\u00f3 huir, pero sus enemigos lo descubrieron: le cortaron la cabeza y la mostraron clavada en una pica.<\/span><\/p>\n<figure id=\"attachment_276\" aria-describedby=\"caption-attachment-276\" style=\"width: 300px\" class=\"wp-caption aligncenter\"><img loading=\"lazy\" decoding=\"async\" class=\"size-medium wp-image-276\" src=\"https:\/\/blogs.ua.es\/barbarroja\/files\/2009\/10\/conquistas-Aruj-300x226.jpg\" alt=\"Lugares costeros del Mediterr\u00e1neo donde Aruj llevaba a cabo sus batallas\" width=\"300\" height=\"226\" srcset=\"https:\/\/blogs.ua.es\/barbarroja\/files\/2009\/10\/conquistas-Aruj-300x226.jpg 300w, https:\/\/blogs.ua.es\/barbarroja\/files\/2009\/10\/conquistas-Aruj.jpg 567w\" sizes=\"auto, (max-width: 300px) 100vw, 300px\" \/><figcaption id=\"caption-attachment-276\" class=\"wp-caption-text\">Lugares costeros del Mediterr\u00e1neo donde Aruj llevaba a cabo sus batallas<\/figcaption><\/figure>\n","protected":false},"excerpt":{"rendered":"<p>\u00a0 En primer lugar es necesario hablar del hermano mayor de Hayredd\u00edn Barbarroja, Aruj, y de sus peripecias, pues veremos que ejerci\u00f3 una enorme influencia sobre \u00e9l. Los cuatro hermanos se interesaron por la pirater\u00eda (puede que influidos por el trabajo de comerciante\u00a0mar\u00edtimo de\u00a0su padre), pero\u00a0Aruj fue el primero que destac\u00f3 por sus grandes haza\u00f1as [&hellip;]<\/p>\n","protected":false},"author":1351,"featured_media":0,"parent":0,"menu_order":2,"comment_status":"open","ping_status":"open","template":"","meta":{"footnotes":""},"class_list":["post-240","page","type-page","status-publish","hentry"],"_links":{"self":[{"href":"https:\/\/blogs.ua.es\/barbarroja\/wp-json\/wp\/v2\/pages\/240","targetHints":{"allow":["GET"]}}],"collection":[{"href":"https:\/\/blogs.ua.es\/barbarroja\/wp-json\/wp\/v2\/pages"}],"about":[{"href":"https:\/\/blogs.ua.es\/barbarroja\/wp-json\/wp\/v2\/types\/page"}],"author":[{"embeddable":true,"href":"https:\/\/blogs.ua.es\/barbarroja\/wp-json\/wp\/v2\/users\/1351"}],"replies":[{"embeddable":true,"href":"https:\/\/blogs.ua.es\/barbarroja\/wp-json\/wp\/v2\/comments?post=240"}],"version-history":[{"count":38,"href":"https:\/\/blogs.ua.es\/barbarroja\/wp-json\/wp\/v2\/pages\/240\/revisions"}],"predecessor-version":[{"id":242,"href":"https:\/\/blogs.ua.es\/barbarroja\/wp-json\/wp\/v2\/pages\/240\/revisions\/242"}],"wp:attachment":[{"href":"https:\/\/blogs.ua.es\/barbarroja\/wp-json\/wp\/v2\/media?parent=240"}],"curies":[{"name":"wp","href":"https:\/\/api.w.org\/{rel}","templated":true}]}}