{"id":500,"date":"2009-11-29T15:15:53","date_gmt":"2009-11-29T13:15:53","guid":{"rendered":"https:\/\/blogs.ua.es\/barbarroja\/?page_id=500"},"modified":"2009-11-29T15:17:58","modified_gmt":"2009-11-29T13:17:58","slug":"ultimas-conquistas","status":"publish","type":"page","link":"https:\/\/blogs.ua.es\/barbarroja\/ultimas-conquistas\/","title":{"rendered":"\u00daltimas conquistas"},"content":{"rendered":"<p style=\"text-align: justify\"><span style=\"color: #000000\">Esta etapa se caracteriza por las constantes disputas y luchas entre el rey espa\u00f1ol <strong>Carlos I<\/strong> y el monarca franc\u00e9s <strong>Francisco I<\/strong>, entre los que siempre se involucraba <strong>Solim\u00e1n<\/strong> y su Imperio otomano.<\/span><\/p>\n<p style=\"text-align: justify\"><span style=\"color: #000000\">\u00a0<\/span><span style=\"color: #000000\">Conociendo el fracaso de la empresa de Argel, Francisco I ataca Perpi\u00f1\u00e1n en 1542, para lo que se al\u00eda de nuevo con el sult\u00e1n otomano y su almirante jefe <strong>Barbarroja<\/strong>. Sin embargo, algunas fuentes cuentan que Barbarroja no acudi\u00f3 a Perpi\u00f1\u00e1n, porque no confiaba en el rey cristiano.<\/span><\/p>\n<p style=\"text-align: justify\"><span style=\"color: #000000\">Durante el a\u00f1o siguiente Espa\u00f1a y Francia continuaron con sus guerras. Francisco I se ali\u00f3 de nuevo con Solim\u00e1n el Magn\u00edfico con el fin de frenar el poder\u00edo espa\u00f1ol. En este caso, bajo el mando del rey franc\u00e9s, Barbarroja saque\u00f3 las ciudades italianas de San Remo y Liguria, y las francesas de M\u00f3naco y La Turbie. Tambi\u00e9n sitia Niza por solicitud de Francisco I, pero se vio forzado a retirarse a Tol\u00f3n (Francia) a causa del avance de las tropas espa\u00f1olas del <strong>marqu\u00e9s de Vasto<\/strong>. Hayredd\u00edn pas\u00f3 el invierno en Tol\u00f3n, pero no descuid\u00f3 su labor, pues ocasionalmente mandaba a sus tropas a bombardear las costas espa\u00f1olas.<\/span><\/p>\n<p style=\"text-align: justify\"><span style=\"color: #000000\">Barbarroja saque\u00f3 Palam\u00f3s, en la costa catalana, en 1543.<\/span><\/p>\n<p style=\"text-align: justify\"><span style=\"color: #000000\">Un a\u00f1o m\u00e1s tarde Carlos de Espa\u00f1a y Francisco de Francia acabaron la guerra y Barbarroja regres\u00f3 a Estambul, no sin antes incursionar en las islas italianas de Lipari, Ischia, Procida, entre otras.<\/span><\/p>\n<figure id=\"attachment_504\" aria-describedby=\"caption-attachment-504\" style=\"width: 320px\" class=\"wp-caption aligncenter\"><img loading=\"lazy\" decoding=\"async\" class=\"size-full wp-image-504 \" src=\"https:\/\/blogs.ua.es\/barbarroja\/files\/2009\/11\/estambul.jpg\" alt=\"Estambul (o Constantinopla), capital del Imperio otomano\" width=\"320\" height=\"212\" \/><figcaption id=\"caption-attachment-504\" class=\"wp-caption-text\">Estambul (o Constantinopla), capital del Imperio otomano<\/figcaption><\/figure>\n<p><span style=\"color: #000000\">Barbarroja tuvo tres entradas triunfantes en la capital otomana:<\/span><\/p>\n<ol>\n<li><span style=\"color: #000000\">Tras el saqueo de Mahon<\/span><\/li>\n<li><span style=\"color: #000000\">Cuando reconquist\u00f3 Castilnovo<\/span><\/li>\n<li><span style=\"color: #000000\">Y al regresar de la empresa contra Italia llevada a cabo por el pacto con Francisco I<\/span><\/li>\n<\/ol>\n<p style=\"text-align: justify\"><span style=\"color: #000000\">En 1545 el pirata turco realiz\u00f3 sus \u00faltimas expediciones navales: atac\u00f3 algunos puertos de la Pen\u00ednsula y volvi\u00f3 a atacar Mallorca y Menorca.<\/span><\/p>\n","protected":false},"excerpt":{"rendered":"<p>Esta etapa se caracteriza por las constantes disputas y luchas entre el rey espa\u00f1ol Carlos I y el monarca franc\u00e9s Francisco I, entre los que siempre se involucraba Solim\u00e1n y su Imperio otomano. \u00a0Conociendo el fracaso de la empresa de Argel, Francisco I ataca Perpi\u00f1\u00e1n en 1542, para lo que se al\u00eda de nuevo con [&hellip;]<\/p>\n","protected":false},"author":1351,"featured_media":0,"parent":0,"menu_order":7,"comment_status":"open","ping_status":"open","template":"","meta":{"footnotes":""},"class_list":["post-500","page","type-page","status-publish","hentry"],"_links":{"self":[{"href":"https:\/\/blogs.ua.es\/barbarroja\/wp-json\/wp\/v2\/pages\/500","targetHints":{"allow":["GET"]}}],"collection":[{"href":"https:\/\/blogs.ua.es\/barbarroja\/wp-json\/wp\/v2\/pages"}],"about":[{"href":"https:\/\/blogs.ua.es\/barbarroja\/wp-json\/wp\/v2\/types\/page"}],"author":[{"embeddable":true,"href":"https:\/\/blogs.ua.es\/barbarroja\/wp-json\/wp\/v2\/users\/1351"}],"replies":[{"embeddable":true,"href":"https:\/\/blogs.ua.es\/barbarroja\/wp-json\/wp\/v2\/comments?post=500"}],"version-history":[{"count":5,"href":"https:\/\/blogs.ua.es\/barbarroja\/wp-json\/wp\/v2\/pages\/500\/revisions"}],"predecessor-version":[{"id":507,"href":"https:\/\/blogs.ua.es\/barbarroja\/wp-json\/wp\/v2\/pages\/500\/revisions\/507"}],"wp:attachment":[{"href":"https:\/\/blogs.ua.es\/barbarroja\/wp-json\/wp\/v2\/media?parent=500"}],"curies":[{"name":"wp","href":"https:\/\/api.w.org\/{rel}","templated":true}]}}