{"id":565,"date":"2009-12-16T12:20:40","date_gmt":"2009-12-16T10:20:40","guid":{"rendered":"https:\/\/blogs.ua.es\/barbarroja\/?page_id=565"},"modified":"2009-12-16T12:35:31","modified_gmt":"2009-12-16T10:35:31","slug":"barcos-corsarios","status":"publish","type":"page","link":"https:\/\/blogs.ua.es\/barbarroja\/barcos-corsarios\/","title":{"rendered":"Barcos corsarios"},"content":{"rendered":"<figure id=\"attachment_569\" aria-describedby=\"caption-attachment-569\" style=\"width: 314px\" class=\"wp-caption aligncenter\"><strong><img loading=\"lazy\" decoding=\"async\" class=\"size-full wp-image-569   \" title=\"08GaleraTurca-forum paradoxplaza\" src=\"https:\/\/blogs.ua.es\/barbarroja\/files\/2009\/12\/08GaleraTurca-forum-paradoxplaza1.jpg\" alt=\"Galera turca (padoxplaza)\" width=\"314\" height=\"204\" srcset=\"https:\/\/blogs.ua.es\/barbarroja\/files\/2009\/12\/08GaleraTurca-forum-paradoxplaza1.jpg 582w, https:\/\/blogs.ua.es\/barbarroja\/files\/2009\/12\/08GaleraTurca-forum-paradoxplaza1-299x194.jpg 299w\" sizes=\"auto, (max-width: 314px) 100vw, 314px\" \/><\/strong><figcaption id=\"caption-attachment-569\" class=\"wp-caption-text\">Galera turca (paradoxplaza)<\/figcaption><\/figure>\n<p style=\"text-align: justify\"><span style=\"color: #000000\"><strong>Barbarroja<\/strong> fue un pirata inteligente y estrat\u00e9gico hasta incluso para organizar sus naves mar\u00edtimas.<\/span><\/p>\n<p style=\"text-align: justify\"><span style=\"color: #000000\">Los barcos corsarios estaban en poder de un grupo de armadores, que en este caso se tratar\u00eda de Barbarroja, los cuales se ten\u00edan que poner de acuerdo para seleccionar a la tripulaci\u00f3n y para elegir la fecha de la expedici\u00f3n. En pocos d\u00edas o semanas se produc\u00eda la partida (al parecer siempre comenzaban el viaje de noche) con un objetivo que no se conoc\u00eda hasta que estuviesen a bordo.<\/span><\/p>\n<p><span style=\"color: #000000\">\u00a0<\/span><\/p>\n<figure id=\"attachment_572\" aria-describedby=\"caption-attachment-572\" style=\"width: 223px\" class=\"wp-caption alignright\"><img loading=\"lazy\" decoding=\"async\" class=\"size-full wp-image-572 \" title=\"Dibujo\" src=\"https:\/\/blogs.ua.es\/barbarroja\/files\/2009\/12\/Dibujo.jpg\" alt=\"Galeota (biografiasiniestras)\" width=\"223\" height=\"152\" srcset=\"https:\/\/blogs.ua.es\/barbarroja\/files\/2009\/12\/Dibujo.jpg 319w, https:\/\/blogs.ua.es\/barbarroja\/files\/2009\/12\/Dibujo-300x204.jpg 300w\" sizes=\"auto, (max-width: 223px) 100vw, 223px\" \/><figcaption id=\"caption-attachment-572\" class=\"wp-caption-text\">Galeota (biografiasiniestras)<\/figcaption><\/figure>\n<p style=\"text-align: justify\"><span style=\"color: #000000\">Principalmente los buques utilizados eran las galeotas: galeras m\u00e1s peque\u00f1as y estrechas, con un mejor manejo en al agua e impulsadas como mucho por diecis\u00e9is o veinte remos. La ventaja de estos barcos se basaba en que eran mucho m\u00e1s veloces en el mar. Pero en Berber\u00eda (en el Argel de Barbarroja) se constru\u00edan galeotas tan grandes como galeras, siendo igual de \u00e1giles y sirviendo a la vez a las exigencias en guerra del sult\u00e1n.<\/span><\/p>\n<p style=\"text-align: justify\"><span style=\"color: #000000\">Los esclavos eran los que normalmente se encargaban de impulsar las galeotas. Los esclavos habituales de Hayredd\u00edn eran cristianos capturados en los saqueos y batallas, pero, si no eran suficientes, se alquilaban a otros mercenarios o incluso se les pagaba a los musulmanes para que remaran (como vemos, los cristianos eran obligados a remar y a los musulmanes se les pagaba por ello).<\/span><\/p>\n<figure id=\"attachment_570\" aria-describedby=\"caption-attachment-570\" style=\"width: 168px\" class=\"wp-caption alignleft\"><img loading=\"lazy\" decoding=\"async\" class=\"size-full wp-image-570 \" title=\"OSMANLI_DENIZCILIK_585\" src=\"https:\/\/blogs.ua.es\/barbarroja\/files\/2009\/12\/OSMANLI_DENIZCILIK_585.jpg\" alt=\"barco otmano (filibusterosdeaguadulce)\" width=\"168\" height=\"200\" \/><figcaption id=\"caption-attachment-570\" class=\"wp-caption-text\">barco otomano (filibusterosdeaguadulce)<\/figcaption><\/figure>\n<p style=\"text-align: justify\"><span style=\"color: #000000\">Los enemigos cristianos pose\u00edan barcos comerciales, en los que hab\u00eda gran cantidad de mercanc\u00edas, hombres, recursos para alimentar a la tripulaci\u00f3n, etc., por lo que las naves eran pesadas, inestables y bastante lentas. Los barcos turcos, por el contrario, se dedicaban \u00fanicamente a la pirater\u00eda: cargaban con pocos hombres y con pocas provisiones, as\u00ed que eran m\u00e1s ligeras y maniobrables. La velocidad era la principal ventaja de las naves de Barbarroja, que, para ello, se vaciaban de todo, incluso el casco se limpiaba minuciosamente para eliminar carga.<\/span><\/p>\n<p><span style=\"color: #000000\">\u00a0<\/span><\/p>\n<figure id=\"attachment_573\" aria-describedby=\"caption-attachment-573\" style=\"width: 116px\" class=\"wp-caption alignright\"><img loading=\"lazy\" decoding=\"async\" class=\"size-full wp-image-573    \" title=\"bandera armada otomana 1453-1793\" src=\"https:\/\/blogs.ua.es\/barbarroja\/files\/2009\/12\/bandera-armada-otomana-1453-1793.png\" alt=\"Bandera armada otomana 1453-1793 (wikipedia)\" width=\"116\" height=\"76\" srcset=\"https:\/\/blogs.ua.es\/barbarroja\/files\/2009\/12\/bandera-armada-otomana-1453-1793.png 301w, https:\/\/blogs.ua.es\/barbarroja\/files\/2009\/12\/bandera-armada-otomana-1453-1793-300x198.png 300w\" sizes=\"auto, (max-width: 116px) 100vw, 116px\" \/><figcaption id=\"caption-attachment-573\" class=\"wp-caption-text\">Bandera armada otomana (wikipedia)<\/figcaption><\/figure>\n<p><span style=\"color: #000000\">En un primer momento los hombres de Barbarroja eran piratas, ladrones y delincuentes (como <strong>Sin\u00e1n el Jud\u00edo<\/strong> o <strong>Harad\u00edn Cachidiablo<\/strong>), militares reclutados entre renegados sin ning\u00fan tipo de experiencia mar\u00edtima. Cuando Hayredd\u00edn fue nombrado almirante jefe por <strong>Solim\u00e1n I el Magn\u00edfico<\/strong>, el sult\u00e1n sustituy\u00f3 a aquellos hombres inexpertos por <em>jen\u00edzaros<\/em>, que eran los mejores militares del ej\u00e9rcito otomano. Barbarroja pasa a poseer una flota profesional compuesta por marineros y soldados entrenados.<\/span><\/p>\n<p><span style=\"color: #000000\">Las incursiones de Barbarroja y sus hombres por todas las costas del mar Mediterr\u00e1neo, sobre todo por las costas del Levante peninsular, provocaban el p\u00e1nico entre las gentes cristianas. Estas personas llegaban a abandonar sus hogares, lo que se tradujo en el despoblamiento de las costas y en su intento de protecci\u00f3n. En cuando a esto tenemos constancia de torres de vigilancia en gran cantidad de lugares costeros levantinos, pues los espa\u00f1oles intentaban por todos los medios frenar los avances berberiscos.<\/span><\/p>\n<p style=\"text-align: center\"><span style=\"color: #000000\"><\/p>\n<figure id=\"attachment_574\" aria-describedby=\"caption-attachment-574\" style=\"width: 175px\" class=\"wp-caption aligncenter\"><img loading=\"lazy\" decoding=\"async\" class=\"size-full wp-image-574 \" title=\"torres vigilancia costas espa\u00f1olas\" src=\"https:\/\/blogs.ua.es\/barbarroja\/files\/2009\/12\/torres-vigilancia-costas-espa\u00f1olas.jpg\" alt=\"Torres de vigilancia de la costas espa\u00f1olas (paradoxplaza)\" width=\"175\" height=\"265\" srcset=\"https:\/\/blogs.ua.es\/barbarroja\/files\/2009\/12\/torres-vigilancia-costas-espa\u00f1olas.jpg 219w, https:\/\/blogs.ua.es\/barbarroja\/files\/2009\/12\/torres-vigilancia-costas-espa\u00f1olas-198x300.jpg 198w\" sizes=\"auto, (max-width: 175px) 100vw, 175px\" \/><figcaption id=\"caption-attachment-574\" class=\"wp-caption-text\">Torres de vigilancia de la costas espa\u00f1olas (paradoxplaza)<\/figcaption><\/figure>\n<p><\/span><\/p>\n","protected":false},"excerpt":{"rendered":"<p>Barbarroja fue un pirata inteligente y estrat\u00e9gico hasta incluso para organizar sus naves mar\u00edtimas. Los barcos corsarios estaban en poder de un grupo de armadores, que en este caso se tratar\u00eda de Barbarroja, los cuales se ten\u00edan que poner de acuerdo para seleccionar a la tripulaci\u00f3n y para elegir la fecha de la expedici\u00f3n. En [&hellip;]<\/p>\n","protected":false},"author":1351,"featured_media":0,"parent":0,"menu_order":9,"comment_status":"open","ping_status":"open","template":"","meta":{"footnotes":""},"class_list":["post-565","page","type-page","status-publish","hentry"],"_links":{"self":[{"href":"https:\/\/blogs.ua.es\/barbarroja\/wp-json\/wp\/v2\/pages\/565","targetHints":{"allow":["GET"]}}],"collection":[{"href":"https:\/\/blogs.ua.es\/barbarroja\/wp-json\/wp\/v2\/pages"}],"about":[{"href":"https:\/\/blogs.ua.es\/barbarroja\/wp-json\/wp\/v2\/types\/page"}],"author":[{"embeddable":true,"href":"https:\/\/blogs.ua.es\/barbarroja\/wp-json\/wp\/v2\/users\/1351"}],"replies":[{"embeddable":true,"href":"https:\/\/blogs.ua.es\/barbarroja\/wp-json\/wp\/v2\/comments?post=565"}],"version-history":[{"count":13,"href":"https:\/\/blogs.ua.es\/barbarroja\/wp-json\/wp\/v2\/pages\/565\/revisions"}],"predecessor-version":[{"id":584,"href":"https:\/\/blogs.ua.es\/barbarroja\/wp-json\/wp\/v2\/pages\/565\/revisions\/584"}],"wp:attachment":[{"href":"https:\/\/blogs.ua.es\/barbarroja\/wp-json\/wp\/v2\/media?parent=565"}],"curies":[{"name":"wp","href":"https:\/\/api.w.org\/{rel}","templated":true}]}}