{"id":172,"date":"2013-01-26T23:33:45","date_gmt":"2013-01-26T23:33:45","guid":{"rendered":"https:\/\/blogs.ua.es\/bibliotecaalfonsomagnanimo\/?page_id=172"},"modified":"2013-01-27T09:54:09","modified_gmt":"2013-01-27T09:54:09","slug":"valoracion","status":"publish","type":"page","link":"https:\/\/blogs.ua.es\/bibliotecaalfonsomagnanimo\/valoracion\/","title":{"rendered":"Valoraci\u00f3n"},"content":{"rendered":"<p>La realizaci\u00f3n de este blog no ha sido f\u00e1cil. Fue un trabajo costoso encontrar informaci\u00f3n referente al tema, ya que en\u00a0Internet\u00a0no \u00a0hab\u00eda\u00a0\u00a0mucho material referente a este, y el \u00a0que encontramos era muy breve y no lleg\u00e1bamos a comprender la complejidad de todo el proceso que ha sufrido la Biblioteca de Alfonso el Magn\u00e1nimo.<\/p>\n<p>Pero finalmente descubrimos que los recursos eran m\u00e1s abundantes en calidad de monograf\u00edas y cat\u00e1logos, por lo que consultamos en la Biblioteca de la Universidad de Alicante. Toda la informaci\u00f3n que encontramos en estos libros nos fue de gran ayuda, aunque en alguna ocasi\u00f3n era demasiado densa, cosa que dificultaba su comprensi\u00f3n.<\/p>\n<p>Tambi\u00e9n elegimos \u00a0informaci\u00f3n de\u00a0Internet\u00a0para tratar algunos temas de nuestro trabajo, intentando darle una visi\u00f3n hist\u00f3rica de como ha ido evolucionando la Biblioteca, en cuanto a su poseedor, su emplazamiento y sus colecciones hasta llegar a la actualidad, incidiendo tambi\u00e9n en su importancia y su papel fundamental en la historia, no s\u00f3lo valenciana, sino tambi\u00e9n napolitana e incluso, europea.<\/p>\n<p>Ambas estamos muy contentas con el trabajo que hemos realizado, ya que ante todo hemos aprendido mucho, no s\u00f3lo sobre el tema,que es muy interesante (sobre todo para dos estudiantes de Historia como nosotras), sino tambi\u00e9n sobre la realizaci\u00f3n de un blog (ya que no hab\u00edamos utilizado ninguno), y sobre la b\u00fasqueda de informaci\u00f3n en otras fuentes que no sea Internet\u00a0 ya que en muchas ocasiones puede resultar insuficiente.<\/p>\n<p>Esperamos que este blog sea de gran ayuda para todos aquellos interesados en el tema y que os guste, ya que hemos puesto mucho empe\u00f1o en ello. \u00a1Un saludo a todos!<\/p>\n<p>Blanca Pastor Colomer e Irene Andreu Candela<\/p>\n","protected":false},"excerpt":{"rendered":"<p>La realizaci\u00f3n de este blog no ha sido f\u00e1cil. Fue un trabajo costoso encontrar informaci\u00f3n referente al tema, ya que en\u00a0Internet\u00a0no \u00a0hab\u00eda\u00a0\u00a0mucho material referente a este, y el \u00a0que encontramos era muy breve y no lleg\u00e1bamos a comprender la complejidad de todo el proceso que ha sufrido la Biblioteca de Alfonso el Magn\u00e1nimo. Pero finalmente [&hellip;]<\/p>\n","protected":false},"author":2985,"featured_media":0,"parent":0,"menu_order":0,"comment_status":"open","ping_status":"open","template":"","meta":{"footnotes":""},"class_list":["post-172","page","type-page","status-publish","hentry"],"_links":{"self":[{"href":"https:\/\/blogs.ua.es\/bibliotecaalfonsomagnanimo\/wp-json\/wp\/v2\/pages\/172","targetHints":{"allow":["GET"]}}],"collection":[{"href":"https:\/\/blogs.ua.es\/bibliotecaalfonsomagnanimo\/wp-json\/wp\/v2\/pages"}],"about":[{"href":"https:\/\/blogs.ua.es\/bibliotecaalfonsomagnanimo\/wp-json\/wp\/v2\/types\/page"}],"author":[{"embeddable":true,"href":"https:\/\/blogs.ua.es\/bibliotecaalfonsomagnanimo\/wp-json\/wp\/v2\/users\/2985"}],"replies":[{"embeddable":true,"href":"https:\/\/blogs.ua.es\/bibliotecaalfonsomagnanimo\/wp-json\/wp\/v2\/comments?post=172"}],"version-history":[{"count":3,"href":"https:\/\/blogs.ua.es\/bibliotecaalfonsomagnanimo\/wp-json\/wp\/v2\/pages\/172\/revisions"}],"predecessor-version":[{"id":179,"href":"https:\/\/blogs.ua.es\/bibliotecaalfonsomagnanimo\/wp-json\/wp\/v2\/pages\/172\/revisions\/179"}],"wp:attachment":[{"href":"https:\/\/blogs.ua.es\/bibliotecaalfonsomagnanimo\/wp-json\/wp\/v2\/media?parent=172"}],"curies":[{"name":"wp","href":"https:\/\/api.w.org\/{rel}","templated":true}]}}