{"id":17,"date":"2012-12-09T17:51:24","date_gmt":"2012-12-09T17:51:24","guid":{"rendered":"https:\/\/blogs.ua.es\/bibliotecauniversidadvalencia\/?page_id=17"},"modified":"2013-01-02T22:53:32","modified_gmt":"2013-01-02T22:53:32","slug":"introduccion","status":"publish","type":"page","link":"https:\/\/blogs.ua.es\/bibliotecauniversidadvalencia\/introduccion\/","title":{"rendered":"Introducci\u00f3n"},"content":{"rendered":"<p style=\"text-align: justify\"><span style=\"color: #888888\">La Biblioteca Hist\u00f3rica de la Universidad de Valencia, tiene su origen en la donaci\u00f3n de los libros de Francesc P\u00e9rez Baier en 1785, inaugur\u00e1ndose \u00e9sta tres a\u00f1os despu\u00e9s.<\/span><\/p>\n<p style=\"text-align: justify\"><span style=\"color: #888888\">M\u00e1s tarde el fondo de la Biblioteca aumentar\u00eda gracias a otras donaciones que realizaron diversos catedr\u00e1ticos de sus bibliotecas particulares.<\/span><\/p>\n<p style=\"text-align: justify\"><span style=\"color: #888888\">Es durante la guerra de la independencia cuando una bomba provoca el incendio de la Biblioteca, perdi\u00e9ndose gran parte de su contenido.<\/span><\/p>\n<p style=\"text-align: justify\"><span style=\"color: #888888\">Este hecho incentiva a rectores, catedr\u00e1ticos y patricios valencianos a rehacer la Biblioteca mediante sus colecciones privadas por lo que el edificio abrir\u00eda sus puertas nuevamente en 1837.<\/span><\/p>\n<p style=\"text-align: justify\"><span style=\"color: #888888\">A todo este contenido, se unir\u00edan obras procedentes de bibliotecas de conventos suprimidos por la desamortizaci\u00f3n que inicia el primer ministro \u00c1lvarez Mendiz\u00e1bal.<\/span><\/p>\n<p style=\"text-align: justify\"><span style=\"color: #888888\">La Biblioteca, desde el siglo XVIII, ha ido evolucionando conforme a las necesidades universitarias y es a partir de 1985, con la aprobaci\u00f3n de los Estatutos de la Universidad de Alicante, cuando se crea el Servicio de Informaci\u00f3n Bibliogr\u00e1fica que da cohesi\u00f3n a las diferentes bibliotecas especializadas e incluso departamentales aparecidas despu\u00e9s, como por ejemplo la Biblioteca de Ciencias &#8220;Eduard Bosc\u00e0&#8221; y la Biblioteca de Humanidades &#8220;Joan Regl\u00e0&#8221;, entre otras.<\/span><\/p>\n<p><span style=\"color: #ffffff\">.<\/span><\/p>\n","protected":false},"excerpt":{"rendered":"<p>La Biblioteca Hist\u00f3rica de la Universidad de Valencia, tiene su origen en la donaci\u00f3n de los libros de Francesc P\u00e9rez Baier en 1785, inaugur\u00e1ndose \u00e9sta tres a\u00f1os despu\u00e9s. M\u00e1s tarde el fondo de la Biblioteca aumentar\u00eda gracias a otras donaciones &hellip; <a href=\"https:\/\/blogs.ua.es\/bibliotecauniversidadvalencia\/introduccion\/\">Continue reading <span class=\"meta-nav\">&rarr;<\/span><\/a><\/p>\n","protected":false},"author":2980,"featured_media":0,"parent":0,"menu_order":0,"comment_status":"open","ping_status":"open","template":"","meta":{"footnotes":""},"class_list":["post-17","page","type-page","status-publish","hentry"],"_links":{"self":[{"href":"https:\/\/blogs.ua.es\/bibliotecauniversidadvalencia\/wp-json\/wp\/v2\/pages\/17","targetHints":{"allow":["GET"]}}],"collection":[{"href":"https:\/\/blogs.ua.es\/bibliotecauniversidadvalencia\/wp-json\/wp\/v2\/pages"}],"about":[{"href":"https:\/\/blogs.ua.es\/bibliotecauniversidadvalencia\/wp-json\/wp\/v2\/types\/page"}],"author":[{"embeddable":true,"href":"https:\/\/blogs.ua.es\/bibliotecauniversidadvalencia\/wp-json\/wp\/v2\/users\/2980"}],"replies":[{"embeddable":true,"href":"https:\/\/blogs.ua.es\/bibliotecauniversidadvalencia\/wp-json\/wp\/v2\/comments?post=17"}],"version-history":[{"count":8,"href":"https:\/\/blogs.ua.es\/bibliotecauniversidadvalencia\/wp-json\/wp\/v2\/pages\/17\/revisions"}],"predecessor-version":[{"id":117,"href":"https:\/\/blogs.ua.es\/bibliotecauniversidadvalencia\/wp-json\/wp\/v2\/pages\/17\/revisions\/117"}],"wp:attachment":[{"href":"https:\/\/blogs.ua.es\/bibliotecauniversidadvalencia\/wp-json\/wp\/v2\/media?parent=17"}],"curies":[{"name":"wp","href":"https:\/\/api.w.org\/{rel}","templated":true}]}}