{"id":7,"date":"2009-09-08T17:05:01","date_gmt":"2009-09-08T15:05:01","guid":{"rendered":"https:\/\/blogs.ua.es\/bibliotecauniversitaria\/?page_id=7"},"modified":"2012-02-16T19:51:01","modified_gmt":"2012-02-16T17:51:01","slug":"participa-en-el-blog","status":"publish","type":"page","link":"https:\/\/blogs.ua.es\/bibliotecauniversitaria\/participa-en-el-blog\/","title":{"rendered":"Participa en el blog"},"content":{"rendered":"<p style=\"text-align: justify\">Este blog est\u00e1 abierto a vuestra colaboraci\u00f3n. Tu opini\u00f3n nos interesa: puedes enviar noticias, sugerencias, ideas etc. Los comentarios considerados inapropiados no ser\u00e1n aprobados.<\/p>\n","protected":false},"excerpt":{"rendered":"<p>Este blog est\u00e1 abierto a vuestra colaboraci\u00f3n. Tu opini\u00f3n nos interesa: puedes enviar noticias, sugerencias, ideas etc. Los comentarios considerados inapropiados no ser\u00e1n aprobados.<\/p>\n","protected":false},"author":1261,"featured_media":0,"parent":0,"menu_order":2,"comment_status":"open","ping_status":"closed","template":"","meta":{"footnotes":""},"class_list":["post-7","page","type-page","status-publish","hentry"],"_links":{"self":[{"href":"https:\/\/blogs.ua.es\/bibliotecauniversitaria\/wp-json\/wp\/v2\/pages\/7","targetHints":{"allow":["GET"]}}],"collection":[{"href":"https:\/\/blogs.ua.es\/bibliotecauniversitaria\/wp-json\/wp\/v2\/pages"}],"about":[{"href":"https:\/\/blogs.ua.es\/bibliotecauniversitaria\/wp-json\/wp\/v2\/types\/page"}],"author":[{"embeddable":true,"href":"https:\/\/blogs.ua.es\/bibliotecauniversitaria\/wp-json\/wp\/v2\/users\/1261"}],"replies":[{"embeddable":true,"href":"https:\/\/blogs.ua.es\/bibliotecauniversitaria\/wp-json\/wp\/v2\/comments?post=7"}],"version-history":[{"count":5,"href":"https:\/\/blogs.ua.es\/bibliotecauniversitaria\/wp-json\/wp\/v2\/pages\/7\/revisions"}],"predecessor-version":[{"id":3950,"href":"https:\/\/blogs.ua.es\/bibliotecauniversitaria\/wp-json\/wp\/v2\/pages\/7\/revisions\/3950"}],"wp:attachment":[{"href":"https:\/\/blogs.ua.es\/bibliotecauniversitaria\/wp-json\/wp\/v2\/media?parent=7"}],"curies":[{"name":"wp","href":"https:\/\/api.w.org\/{rel}","templated":true}]}}