{"id":122,"date":"2011-12-20T10:31:59","date_gmt":"2011-12-20T10:31:59","guid":{"rendered":"https:\/\/blogs.ua.es\/bibliotecavirtualmiguelcervantes\/?page_id=122"},"modified":"2012-01-13T12:47:01","modified_gmt":"2012-01-13T12:47:01","slug":"explicacion-general-del-tema","status":"publish","type":"page","link":"https:\/\/blogs.ua.es\/bibliotecavirtualmiguelcervantes\/explicacion-general-del-tema\/","title":{"rendered":"Metodolog\u00eda"},"content":{"rendered":"<p><span style=\"color: #000000\">Para la realizaci\u00f3n de nuestro Blog hemos dividido el trabajo en dos bloques, por un lado el trabajo de investigaci\u00f3n y recursos de informaci\u00f3n y por otro lado la gesti\u00f3n del Blog. Yo, Alicia, soy la redactora, la principal encargada de recaudar la informaci\u00f3n te\u00f3rica necesaria para completar el Blog e Irene, mi compa\u00f1era ha desempe\u00f1ado el papel de administradora del Blog encarg\u00e1ndose del mantenimiento, apariencia y actualizaci\u00f3n de \u00e9ste.<\/span><\/p>\n<p><span style=\"color: #000000\">Nuestro trabajo no se ha dividido radicalmente como he descrito, sino que, ambas hemos supervisado el trabajo de las dos. Yo, no he decidido por mi misma aquellos contenidos que han sido incluidos, sino que Irene a dado su visto bueno cuando conven\u00eda y al mismo tiempo Irene ha consultado si lo que se ha presentado en el Blog estaba correctamente.<\/span><\/p>\n","protected":false},"excerpt":{"rendered":"<p>Para la realizaci\u00f3n de nuestro Blog hemos dividido el trabajo en dos bloques, por un lado el trabajo de investigaci\u00f3n y recursos de informaci\u00f3n y por otro lado la gesti\u00f3n del Blog. Yo, Alicia, soy la redactora, la principal encargada &hellip; <a href=\"https:\/\/blogs.ua.es\/bibliotecavirtualmiguelcervantes\/explicacion-general-del-tema\/\">Continue reading <span class=\"meta-nav\">&rarr;<\/span><\/a><\/p>\n","protected":false},"author":2367,"featured_media":0,"parent":0,"menu_order":3,"comment_status":"open","ping_status":"open","template":"","meta":{"footnotes":""},"class_list":["post-122","page","type-page","status-publish","hentry"],"_links":{"self":[{"href":"https:\/\/blogs.ua.es\/bibliotecavirtualmiguelcervantes\/wp-json\/wp\/v2\/pages\/122","targetHints":{"allow":["GET"]}}],"collection":[{"href":"https:\/\/blogs.ua.es\/bibliotecavirtualmiguelcervantes\/wp-json\/wp\/v2\/pages"}],"about":[{"href":"https:\/\/blogs.ua.es\/bibliotecavirtualmiguelcervantes\/wp-json\/wp\/v2\/types\/page"}],"author":[{"embeddable":true,"href":"https:\/\/blogs.ua.es\/bibliotecavirtualmiguelcervantes\/wp-json\/wp\/v2\/users\/2367"}],"replies":[{"embeddable":true,"href":"https:\/\/blogs.ua.es\/bibliotecavirtualmiguelcervantes\/wp-json\/wp\/v2\/comments?post=122"}],"version-history":[{"count":6,"href":"https:\/\/blogs.ua.es\/bibliotecavirtualmiguelcervantes\/wp-json\/wp\/v2\/pages\/122\/revisions"}],"predecessor-version":[{"id":430,"href":"https:\/\/blogs.ua.es\/bibliotecavirtualmiguelcervantes\/wp-json\/wp\/v2\/pages\/122\/revisions\/430"}],"wp:attachment":[{"href":"https:\/\/blogs.ua.es\/bibliotecavirtualmiguelcervantes\/wp-json\/wp\/v2\/media?parent=122"}],"curies":[{"name":"wp","href":"https:\/\/api.w.org\/{rel}","templated":true}]}}