{"id":126,"date":"2011-12-20T10:33:14","date_gmt":"2011-12-20T10:33:14","guid":{"rendered":"https:\/\/blogs.ua.es\/bibliotecavirtualmiguelcervantes\/?page_id=126"},"modified":"2012-01-13T12:45:30","modified_gmt":"2012-01-13T12:45:30","slug":"recursos-de-informacion-consultados","status":"publish","type":"page","link":"https:\/\/blogs.ua.es\/bibliotecavirtualmiguelcervantes\/recursos-de-informacion-consultados\/","title":{"rendered":"Recursos de informaci\u00f3n consultados"},"content":{"rendered":"<p><span style=\"color: #000000\">Nuestro Blog contiene informaci\u00f3n recogida desde diferentes fuentes.<\/span><\/p>\n<p><span style=\"color: #000000\">Contamos con art\u00edculos web y a su vez tambi\u00e9n hemos recopilado informaci\u00f3n proveniente de revistas en bases de datos, as\u00ed como libros y p\u00e1ginas web.<\/span><\/p>\n<p><span style=\"color: #000000\">Se podr\u00eda decir que pr\u00e1cticamente todos nuestros contenidos provienen de la web, pero todos ellos con validez, es decir, no est\u00e1n copiados de p\u00e1ginas sin relevancia o expuestas al vandalismo de la web 2.0 . Contamos con varias referencias encontradas en <a href=\"http:\/\/dialnet.unirioja.es\/\">Dialnet<\/a>, as\u00ed como libros de la biblioteca de la Universidad de Alicante.<\/span><\/p>\n<p><span style=\"color: #000000\"><br \/>\n<\/span><\/p>\n","protected":false},"excerpt":{"rendered":"<p>Nuestro Blog contiene informaci\u00f3n recogida desde diferentes fuentes. Contamos con art\u00edculos web y a su vez tambi\u00e9n hemos recopilado informaci\u00f3n proveniente de revistas en bases de datos, as\u00ed como libros y p\u00e1ginas web. Se podr\u00eda decir que pr\u00e1cticamente todos nuestros &hellip; <a href=\"https:\/\/blogs.ua.es\/bibliotecavirtualmiguelcervantes\/recursos-de-informacion-consultados\/\">Continue reading <span class=\"meta-nav\">&rarr;<\/span><\/a><\/p>\n","protected":false},"author":2367,"featured_media":0,"parent":0,"menu_order":4,"comment_status":"open","ping_status":"open","template":"","meta":{"footnotes":""},"class_list":["post-126","page","type-page","status-publish","hentry"],"_links":{"self":[{"href":"https:\/\/blogs.ua.es\/bibliotecavirtualmiguelcervantes\/wp-json\/wp\/v2\/pages\/126","targetHints":{"allow":["GET"]}}],"collection":[{"href":"https:\/\/blogs.ua.es\/bibliotecavirtualmiguelcervantes\/wp-json\/wp\/v2\/pages"}],"about":[{"href":"https:\/\/blogs.ua.es\/bibliotecavirtualmiguelcervantes\/wp-json\/wp\/v2\/types\/page"}],"author":[{"embeddable":true,"href":"https:\/\/blogs.ua.es\/bibliotecavirtualmiguelcervantes\/wp-json\/wp\/v2\/users\/2367"}],"replies":[{"embeddable":true,"href":"https:\/\/blogs.ua.es\/bibliotecavirtualmiguelcervantes\/wp-json\/wp\/v2\/comments?post=126"}],"version-history":[{"count":5,"href":"https:\/\/blogs.ua.es\/bibliotecavirtualmiguelcervantes\/wp-json\/wp\/v2\/pages\/126\/revisions"}],"predecessor-version":[{"id":427,"href":"https:\/\/blogs.ua.es\/bibliotecavirtualmiguelcervantes\/wp-json\/wp\/v2\/pages\/126\/revisions\/427"}],"wp:attachment":[{"href":"https:\/\/blogs.ua.es\/bibliotecavirtualmiguelcervantes\/wp-json\/wp\/v2\/media?parent=126"}],"curies":[{"name":"wp","href":"https:\/\/api.w.org\/{rel}","templated":true}]}}